-- Table structure for table `galleries`
--

CREATE TABLE `galleries` (
  `id` bigint unsigned NOT NULL AUTO_INCREMENT,
  `page_id` bigint unsigned NOT NULL,
  `name` varchar(100) CHARACTER SET utf8mb4 COLLATE utf8mb4_unicode_ci NOT NULL,
  `template` varchar(100) CHARACTER SET utf8mb4 COLLATE utf8mb4_unicode_ci NOT NULL,
  `status` tinyint unsigned NOT NULL,
  `created_at` timestamp NULL DEFAULT NULL,
  `updated_at` timestamp NULL DEFAULT NULL,
  PRIMARY KEY (`id`),
  KEY `galleries_page_id_foreign` (`page_id`),
  KEY `galleries_status_index` (`status`),
  CONSTRAINT `galleries_page_id_foreign` FOREIGN KEY (`page_id`) REFERENCES `pages` (`id`)
) ENGINE=InnoDB AUTO_INCREMENT=10 DEFAULT CHARSET=utf8mb4 COLLATE=utf8mb4_unicode_ci;

--
-- Dumping data for table `galleries`
--

INSERT INTO `galleries` VALUES (1,1,'IFF Gallery 1','default',1,NULL,NULL),(2,2,'Dates','default',1,'2022-03-28 13:31:18','2022-03-28 13:31:18'),(3,3,'IFF Gallery 1','default',1,'2022-11-02 03:17:00','2022-11-02 03:17:00'),(4,4,'Dates','default',1,'2022-11-08 02:29:53','2022-11-08 02:29:53'),(5,5,'Investing in Change Forum','default',1,'2023-01-06 12:20:43','2023-01-06 12:20:43'),(7,10,'IFF Asia photos','default',1,'2023-10-02 09:46:23','2023-10-02 09:46:23'),(8,12,'TTC Awards 2024','default',1,'2023-10-02 12:49:14','2023-10-02 12:49:14'),(9,6,'IFF 2024','default',1,'2023-10-02 13:49:16','2023-10-02 13:49:16');

--
-- Table structure for table `homepages`
--

CREATE TABLE `homepages` (
  `id` bigint unsigned NOT NULL AUTO_INCREMENT,
  `name` varchar(200) CHARACTER SET utf8mb4 COLLATE utf8mb4_unicode_ci NOT NULL,
  `title` varchar(70) CHARACTER SET utf8mb4 COLLATE utf8mb4_unicode_ci NOT NULL,
  `description` varchar(200) CHARACTER SET utf8mb4 COLLATE utf8mb4_unicode_ci NOT NULL,
  `layout` json NOT NULL,
  `status` tinyint unsigned NOT NULL DEFAULT '0',
  `created_at` timestamp NULL DEFAULT NULL,
  `updated_at` timestamp NULL DEFAULT NULL,
  PRIMARY KEY (`id`)
) ENGINE=InnoDB AUTO_INCREMENT=7 DEFAULT CHARSET=utf8mb4 COLLATE=utf8mb4_unicode_ci;

--
-- Dumping data for table `homepages`
--

INSERT INTO `homepages` VALUES (5,'Homepage','The Tech Capital Events','The Tech Capital events keep you connected and informed','[{\"id\": \"351bcb078f\", \"name\": \"Intro\", \"type\": \"blocks.intro-block\", \"content\": \"The Tech Capital events and partner conferences keep you connected and informed in an uncertain and constantly changing world. As digital infrastructure builds the foundations of all nation’s economies, we use our expertise in the field and the latest intelligence to take our events to global audiences.\\n\\nBy connecting the globe\'s foremost executives, investors and the real movers and shakers in digital infrastructure, our compelling, in-depth, and multi-session agenda programmes, offer a unique platform to ideate, innovate and build new connections amongst peers. We invite you to visit our full list of digital infrastructure events, including partner experiences.\", \"heading\": \"BE INSPIRED. NETWORK. CELEBRATE.\"}, {\"id\": \"6da81a8618\", \"name\": \"Seperator1\", \"type\": \"blocks.seperator-block\", \"blocks\": \"homepage\"}, {\"id\": \"10a9e1afecd\", \"name\": \"Upcoming Events\", \"type\": \"blocks.upcoming-events-block\"}, {\"id\": \"a7eadbf351\", \"name\": \"Testimonials\", \"type\": \"blocks.testimonials-block\", \"blocks\": \"homepage\"}, {\"id\": \"c10cbd43d6\", \"name\": \"Related Articles\", \"type\": \"blocks.related-articles-block\", \"category\": \"83\"}]',1,'2023-09-18 10:17:46','2023-10-05 13:25:28');

--
-- Table structure for table `hotels`
--

CREATE TABLE `hotels` (
  `id` bigint unsigned NOT NULL AUTO_INCREMENT,
  `page_id` bigint unsigned NOT NULL,
  `name` varchar(100) CHARACTER SET utf8mb4 COLLATE utf8mb4_unicode_ci NOT NULL,
  `address` varchar(1000) CHARACTER SET utf8mb4 COLLATE utf8mb4_unicode_ci NOT NULL,
  `map` varchar(200) CHARACTER SET utf8mb4 COLLATE utf8mb4_unicode_ci DEFAULT NULL,
  `description` text CHARACTER SET utf8mb4 COLLATE utf8mb4_unicode_ci NOT NULL,
  `website` varchar(200) CHARACTER SET utf8mb4 COLLATE utf8mb4_unicode_ci DEFAULT NULL,
  `filename` varchar(100) CHARACTER SET utf8mb4 COLLATE utf8mb4_unicode_ci NOT NULL,
  `status` tinyint unsigned NOT NULL,
  `created_at` timestamp NULL DEFAULT NULL,
  `updated_at` timestamp NULL DEFAULT NULL,
  PRIMARY KEY (`id`),
  KEY `hotels_page_id_foreign` (`page_id`),
  CONSTRAINT `hotels_page_id_foreign` FOREIGN KEY (`page_id`) REFERENCES `pages` (`id`) ON DELETE CASCADE
) ENGINE=InnoDB AUTO_INCREMENT=5 DEFAULT CHARSET=utf8mb4 COLLATE=utf8mb4_unicode_ci;

--
-- Dumping data for table `hotels`
--

INSERT INTO `hotels` VALUES (2,6,'Princes Square','23-25 Princes Square, Ilchester Gardens, Westminster, London, W2 4NJ','https://goo.gl/maps/awoEnLuEM4ZirwMp6','Just 500 metres from Hyde Park, Princes Square offers cosy rooms and a 24-hour front desk. The property is a 5-minute walk from Bayswater and Queensway Underground Stations.',NULL,'1Pv9CEyOrYbWUWusJ2xauXjiVHDoOQNk4Bjg0wZF.jpg',1,'2023-09-07 09:52:31','2023-09-07 10:11:06'),(3,6,'Tavistock Hotel','48-55 Tavistock Square, Camden, London, WC1H 9EU','https://goo.gl/maps/ZPKPdnTb3rJ6mYEX9','Tavistock Hotel is situated conveniently in London, and features a terrace, free WiFi and a bar. This 3-star hotel offers luggage storage space. Private parking can be arranged at an extra charge.','https://bbc.co.uk','9nJ7Mt1QIPpywKLLK1N0niGKijlq485BRbSAI254.jpg',1,'2023-09-07 09:53:38','2023-09-07 10:10:36'),(4,6,'Radisson Blu Edwardian Vanderbilt Hotel','68-86 Cromwell Road, Kensington, London, SW7 5BT','https://goo.gl/maps/TgTtrpdxEwwr1ZeL7','The Radisson Blu Edwardian, Vanderbilt is a 19th century Grade II listed building combining historical features. It is situated less than five-minute walk from the Natural History Museum and the Science Museum.',NULL,'zKUfeCk7vugvp48Q9gNRV7OBX4DT3Zxw01JfjQEA.jpg',1,'2023-09-07 09:54:45','2023-09-08 12:26:24');

--
-- Table structure for table `images`
--

CREATE TABLE `images` (
  `id` bigint unsigned NOT NULL AUTO_INCREMENT,
  `gallery_id` bigint unsigned NOT NULL,
  `filename` varchar(200) CHARACTER SET utf8mb4 COLLATE utf8mb4_unicode_ci NOT NULL,
  `caption` varchar(400) CHARACTER SET utf8mb4 COLLATE utf8mb4_unicode_ci NOT NULL,
  `status` tinyint unsigned NOT NULL,
  `created_at` timestamp NULL DEFAULT NULL,
  `updated_at` timestamp NULL DEFAULT NULL,
  PRIMARY KEY (`id`),
  KEY `images_gallery_id_foreign` (`gallery_id`),
  KEY `images_status_index` (`status`),
  CONSTRAINT `images_gallery_id_foreign` FOREIGN KEY (`gallery_id`) REFERENCES `galleries` (`id`)
) ENGINE=InnoDB AUTO_INCREMENT=131 DEFAULT CHARSET=utf8mb4 COLLATE=utf8mb4_unicode_ci;

--
-- Dumping data for table `images`
--

INSERT INTO `images` VALUES (1,1,'DoDHzbpcrIWCnpskJz5VClIQLzDCTxTxgopmoYPE.jpg','IFF22 DCS',1,NULL,'2022-03-28 12:01:24'),(2,1,'0y5NAEzk9wJDI4KP7pPKd3mY6EdfVmBmH7AOsW5y.jpg','IFF22 TOWERS',1,NULL,'2022-03-30 12:54:07'),(3,1,'wwZW7wew0PeflOxtonDL2VrgUOq5j9gv3yZejLfA.jpg','IFF22 FIBER',1,NULL,'2022-03-28 12:00:46'),(4,1,'8CqogBwhoDEsevv8n47df0hyQM5IJ8mVXkstM1jR.jpg','IFF22 INVESTMENT',1,NULL,'2022-03-28 16:56:56'),(5,1,'F8m6STOXUWuvHJRxi7F1k9BMwmON0HTHLDTCdIst.jpg','IFF22 LEGAL',1,NULL,'2022-03-28 12:00:15'),(6,1,'tgFglBZyBqkGL0zzXsdgFLbtPEbAo2P5q5E4enfH.jpg','IFF22 ADVISORY',1,NULL,'2022-03-28 12:00:02'),(7,2,'GChFX1WZyJspclfT2OwNDLzBVqWdFu5I7qKhF0pK.jpg','TTCA22',1,'2022-03-28 13:31:49','2022-03-28 13:31:49'),(8,2,'K8tPCSbO7B0tXIXzdUvA2c3itdMqYK1Q8wONJNHY.jpg','TTCA MAY 11',1,'2022-03-28 13:32:12','2022-03-28 13:32:12'),(9,2,'F1vHz4ka7H8YDt7iL2P1l0ugR5nenn8RxVzuA77n.jpg','TTCA JUNE 8',1,'2022-03-28 13:32:35','2022-03-28 13:54:49'),(10,3,'mgtiUqXQhMliHkrwk2RxJIsTEY6voq1srchiGoSz.jpg','1',1,'2022-11-02 03:17:17','2022-11-02 03:17:17'),(11,3,'eYSXpKeb5U4skGbo2wnNd2nzfLyQOScKZFIv0emc.jpg','2',1,'2022-11-02 03:17:24','2022-11-02 03:17:24'),(12,3,'OdW1n7a9KoIUrrmhR7bGtTt8W8vuV9cwWxeeKfSw.jpg','3',1,'2022-11-02 03:17:33','2022-11-02 03:17:33'),(13,4,'WJbpSw5TmU5HK2rExLOB1xi6zGYTWuPiAqB3TUBr.jpg','Open',1,'2022-11-08 02:30:18','2023-02-04 15:08:22'),(14,4,'UK8cZhObFHM4b9eZIKP3QSwbIaEuW4dHLcfPufSc.jpg','Close',1,'2022-11-08 02:30:27','2023-02-04 15:09:04'),(15,4,'My9JKJSRhOblgLu7sVHgHtN2Jnp47cj2errTWJvx.jpg','Shortlist',1,'2022-11-08 02:30:38','2023-02-04 15:09:21'),(16,5,'XrmnoSXzXB2jkYiM978ren9ej1NUm7y9rrqoMSMN.jpg','IFF22',1,'2023-01-06 12:22:56','2023-01-06 12:22:56'),(17,5,'FW5hqiNcj7EEQ3tTqZTigZyGdh63JoswhxnLlwYi.jpg','IFF22 2',1,'2023-01-06 12:24:47','2023-01-06 12:24:47'),(18,5,'CqTKqBprXgZwg4nlSVKSz6Yongr7n7OEbVwwlkiS.jpg','IFF22 3',1,'2023-01-06 12:25:11','2023-01-06 12:25:11'),(19,4,'8aKlHYc2uwTsEsj0C7aK9eiP80xq0LbTilGN4IYK.jpg','The Tech Capital Awards 2022',1,'2023-01-09 18:28:24','2023-01-09 18:28:24'),(20,4,'XJDs1nxjklpPc2t7gyyz04e78Wk8d29YhGQCaHId.jpg','The Tech Capital Awards 2022',1,'2023-01-09 18:29:51','2023-01-09 18:29:51'),(21,4,'jBziDJiX3CfMJ2wJ9IAzt9yf0gKBJR7ycsnihiuh.jpg','The Tech Capital Awards 2022 drinks reception',1,'2023-01-09 18:30:52','2023-01-09 18:30:52'),(25,3,'vdHG2NX68pS9tZWAIkw5Ahx8sNXwTTHRIUdyjz9N.png','IFF23 real estate',1,'2023-02-04 15:26:28','2023-10-03 13:08:27'),(26,3,'vULvHKIvsica0SgQEYEEWpXviwCIJnN5sko8092A.png','IFF Finance',1,'2023-02-04 15:26:49','2023-10-03 13:08:41'),(27,3,'XXSek8TrClF78uXQFFLSievfX5ovYXpqRhdeuZlX.png','IFF23 Legal',1,'2023-02-04 15:26:59','2023-10-03 13:08:52'),(28,7,'ZBEiGx5sMANKi1fpAyv1B2OQBDpP0RkwkWIAqMd3.png','IFF Asia attendees',1,'2023-10-02 09:51:39','2023-10-02 09:51:39'),(29,7,'v0ukinWl4tfZlCVpWn7Gf5JeDvmJad1TPVG6i3GN.png','IFF Asia attendees',1,'2023-10-02 09:52:29','2023-10-02 09:52:29'),(30,7,'L1eghv97ZgHLpD8MxRhp9P3bLIIvkMnDgZZ3wYVj.png','IFF Asia attendees',1,'2023-10-02 09:52:45','2023-10-02 09:52:45'),(31,7,'lXcldQtjBVqou5BzWS7JJFqzKoKGCgA2PRGhsyye.png','IFF23 london',1,'2023-10-02 09:48:49','2023-10-02 09:48:49'),(32,7,'vGo7X4XK3h8Vjt2xcyctkneEHWvRDXDZX6QXPkkb.png','IFF London',1,'2023-10-02 09:48:16','2023-10-02 09:48:16'),(33,7,'Q4qwHPPDxcdul9OYEGSoWz1jHkvEzrYijFwFMU4r.png','IFF23 london',1,'2023-10-02 09:47:33','2023-10-02 09:47:33'),(121,8,'mfaZGEKY2l8rJFfxdnhqtGBX56YorZwRuybcqZHv.png','TTC Awards 2024',1,'2023-10-02 12:51:05','2023-10-02 12:51:05'),(122,8,'RbmsZZVFxQqcB0WH0fgTnIIX267JTi7DUMy7aUlf.png','TTC Awards 2024',1,'2023-10-02 12:50:52','2023-10-02 12:50:52'),(123,8,'xjMniQe3URTzq0J9owmMhn558UhCAf9rFwFUXU6G.png','TTC Awards 2024',1,'2023-10-02 12:50:30','2023-10-02 12:50:30'),(127,9,'jItxsvxUejapZhi7FrtYcMywXc8D2g3dmX8XxFUc.png','IFF 2024',1,'2023-10-02 13:49:50','2023-10-02 13:49:50'),(128,9,'tyIjdtapuWrHVEDzUQ8l8HtCxZW3Odkih64kZgQS.png','IFF 2024',1,'2023-10-02 13:49:39','2023-10-02 13:49:39'),(129,9,'wVvEn8vXsLDduKLWx8nSVnJO72eYHPpUi7tOc3iV.png','IFF 2024',1,'2023-10-02 13:49:31','2023-10-02 13:49:31');

--
-- Table structure for table `job_functions`
--

CREATE TABLE `job_functions` (
  `id` bigint unsigned NOT NULL AUTO_INCREMENT,
  `name` varchar(100) CHARACTER SET utf8mb4 COLLATE utf8mb4_unicode_ci NOT NULL,
  `created_at` timestamp NULL DEFAULT NULL,
  `updated_at` timestamp NULL DEFAULT NULL,
  PRIMARY KEY (`id`)
) ENGINE=InnoDB AUTO_INCREMENT=12 DEFAULT CHARSET=utf8mb4 COLLATE=utf8mb4_unicode_ci;

--
-- Dumping data for table `job_functions`
--

INSERT INTO `job_functions` VALUES (1,'Analyst',NULL,NULL),(2,'Chairman / President',NULL,NULL),(3,'CEO/CFO/CXO',NULL,NULL),(4,'Consultant',NULL,NULL),(5,'Director',NULL,NULL),(6,'General Manager',NULL,NULL),(7,'Management',NULL,NULL),(8,'Marketing',NULL,NULL),(9,'Press',NULL,NULL),(10,'SVP/VP',NULL,NULL),(11,'Other',NULL,NULL);

--
-- Table structure for table `jobs`
--

CREATE TABLE `jobs` (
  `id` bigint unsigned NOT NULL AUTO_INCREMENT,
  `queue` varchar(255) CHARACTER SET utf8mb4 COLLATE utf8mb4_unicode_ci NOT NULL,
  `payload` longtext CHARACTER SET utf8mb4 COLLATE utf8mb4_unicode_ci NOT NULL,
  `attempts` tinyint unsigned NOT NULL,
  `reserved_at` int unsigned DEFAULT NULL,
  `available_at` int unsigned NOT NULL,
  `created_at` int unsigned NOT NULL,
  PRIMARY KEY (`id`),
  KEY `jobs_queue_index` (`queue`)
) ENGINE=InnoDB AUTO_INCREMENT=72 DEFAULT CHARSET=utf8mb4 COLLATE=utf8mb4_unicode_ci;

--
-- Dumping data for table `jobs`
--

INSERT INTO `jobs` VALUES (50,'default','{\"uuid\":\"1e0c662f-b4ef-467f-b69c-17dab96175e8\",\"displayName\":\"App\\\\Jobs\\\\PurgeCsv\",\"job\":\"Illuminate\\\\Queue\\\\CallQueuedHandler@call\",\"maxTries\":null,\"maxExceptions\":null,\"failOnTimeout\":false,\"backoff\":null,\"timeout\":null,\"retryUntil\":null,\"data\":{\"commandName\":\"App\\\\Jobs\\\\PurgeCsv\",\"command\":\"O:17:\\\"App\\\\Jobs\\\\PurgeCsv\\\":1:{s:5:\\\"delay\\\";O:25:\\\"Illuminate\\\\Support\\\\Carbon\\\":3:{s:4:\\\"date\\\";s:26:\\\"2023-09-14 09:11:39.656247\\\";s:13:\\\"timezone_type\\\";i:3;s:8:\\\"timezone\\\";s:3:\\\"UTC\\\";}}\"}}',0,NULL,1694682699,1694682099),(51,'default','{\"uuid\":\"636ae6da-2997-4a1d-b1b2-533bc8b3bcba\",\"displayName\":\"App\\\\Jobs\\\\PurgeCsv\",\"job\":\"Illuminate\\\\Queue\\\\CallQueuedHandler@call\",\"maxTries\":null,\"maxExceptions\":null,\"failOnTimeout\":false,\"backoff\":null,\"timeout\":null,\"retryUntil\":null,\"data\":{\"commandName\":\"App\\\\Jobs\\\\PurgeCsv\",\"command\":\"O:17:\\\"App\\\\Jobs\\\\PurgeCsv\\\":1:{s:5:\\\"delay\\\";O:25:\\\"Illuminate\\\\Support\\\\Carbon\\\":3:{s:4:\\\"date\\\";s:26:\\\"2023-09-14 09:12:43.025167\\\";s:13:\\\"timezone_type\\\";i:3;s:8:\\\"timezone\\\";s:3:\\\"UTC\\\";}}\"}}',0,NULL,1694682763,1694682163),(52,'default','{\"uuid\":\"b71aa488-f25e-40d8-973b-f5cd33408517\",\"displayName\":\"App\\\\Jobs\\\\PurgeCsv\",\"job\":\"Illuminate\\\\Queue\\\\CallQueuedHandler@call\",\"maxTries\":null,\"maxExceptions\":null,\"failOnTimeout\":false,\"backoff\":null,\"timeout\":null,\"retryUntil\":null,\"data\":{\"commandName\":\"App\\\\Jobs\\\\PurgeCsv\",\"command\":\"O:17:\\\"App\\\\Jobs\\\\PurgeCsv\\\":1:{s:5:\\\"delay\\\";O:25:\\\"Illuminate\\\\Support\\\\Carbon\\\":3:{s:4:\\\"date\\\";s:26:\\\"2023-09-14 09:19:48.256847\\\";s:13:\\\"timezone_type\\\";i:3;s:8:\\\"timezone\\\";s:3:\\\"UTC\\\";}}\"}}',0,NULL,1694683188,1694682588),(53,'default','{\"uuid\":\"5b89b1ad-1339-4929-bda4-b024ec5673ad\",\"displayName\":\"App\\\\Jobs\\\\PurgeCsv\",\"job\":\"Illuminate\\\\Queue\\\\CallQueuedHandler@call\",\"maxTries\":null,\"maxExceptions\":null,\"failOnTimeout\":false,\"backoff\":null,\"timeout\":null,\"retryUntil\":null,\"data\":{\"commandName\":\"App\\\\Jobs\\\\PurgeCsv\",\"command\":\"O:17:\\\"App\\\\Jobs\\\\PurgeCsv\\\":1:{s:5:\\\"delay\\\";O:25:\\\"Illuminate\\\\Support\\\\Carbon\\\":3:{s:4:\\\"date\\\";s:26:\\\"2023-09-14 09:22:26.497476\\\";s:13:\\\"timezone_type\\\";i:3;s:8:\\\"timezone\\\";s:3:\\\"UTC\\\";}}\"}}',0,NULL,1694683346,1694682746),(54,'default','{\"uuid\":\"27bad42d-2b1c-45bd-b84c-be532ecc11af\",\"displayName\":\"App\\\\Jobs\\\\PurgeCsv\",\"job\":\"Illuminate\\\\Queue\\\\CallQueuedHandler@call\",\"maxTries\":null,\"maxExceptions\":null,\"failOnTimeout\":false,\"backoff\":null,\"timeout\":null,\"retryUntil\":null,\"data\":{\"commandName\":\"App\\\\Jobs\\\\PurgeCsv\",\"command\":\"O:17:\\\"App\\\\Jobs\\\\PurgeCsv\\\":1:{s:5:\\\"delay\\\";O:25:\\\"Illuminate\\\\Support\\\\Carbon\\\":3:{s:4:\\\"date\\\";s:26:\\\"2023-09-14 09:27:02.895085\\\";s:13:\\\"timezone_type\\\";i:3;s:8:\\\"timezone\\\";s:3:\\\"UTC\\\";}}\"}}',0,NULL,1694683622,1694683022),(55,'default','{\"uuid\":\"d04c3340-b1b9-40ce-8e9b-f5e43b151e27\",\"displayName\":\"App\\\\Jobs\\\\PurgeCsv\",\"job\":\"Illuminate\\\\Queue\\\\CallQueuedHandler@call\",\"maxTries\":null,\"maxExceptions\":null,\"failOnTimeout\":false,\"backoff\":null,\"timeout\":null,\"retryUntil\":null,\"data\":{\"commandName\":\"App\\\\Jobs\\\\PurgeCsv\",\"command\":\"O:17:\\\"App\\\\Jobs\\\\PurgeCsv\\\":1:{s:5:\\\"delay\\\";O:25:\\\"Illuminate\\\\Support\\\\Carbon\\\":3:{s:4:\\\"date\\\";s:26:\\\"2023-09-14 09:55:17.544497\\\";s:13:\\\"timezone_type\\\";i:3;s:8:\\\"timezone\\\";s:3:\\\"UTC\\\";}}\"}}',0,NULL,1694685317,1694684717),(56,'default','{\"uuid\":\"c531442c-a53a-4231-acf1-c02fc2026c09\",\"displayName\":\"App\\\\Jobs\\\\PurgeCsv\",\"job\":\"Illuminate\\\\Queue\\\\CallQueuedHandler@call\",\"maxTries\":null,\"maxExceptions\":null,\"failOnTimeout\":false,\"backoff\":null,\"timeout\":null,\"retryUntil\":null,\"data\":{\"commandName\":\"App\\\\Jobs\\\\PurgeCsv\",\"command\":\"O:17:\\\"App\\\\Jobs\\\\PurgeCsv\\\":1:{s:5:\\\"delay\\\";O:25:\\\"Illuminate\\\\Support\\\\Carbon\\\":3:{s:4:\\\"date\\\";s:26:\\\"2023-09-14 10:02:09.836210\\\";s:13:\\\"timezone_type\\\";i:3;s:8:\\\"timezone\\\";s:3:\\\"UTC\\\";}}\"}}',0,NULL,1694685729,1694685129),(57,'default','{\"uuid\":\"6832abcf-9a1e-43bc-88b7-2c8eeb5320d6\",\"displayName\":\"App\\\\Jobs\\\\PurgeCsv\",\"job\":\"Illuminate\\\\Queue\\\\CallQueuedHandler@call\",\"maxTries\":null,\"maxExceptions\":null,\"failOnTimeout\":false,\"backoff\":null,\"timeout\":null,\"retryUntil\":null,\"data\":{\"commandName\":\"App\\\\Jobs\\\\PurgeCsv\",\"command\":\"O:17:\\\"App\\\\Jobs\\\\PurgeCsv\\\":1:{s:5:\\\"delay\\\";O:25:\\\"Illuminate\\\\Support\\\\Carbon\\\":3:{s:4:\\\"date\\\";s:26:\\\"2023-09-14 10:06:14.066131\\\";s:13:\\\"timezone_type\\\";i:3;s:8:\\\"timezone\\\";s:3:\\\"UTC\\\";}}\"}}',0,NULL,1694685974,1694685374),(58,'default','{\"uuid\":\"dd6b35cb-74dc-4496-937b-e4793621d27a\",\"displayName\":\"App\\\\Jobs\\\\PurgeCsv\",\"job\":\"Illuminate\\\\Queue\\\\CallQueuedHandler@call\",\"maxTries\":null,\"maxExceptions\":null,\"failOnTimeout\":false,\"backoff\":null,\"timeout\":null,\"retryUntil\":null,\"data\":{\"commandName\":\"App\\\\Jobs\\\\PurgeCsv\",\"command\":\"O:17:\\\"App\\\\Jobs\\\\PurgeCsv\\\":1:{s:5:\\\"delay\\\";O:25:\\\"Illuminate\\\\Support\\\\Carbon\\\":3:{s:4:\\\"date\\\";s:26:\\\"2023-09-14 10:21:02.187939\\\";s:13:\\\"timezone_type\\\";i:3;s:8:\\\"timezone\\\";s:3:\\\"UTC\\\";}}\"}}',0,NULL,1694686862,1694686262),(59,'default','{\"uuid\":\"109e0019-9033-4595-9919-23f96189d9d2\",\"displayName\":\"App\\\\Jobs\\\\PurgeCsv\",\"job\":\"Illuminate\\\\Queue\\\\CallQueuedHandler@call\",\"maxTries\":null,\"maxExceptions\":null,\"failOnTimeout\":false,\"backoff\":null,\"timeout\":null,\"retryUntil\":null,\"data\":{\"commandName\":\"App\\\\Jobs\\\\PurgeCsv\",\"command\":\"O:17:\\\"App\\\\Jobs\\\\PurgeCsv\\\":1:{s:5:\\\"delay\\\";O:25:\\\"Illuminate\\\\Support\\\\Carbon\\\":3:{s:4:\\\"date\\\";s:26:\\\"2023-09-14 10:21:30.665753\\\";s:13:\\\"timezone_type\\\";i:3;s:8:\\\"timezone\\\";s:3:\\\"UTC\\\";}}\"}}',0,NULL,1694686890,1694686290),(60,'default','{\"uuid\":\"f239e32b-ae2a-4226-b51a-600a795d3def\",\"displayName\":\"App\\\\Jobs\\\\PurgeCsv\",\"job\":\"Illuminate\\\\Queue\\\\CallQueuedHandler@call\",\"maxTries\":null,\"maxExceptions\":null,\"failOnTimeout\":false,\"backoff\":null,\"timeout\":null,\"retryUntil\":null,\"data\":{\"commandName\":\"App\\\\Jobs\\\\PurgeCsv\",\"command\":\"O:17:\\\"App\\\\Jobs\\\\PurgeCsv\\\":1:{s:5:\\\"delay\\\";O:25:\\\"Illuminate\\\\Support\\\\Carbon\\\":3:{s:4:\\\"date\\\";s:26:\\\"2023-09-14 10:22:20.085513\\\";s:13:\\\"timezone_type\\\";i:3;s:8:\\\"timezone\\\";s:3:\\\"UTC\\\";}}\"}}',0,NULL,1694686940,1694686340),(61,'default','{\"uuid\":\"4d6d157f-79f2-428e-9130-f46fe2b1faef\",\"displayName\":\"App\\\\Jobs\\\\PurgeCsv\",\"job\":\"Illuminate\\\\Queue\\\\CallQueuedHandler@call\",\"maxTries\":null,\"maxExceptions\":null,\"failOnTimeout\":false,\"backoff\":null,\"timeout\":null,\"retryUntil\":null,\"data\":{\"commandName\":\"App\\\\Jobs\\\\PurgeCsv\",\"command\":\"O:17:\\\"App\\\\Jobs\\\\PurgeCsv\\\":1:{s:5:\\\"delay\\\";O:25:\\\"Illuminate\\\\Support\\\\Carbon\\\":3:{s:4:\\\"date\\\";s:26:\\\"2023-09-14 10:26:31.293147\\\";s:13:\\\"timezone_type\\\";i:3;s:8:\\\"timezone\\\";s:3:\\\"UTC\\\";}}\"}}',0,NULL,1694687191,1694686591),(62,'default','{\"uuid\":\"0622cff0-f173-44ff-8c37-b524f9163875\",\"displayName\":\"App\\\\Jobs\\\\PurgeCsv\",\"job\":\"Illuminate\\\\Queue\\\\CallQueuedHandler@call\",\"maxTries\":null,\"maxExceptions\":null,\"failOnTimeout\":false,\"backoff\":null,\"timeout\":null,\"retryUntil\":null,\"data\":{\"commandName\":\"App\\\\Jobs\\\\PurgeCsv\",\"command\":\"O:17:\\\"App\\\\Jobs\\\\PurgeCsv\\\":1:{s:5:\\\"delay\\\";O:25:\\\"Illuminate\\\\Support\\\\Carbon\\\":3:{s:4:\\\"date\\\";s:26:\\\"2023-09-14 10:29:43.553346\\\";s:13:\\\"timezone_type\\\";i:3;s:8:\\\"timezone\\\";s:3:\\\"UTC\\\";}}\"}}',0,NULL,1694687383,1694686783),(63,'default','{\"uuid\":\"e5d39f7b-b3eb-4c89-92f5-04589fe348ff\",\"displayName\":\"App\\\\Jobs\\\\PurgeCsv\",\"job\":\"Illuminate\\\\Queue\\\\CallQueuedHandler@call\",\"maxTries\":null,\"maxExceptions\":null,\"failOnTimeout\":false,\"backoff\":null,\"timeout\":null,\"retryUntil\":null,\"data\":{\"commandName\":\"App\\\\Jobs\\\\PurgeCsv\",\"command\":\"O:17:\\\"App\\\\Jobs\\\\PurgeCsv\\\":1:{s:5:\\\"delay\\\";O:25:\\\"Illuminate\\\\Support\\\\Carbon\\\":3:{s:4:\\\"date\\\";s:26:\\\"2023-09-14 10:30:26.294431\\\";s:13:\\\"timezone_type\\\";i:3;s:8:\\\"timezone\\\";s:3:\\\"UTC\\\";}}\"}}',0,NULL,1694687426,1694686826),(64,'default','{\"uuid\":\"aa6a4cd2-12f3-41ec-8c83-f09673db39a6\",\"displayName\":\"App\\\\Jobs\\\\PurgeCsv\",\"job\":\"Illuminate\\\\Queue\\\\CallQueuedHandler@call\",\"maxTries\":null,\"maxExceptions\":null,\"failOnTimeout\":false,\"backoff\":null,\"timeout\":null,\"retryUntil\":null,\"data\":{\"commandName\":\"App\\\\Jobs\\\\PurgeCsv\",\"command\":\"O:17:\\\"App\\\\Jobs\\\\PurgeCsv\\\":1:{s:5:\\\"delay\\\";O:25:\\\"Illuminate\\\\Support\\\\Carbon\\\":3:{s:4:\\\"date\\\";s:26:\\\"2023-09-14 10:31:51.858487\\\";s:13:\\\"timezone_type\\\";i:3;s:8:\\\"timezone\\\";s:3:\\\"UTC\\\";}}\"}}',0,NULL,1694687511,1694686911),(65,'default','{\"uuid\":\"392adb4a-cc42-484c-826f-c95c13224a67\",\"displayName\":\"App\\\\Jobs\\\\PurgeCsv\",\"job\":\"Illuminate\\\\Queue\\\\CallQueuedHandler@call\",\"maxTries\":null,\"maxExceptions\":null,\"failOnTimeout\":false,\"backoff\":null,\"timeout\":null,\"retryUntil\":null,\"data\":{\"commandName\":\"App\\\\Jobs\\\\PurgeCsv\",\"command\":\"O:17:\\\"App\\\\Jobs\\\\PurgeCsv\\\":1:{s:5:\\\"delay\\\";O:25:\\\"Illuminate\\\\Support\\\\Carbon\\\":3:{s:4:\\\"date\\\";s:26:\\\"2023-09-14 10:32:20.913210\\\";s:13:\\\"timezone_type\\\";i:3;s:8:\\\"timezone\\\";s:3:\\\"UTC\\\";}}\"}}',0,NULL,1694687540,1694686940),(66,'default','{\"uuid\":\"c72c7d06-f01e-4a5b-be1a-3a380005181d\",\"displayName\":\"App\\\\Jobs\\\\ProcessStripeWebhook\",\"job\":\"Illuminate\\\\Queue\\\\CallQueuedHandler@call\",\"maxTries\":null,\"maxExceptions\":null,\"failOnTimeout\":false,\"backoff\":null,\"timeout\":null,\"retryUntil\":null,\"data\":{\"commandName\":\"App\\\\Jobs\\\\ProcessStripeWebhook\",\"command\":\"O:29:\\\"App\\\\Jobs\\\\ProcessStripeWebhook\\\":1:{s:5:\\\"event\\\";O:8:\\\"stdClass\\\":1:{s:4:\\\"data\\\";O:8:\\\"stdClass\\\":1:{s:6:\\\"object\\\";O:8:\\\"stdClass\\\":3:{s:8:\\\"metadata\\\";O:8:\\\"stdClass\\\":1:{s:12:\\\"registration\\\";i:321;}s:2:\\\"id\\\";s:7:\\\"ab12345\\\";s:6:\\\"amount\\\";i:1000;}}}}\"}}',0,NULL,1694701764,1694701764),(67,'default','{\"uuid\":\"a02797aa-9390-4061-b34e-7c6b2e02ed39\",\"displayName\":\"App\\\\Jobs\\\\ProcessStripeWebhook\",\"job\":\"Illuminate\\\\Queue\\\\CallQueuedHandler@call\",\"maxTries\":null,\"maxExceptions\":null,\"failOnTimeout\":false,\"backoff\":null,\"timeout\":null,\"retryUntil\":null,\"data\":{\"commandName\":\"App\\\\Jobs\\\\ProcessStripeWebhook\",\"command\":\"O:29:\\\"App\\\\Jobs\\\\ProcessStripeWebhook\\\":1:{s:5:\\\"event\\\";O:8:\\\"stdClass\\\":1:{s:4:\\\"data\\\";O:8:\\\"stdClass\\\":1:{s:6:\\\"object\\\";O:8:\\\"stdClass\\\":3:{s:8:\\\"metadata\\\";O:8:\\\"stdClass\\\":1:{s:12:\\\"registration\\\";i:321;}s:2:\\\"id\\\";s:7:\\\"ab12345\\\";s:6:\\\"amount\\\";i:1000;}}}}\"}}',0,NULL,1694712990,1694712990),(68,'default','{\"uuid\":\"58a6a81d-b3f1-4df8-aaaa-707f3765686a\",\"displayName\":\"App\\\\Jobs\\\\PurgeCsv\",\"job\":\"Illuminate\\\\Queue\\\\CallQueuedHandler@call\",\"maxTries\":null,\"maxExceptions\":null,\"failOnTimeout\":false,\"backoff\":null,\"timeout\":null,\"retryUntil\":null,\"data\":{\"commandName\":\"App\\\\Jobs\\\\PurgeCsv\",\"command\":\"O:17:\\\"App\\\\Jobs\\\\PurgeCsv\\\":1:{s:5:\\\"delay\\\";O:25:\\\"Illuminate\\\\Support\\\\Carbon\\\":3:{s:4:\\\"date\\\";s:26:\\\"2023-09-15 09:34:57.085183\\\";s:13:\\\"timezone_type\\\";i:3;s:8:\\\"timezone\\\";s:3:\\\"UTC\\\";}}\"}}',0,NULL,1694770497,1694769897),(69,'default','{\"uuid\":\"a999a8c6-8131-4cbd-b535-c21bafea5004\",\"displayName\":\"App\\\\Jobs\\\\PurgeCsv\",\"job\":\"Illuminate\\\\Queue\\\\CallQueuedHandler@call\",\"maxTries\":null,\"maxExceptions\":null,\"failOnTimeout\":false,\"backoff\":null,\"timeout\":null,\"retryUntil\":null,\"data\":{\"commandName\":\"App\\\\Jobs\\\\PurgeCsv\",\"command\":\"O:17:\\\"App\\\\Jobs\\\\PurgeCsv\\\":1:{s:5:\\\"delay\\\";O:25:\\\"Illuminate\\\\Support\\\\Carbon\\\":3:{s:4:\\\"date\\\";s:26:\\\"2023-09-15 09:43:40.086350\\\";s:13:\\\"timezone_type\\\";i:3;s:8:\\\"timezone\\\";s:3:\\\"UTC\\\";}}\"}}',0,NULL,1694771020,1694770420),(70,'default','{\"uuid\":\"c151c49d-a6f7-40e6-8c76-3e9003261e3b\",\"displayName\":\"App\\\\Jobs\\\\PurgeCsv\",\"job\":\"Illuminate\\\\Queue\\\\CallQueuedHandler@call\",\"maxTries\":null,\"maxExceptions\":null,\"failOnTimeout\":false,\"backoff\":null,\"timeout\":null,\"retryUntil\":null,\"data\":{\"commandName\":\"App\\\\Jobs\\\\PurgeCsv\",\"command\":\"O:17:\\\"App\\\\Jobs\\\\PurgeCsv\\\":1:{s:5:\\\"delay\\\";O:25:\\\"Illuminate\\\\Support\\\\Carbon\\\":3:{s:4:\\\"date\\\";s:26:\\\"2023-10-05 09:09:06.883536\\\";s:13:\\\"timezone_type\\\";i:3;s:8:\\\"timezone\\\";s:3:\\\"UTC\\\";}}\"}}',0,NULL,1696496946,1696496346),(71,'default','{\"uuid\":\"3bce8bb5-9937-4cc7-9616-628041570a2c\",\"displayName\":\"App\\\\Jobs\\\\PurgeCsv\",\"job\":\"Illuminate\\\\Queue\\\\CallQueuedHandler@call\",\"maxTries\":null,\"maxExceptions\":null,\"failOnTimeout\":false,\"backoff\":null,\"timeout\":null,\"retryUntil\":null,\"data\":{\"commandName\":\"App\\\\Jobs\\\\PurgeCsv\",\"command\":\"O:17:\\\"App\\\\Jobs\\\\PurgeCsv\\\":1:{s:5:\\\"delay\\\";O:25:\\\"Illuminate\\\\Support\\\\Carbon\\\":3:{s:4:\\\"date\\\";s:26:\\\"2023-10-05 09:54:21.061066\\\";s:13:\\\"timezone_type\\\";i:3;s:8:\\\"timezone\\\";s:3:\\\"UTC\\\";}}\"}}',0,NULL,1696499661,1696499061);

--
-- Table structure for table `judges`
--

CREATE TABLE `judges` (
  `id` bigint unsigned NOT NULL AUTO_INCREMENT,
  `page_id` bigint unsigned NOT NULL,
  `name` varchar(100) CHARACTER SET utf8mb4 COLLATE utf8mb4_unicode_ci NOT NULL,
  `company` varchar(100) CHARACTER SET utf8mb4 COLLATE utf8mb4_unicode_ci NOT NULL,
  `position` varchar(100) CHARACTER SET utf8mb4 COLLATE utf8mb4_unicode_ci NOT NULL,
  `bio` text CHARACTER SET utf8mb4 COLLATE utf8mb4_unicode_ci NOT NULL,
  `twitter_url` varchar(1000) CHARACTER SET utf8mb4 COLLATE utf8mb4_unicode_ci DEFAULT NULL,
  `linkedin_url` varchar(1000) CHARACTER SET utf8mb4 COLLATE utf8mb4_unicode_ci DEFAULT NULL,
  `filename` varchar(200) CHARACTER SET utf8mb4 COLLATE utf8mb4_unicode_ci DEFAULT NULL,
  `sort_order` int NOT NULL,
  `status` tinyint unsigned NOT NULL,
  `created_at` timestamp NULL DEFAULT NULL,
  `updated_at` timestamp NULL DEFAULT NULL,
  PRIMARY KEY (`id`),
  KEY `judges_page_id_foreign` (`page_id`),
  KEY `judges_status_index` (`status`),
  CONSTRAINT `judges_page_id_foreign` FOREIGN KEY (`page_id`) REFERENCES `pages` (`id`)
) ENGINE=InnoDB AUTO_INCREMENT=24 DEFAULT CHARSET=utf8mb4 COLLATE=utf8mb4_unicode_ci;

--
-- Dumping data for table `judges`
--

INSERT INTO `judges` VALUES (1,6,'sdfsdfsdf','sdfsdsdf','sdfsdfdsfdsf','sdfsdfdsfsdfsd',NULL,NULL,NULL,1,1,'2023-09-06 12:49:29','2023-09-06 12:49:29'),(2,12,'Judges','To be announced','in Q3 2023','More details to come...',NULL,NULL,'p3AsAyBalCPo3g0bWRUQtUyjbWy2WXLjx3EnR5mo.jpg',2,1,'2023-10-02 12:55:12','2023-10-02 12:56:12'),(3,4,'Michael Tobin OBE','CRYSTAL PEAK ACQUISITION','CO-FOUNDER & EXECUTIVE CHAIRMAN','Michael is a highly successful serial technology entrepreneur & pioneer with over 30 years’ experience in the telecoms & technology sector.\r\n\r\nAs Chief Executive, Michael Tobin OBE led TelecityGroup plc, a leading FTSE250 Technology company from 2002 to 2014. \r\n\r\nHe joined Redbus in 2002 delisting it from the main market to AIM, & then took it private, winning the London Business Awards “Business Turnaround of the Year” award in 2005. After engineering the merger with Telecity, & the acquisition of Globix he successfully re-listed TelecityGroup in October 2007 winning the accolade of UK Innovation Awards IPO of the year 2008 & the techMARK Personality of the year in the same year.\r\n\r\nSubsequently he grew the business organically & acquired businesses in Manchester, Helsinki, Dublin, Sofia, Istanbul & Warsaw transforming the company from £6m market cap in 2002 to being a top performer in the FTSE250 worth over £2.5Bn, being recognized as Britain’s Most admired Tech Company in 2012.\r\n\r\nPrior to joining TelecityGroup, Tobin headed-up Fujitsu’s e-Commerce operations in Frankfurt, Germany. Before that, he ran ICL’s Danish outsourcing subsidiary out of Copenhagen Denmark. He also held several senior positions based in Paris for over 11 years including Business Development Director at International Computer Group coordinating global distribution of IT infrastructure.\r\n\r\nAs a Non Exec Director, Tobin was instrumental in transforming PACNET in Hong Kong from a Sub Sea Cable operator to a successful Datacenter operator culminating in its sale in 2015 to Telstra for $800m. In 2017 he was the key driver of the sale of Itconic in Spain to Equinix generating over 7x money for Carlyle in just 19 months, and as a NED oversaw the sale of Datapipe in New York to Rackspace and Basefarm in Norway to Orange on behalf of Abry Partners.\r\n\r\nTobin has been involved in multiple PE backed Datacentre transactions around the world including Teraco in South Africa, ITConic in Spain, Basefarm in Norway and Datapipe in the USA. He currently holds numerous Technology Non-Exec Directorships around the world & is the Chair of AIM listed Audioboom plc and BigBlu Broadband plc.\r\n\r\nMr Tobin is Chairman of the Friends of The Loomba Trust supporting widows in India, a Patron and Founders Circle Member of The British Asian Trust, Founder of the CEO Sleepout event for Action for Children & has sat on fundraising boards of the Princes Trust, Cooperation Ireland & the Make-a-Wish Foundation. Mr Tobin’s charitable focus is primarily the education, welfare & empowerment of young people & children around the world.   \r\n\r\nIn 2016 Mr Tobin slept in the streets to raise money and awareness for Action for Children, completed his Duke of Edinburgh Diamond Award, and raised over £100k running 40 Marathons in 40 consecutive days for the 40th anniversary of the Princes Trust. In 2020 Tobin trekked to the South Pole raising over £500k for the Brain Tumour Charity\r\n\r\nMichael’s business & thought leadership have been widely recognized. He was named ‘UK IT Services Entrepreneur of the Year’ by Ernst & Young in 2009, 2010 & 2011; PWC Tech CEO of the Year 2007; London Chamber of Commerce \'Business Person of the Year’ for 2009 & 2010; In 2009 was named techMARK ‘Personality of the Year’; In 2007 & 2009 he was the winner of the DCE Outstanding Leader of the Year, & in 2008 won ‘Data Centre Business Person of the Year’ at the Data Centre Leaders awards. He was awarded ‘Outstanding Contribution to the Data Centre Industry’ at the Data Centre Europe awards & in 2011 received a Lifetime Achievement Award for services to the industry.\r\n\r\nIn 2005 he was named number 31 of Britain’s Top 50 Entrepreneurs & in 2014 he was honoured in the Queens New Years Honours List with the Order of the British Empire (OBE) medal for Services to the Digital Economy.\r\n\r\nIn 2016 he received business awards for Outstanding Non Executive Director of the year in the Best Business Awards 2016 and the Global Business Excellence Awards 2016, and Chairman of the Year at the Stevie Awards in the USA. In 2017 he was recognized as Datacentre and Cloud Influencer of the Decade in Monaco at the Broadgroup Industry Awards and named in Smith and Williamson’s Top 25 Power Individuals of Industry.\r\n\r\nMichael has many motivational & Inspirational speaking engagements & in 2014 he launched his first book, “Forget Strategy, Get Results” to great acclaim, and his second book, ”Live, Love, Work, Prosper” was released in 2018. His third book, “Lifting the Floor” was released in 2020.','https://twitter.com/Michael_Tobin_','https://www.linkedin.com/in/michael-tobin-obe-098179/','XWgLGj6Li6R0i74jRtMs1rXYC8fZXwzy2tps9QrM.jpg',60,1,'2023-01-09 02:57:27','2023-01-09 03:13:30'),(4,4,'Robin Brown','HSBC','Managing Director','Coming soon...',NULL,'https://www.linkedin.com/in/robinckbrown/','4wqdZxqLJISlCxXaKTydZ1XDF7wOVm470XefsOlX.jpg',63,1,'2023-01-09 03:00:02','2023-01-30 14:10:11'),(5,4,'Vijay Mistry','VIPA DIGITAL','Partner','An established figure in the Data Centre Industry with over 25+ years’ experience in Financial Services, Infrastructure and Data Centre Environments. Prior to VIPA Digital, Vijay was the Operations, VP at Digital Realty, responsible for the company\'s portfolio of Data Centres across Europe.\r\n\r\nVijay also spent 20 years at Morgan Stanley where he held a number of senior leadership positions including the European Head of Enterprise Computing, Global Head of Data Centre Portfolio Management and European Head of Enterprise Data Centres, where he transformed the team into a world class organisation, earning numerous industry accolades .\r\n\r\nVijay holds a BSc in Information Systems Design, and sits on a number of advisory boards within the DC Industry.',NULL,'https://www.linkedin.com/in/mistryvijay/','mOKcwcucJDIjVfNoO6zE3DAq1XM6kXackbiAshfe.jpg',71,1,'2023-01-09 03:01:49','2023-02-18 19:46:53'),(6,4,'David Liggitt','DATACENTER HAWK','FOUNDER & CEO','David is the Founder and Chief Executive Officer of datacenterHawk. David started the company in 2014 with the vision to help customers make better decisions about data center real estate. His 15 years of industry experience and leadership have helped create a global platform trusted and depended on by the world’s largest data center owners, investors, consultants and users of digital infrastructure. He has been active in the data center industry since 2007.\r\n\r\nDavid also started the datacenterHawk Podcast, an industry focused video and audio experience exploring relevant digital infrastructure topics. He frequently hosts other CEO’s and senior leaders from data center companies to provide thought leadership on the future of the space. He also highlights key trends with analytics and data found only on the datacenterHawk platform.\r\n\r\nPrior to starting datacenterHawk, David was a leader in CBRE’s Data Center Solutions Group and assisted clients with their digital infrastructure needs. His time at CBRE was instrumental in allowing him to understand the challenges and solutions needed to help companies grow their data center infrastructure.\r\n\r\nDavid currently lives in Dallas with his wife and two boys. He is a proud graduate of Baylor University and is actively involved in coaching youth sports, his neighborhood and his church.','https://twitter.com/d_liggitt','https://www.linkedin.com/in/davidliggitt/','lYMtUWGZl6MYyDT82GosAjdHZsk9UiUQEsi0NYwT.jpg',84,1,'2023-01-09 03:03:12','2023-02-18 19:46:53'),(7,4,'Ronnie Preiskel','Preiskel & Co','Co-Founder & Managing Partner','Ronnie is a co-founder of Preiskel & Co and has over 20 years experience working in the telecoms, internet and technology sectors in a wide variety of roles. His broad and in-depth understanding of the TMT sectors and inside knowledge of the operations of telcos and startups allow Ronnie to provide clients with practical, result orientated advice and solutions to their corporate, regulatory and commercial issues.  He has been ranked for many years as one of the leading telecoms lawyer by Chambers & Partners, Legal 500 and WhoswhoLegal.\r\n\r\nRonnie has the benefit of having worked for many years within the industry including for British Telecommunications PLC, a Vodafone JV and a mobile services start-up.\r\n\r\nHe has advised the Governments of the Falkland Islands and of The Bahamas on the introduction of new communications law and on the privatization of The Bahamas incumbent operator.  He also advises a Satellite Regulator and a range of MNOs, MVNOs and service providers on a variety of corporate, commercial and regulatory issues\r\n\r\nRonnie also advises a leading payment services provider, the largest independent data centre in Russian and on various telecoms projects in Africa.\r\n\r\nIn addition to his work in the TMT sector, Ronnie also advises a number of retail and leisure businesses on fund raising, franchising and commercial matters.\r\n\r\nRonnie has an MA in Economics and Law from Cambridge University, an MBA from INSEAD and speaks four languages.',NULL,'https://www.linkedin.com/in/ronnie-preiskel-378294/','JRi1OSggLCxJWZx7ECrXqRc1I5TbflJu7JkI6stO.jpg',86,1,'2023-01-09 03:06:31','2023-02-18 19:46:53'),(8,4,'Karen Bach','Head Judge','CEO, IX ACQUISITION CORP.','Details to follow shortly...',NULL,'https://www.linkedin.com/in/karen-bach/','ABv7TuAD1NkA26RYOiuWM8zDxnCpwOezzPPUUYqj.jpg',59,1,'2023-01-09 03:08:07','2023-02-07 14:56:58'),(9,4,'Roxanna Plinsky','GLOBAL DATA CENTERS & PARTNERS, INC.','FOUNDER','Roxanna Plinsky joined Start Campus in December 2022 as Chief Growth Officer to help to grow a truly green data center platform in Southern Europe and support global enterprise customers with their Data Center initiatives and ultimate goals. Additionally, she is a Founder and CEO of Global Data Centers & Partners, a consulting firm for Data Center Operators, Investors interested in expanding into new markets. \r\n\r\nShe has 18 years of telecommunication, data center, and cloud experience. Roxanna has built an extensive global network of industry leaders via partnerships with high-growth multinational corporations by working and living abroad for many years. Roxanna has held several senior management roles with organizations in the United States, Singapore, and Europe. \r\n\r\nShe relocated from Sweden to San Francisco in 1998. She completed her Science Studies in Sweden and later received a B.A. in Marketing and Account Planning from the University of Art, San Francisco. Additionally, she is on the Advisory Board of Big Data, San Francisco State University, speaks three languages, and holds U.S. and Swedish citizenship.',NULL,'https://www.linkedin.com/in/roxanna/','Zk6Avn6EznlxF4yEsuJLRxqwP4KuXpLcLdLnuvGy.jpg',85,1,'2023-01-09 03:09:18','2023-02-18 19:46:53'),(10,4,'Canan Anli','PMP Strategy','Senior Advisor','Canan is a strategy consultant, investor and advisor. Canan has been an investor in the Digital Infrastructure and Technology space in the last 11 years working for Mubadala Investment Company. She has led and negotiated several deals for Mubadala in the digital infrastructure, telecoms, software and services space in the US, Europe, the Middle East, and Asia. Canan is currently supporting PMP Strategy with their principal investor business focusing on digital infrastructure and enterprise software. Previously, Canan also worked for McKinsey. Canan holds a MSc in Earthquake Engineering from Bogazici University and an MBA from INSEAD',NULL,'https://www.linkedin.com/in/canan-anli-681b19/','V282EqJs4JWRQ6UXIQxZqYlGnxPc93DssbgedbX6.jpg',62,1,'2023-01-09 03:11:38','2023-01-30 14:10:11'),(11,4,'Fundiswa Nkuta','Investment Associate, AIIM','TTC\'s Under 35 Winner 2022','Fundiswa is currently pursuing her MBA at London Business School. Prior to her MBA, she was an Investment Associate at African Infrastructure Investment Managers which focuses on infrastructure equity investments and development assets across Africa. She was primarily responsible for analysing new investment opportunities, structuring and executing transactions as well as asset management.\r\n\r\nFundiswa has worked across various banking roles, where she was part of the advisory team supporting large and mid-sized corporations, private equity firms, entrepreneurs and governments on executing sell-side and buy-side mandates. She also served her articles at Nedbank on the CA training programme which included rotations across various areas of the corporate and investment bank.\r\n\r\nFundiswa holds a Bachelor of Business Science Honours degree and a Post-Graduate Diploma in Accounting from the University of Cape Town as well as a Post-Graduate Diploma in the Drafting & Interpretation of Contracts from the University of Johannesburg. She qualified as a Chartered Accountant in 2017 and is an Audit & Risk committee member on the board of Equal Education. She is also the first-ever winner of The Tech Capital\'s 35 Under 35 Award (2022).',NULL,'https://www.linkedin.com/in/fundiswa-nkuta-pelle/','TxCmYmC08CPV1B3dAVAdZorvcTub1GV6R1chPPJs.jpg',72,1,'2023-01-09 03:13:13','2023-02-18 19:46:53'),(12,4,'Claude Achcar','Actel Consulting','Founder & Managing Partner','Claude Achcar is the Founder and Managing Partner of Actel Consulting, a highly specialized Tech advisory firm.  The company, founded in 2002, differentiates through independent, deep-dive, and hands-on guidance to deliver implementable advisory.  Clients include investors, innovators, corporates, telecoms, service providers, and regulators.\r\n\r\nClaude has over 30 years of ICT experience. He began his career as an AI Research Associate followed by eleven years in various engineering, marketing, and operations roles with Nortel.  Prior to Actel Consulting, Claude was Managing Director and VP Asia at Ciena.\r\n\r\nClaude is an engineer by training, holding B.Eng. & M.Eng. (Speech Recognition) degrees from Ecole Polytechnique, and an MBA from McGill University, both in Montreal, Canada.',NULL,'https://www.linkedin.com/in/claudeachcar/','gzq1mu90BcgOegmvrmj7SjTkGUMkYf3LvAvFlil3.jpg',87,1,'2023-01-09 18:23:17','2023-02-18 19:46:53'),(13,4,'Barry Gross','BCLP','PARTNER','Barry is co-leader of Bryan Cave Leighton Paisner’s global practice for the Data Centres and Digital Infrastructure Team. The BCLP team has acted for operators, funders, investors and corporates on a range of investment, leasing and M&A transactions and in the last two years has closed over 2GW of data centre leasing transactions globally.\r\n\r\nBarry has experience advising on data centre acquisitions, the management and disposal of data centre sites, data centre leasing, forward funding arrangements and more. His clients include developers of, investors in and operators and funders of data centres. Barry is a regular participant in DCDI panels on diverse topics including the future of data centre investment and financing, Data Centres as an infrastructure investment opportunity and the challenges of ESG in the data centre industry.',NULL,'https://www.linkedin.com/in/barrygross/','Iuegasb6mw5xF4kjMecHLlibLobiTLxZKnBWi6Hj.jpg',88,1,'2023-01-09 18:24:45','2023-02-18 19:46:53'),(14,4,'Andrew Jay','CBRE','Head of Data Centre Solutions - EMEA Advisory','Details to follow shortly...',NULL,'https://www.linkedin.com/in/andrewjay1/','Ivj4T964CsRMlEUpsF9hlphi5YN9O3adgP9fv2n0.jpg',89,1,'2023-01-11 21:01:57','2023-02-18 19:46:53'),(15,4,'Michalis Grigoratos','Infrapartners LLC','Managing Partner','Details to follow shortly...',NULL,'https://www.linkedin.com/in/mgrigoratos/','9xzBOGYaor27TaTwO12HiEnWSEu3dYkHdtmOXLxA.jpg',78,1,'2023-01-11 21:04:09','2023-02-18 19:46:53'),(16,4,'William Barney','Asian Century Equity','Founder & CEO','During his 25-year tenure as an investor, board member and CEO in Asia, Bill Barney was fortunate to assemble and manage some of the strongest performing management teams in the region. These teams consistently achieved the industry\'s highest growth rates for both ebitda and revenue growth. \r\n\r\nAcross the telecom and technology sectors, Bill has been an advocate for regulatory and industry change and a major proponent of Cloud Computing and Open networks. He regularly participates in industry meetings and keynoted major conferences including the Pacific Telecommunications Council and CommunicAsia, \r\n\r\nIn 2008 Bill was named CEO of the Year by TelecomAsia. Bill was voted Best Asia Pacific Telecom Executive by readers of CommsDay in 2009. Finally in 2017 Bill was given the Data Center Achievement Award at the annual the Data Cloud Asia Awards and was later recognized as one of the \"100 Most Influential CEO\'s in Telecom\" . In 2018 Bill was recognized by the Economic Times as the Top CEO to work for in India and was given the prestigious Broad Group award for Thought Leadership in Data Centers in 2019. In 2023 Bill was recognized by the PTC for his Leadership with the Richard Barber Lifetime Achievement Award.',NULL,'https://www.linkedin.com/in/william-barney-99b07063/','AHExTFAdp9zGK8IVLDBv4iZSzxm4pTVMow98SMDf.jpg',61,1,'2023-01-30 14:09:38','2023-01-30 14:10:11'),(17,4,'Brian Moon','Pacific Telecommunications Council','CEO','Brian Moon is CEO of the Pacific Telecommunications Council (PTC). Prior to joining PTC, he held a variety of roles over a span of 15 years at the Consumer Technology Association (CTA). He was the vice president of sales and business development at CTA, where he led the sales and business development team for CTA and CES, driving growth and industry engagement for the world’s most influential technology event. Previously he was vice president of international sales from 2014 to 2020 and national accounts manager from 2003 to 2009.\r\n\r\nIn addition to his two tenures at CTA, Brian was also vice president of sales, convention and allied membership with the National Restaurant Association, and manager of industry relations and exhibits at the Association of Women’s Health, Obstetric, and Neonatal Nurses. \r\n\r\nBrian holds a Bachelor of Science degree in Professional and Technical Communication with a concentration in Marketing from Rochester Institute of Technology. He is a member of the International Association of Exhibition and Events (IAEE) and is certified in exhibition management (CEM).','https://twitter.com/_BrianMoon','https://www.linkedin.com/search/results/all/?fetchDeterministicClustersOnly=false&heroEntityKey=urn%3Ali%3Afsd_profile%3AACoAAAE53wsB5-RcJZfDKRqs5oCfsIMGdLm4U1E&keywords=brian%20moon&origin=RICH_QUERY_SUGGESTION&position=0&searchId=c182402f-a254-4fd2-be56-c711455dfe9c&sid=0Ju','PjMuY2kYDvLSxrg9FoIGRDTjXFxW3p2vm3BmbFAj.jpg',90,1,'2023-01-31 09:21:42','2023-02-18 19:46:53'),(18,4,'Dr. Dmitriy Antropov','Partners Group','MANAGING DIRECTOR','Dr. Dmitriy Antropov is Co-Head of the Private Infrastructure Partnership Investments business unit, based in Zug. He is a member of the Private Infrastructure Investment Committee. Dmitriy is leading Partners Group datacenter thematic globally and has been involved in multiple digital infrastructure investments in the US, Europe and Asia. He has been with Partners Group since 2008 and has 18 years of industry experience.\r\n\r\nPrior to joining Partners Group, he worked at UniCredit Group, L.E.K. Consulting and Apax Partners. He holds a PhD in world economics from Financial University, Moscow and Master’s in European Business from ESCP Europe. He is also a Financial Risk Manager.',NULL,'https://www.linkedin.com/in/dantropov/','XCcl8zQLzWvWrNgPMlpc4OooOL3MJD77j21TezSR.jpg',91,1,'2023-02-07 12:14:39','2023-02-18 19:46:53'),(19,4,'Dharman Sury','Brookfield Asset Management','Head of Datacenter Development - Europe','Dharman Sury has an atypical and versatile profile as an Indian born in France and having grown up in India, the US and France, and worked in the UK and several Asian countries. \r\n\r\nHis expertise is centered on TMT, Finance and hi-growth markets, initially with Orange in both B2C and B2B and more recently with Data 4 bringing an insider understanding of the market dynamics at play in digital infrastructure.\r\n\r\nHis earlier experiences relate to a fast-track senior civil servant with the French Administration. Initially with the French Treasury and subsquently at a political level as a close aid and senior advisor to Gilles de Robien, Minister of Education and Research designing and implementing structural changing policies in R&D and Innovation.\r\n\r\nDharman has an outstanding academic background, as a member of the elite Corps des Mines and as a graduate of Ecole des Mines de Paris.\r\n\r\nHe was nominated Top10 CFO for 2017 by DAF Magazine and ranked in the Top50 Global Leaders in Data Center Finance in 2019 by Data Economy. He was awarded Chevalier des Palmes Académiques in 2007 for his contribution to France\'s Research. He has been elected as Conseiller du Commerce Extérieur de la France and mentors SMEs on their international expansion.',NULL,'https://www.linkedin.com/in/dharmansury/','46DQ50jaFctuG5sOl3uZ6eFfpfUEqwy1MiOreCBl.jpg',65,1,'2023-02-07 14:56:01','2023-02-16 00:29:12'),(20,4,'Calvin Chu Yee Ming','Eden Strategy Institute, LLP','Managing Partner','Calvin Chu Yee Ming is a Managing Partner at Eden Strategy Institute, an award-winning strategy consulting firm focusing on social innovation and sustainability. Eden has advised over a hundred Fortune 500 clients in more than 20 countries, including multinational organizations such as Bell Labs, DBS Bank, General Electric, Medtronic, and Samsung; multilateral organisations such as UNDP, UNESCO, UNGC, UNICEF, and UN Women; as well as the governments in Singapore, Indonesia, Malaysia, New Zealand, and Saudi Arabia.\r\n\r\nCalvin has served as a Board Member of Bettr Lives, BioFourmis, Conjunct Consulting, New Energy Nexus Ventures, Rotary Club, and the World Toilet Organisation, as well as President of the Chicago Booth Alumni Club of Singapore. Before founding Eden, Calvin was Vice-President of Business and Strategy Development at the Singapore Exchange (SGX), and Business Group Director leading the Singapore office of a London-listed global consulting firm. He was recognised as a NetImpact Change-maker in 2014 and inducted into the International Who’s Who of Professionals in 2009.',NULL,'https://www.linkedin.com/in/chuyeeming/','IE5VEZQ4FSmYGL2Ej0fd8ITaPDfMb2wXe1ik2IYu.jpg',79,1,'2023-02-14 17:50:55','2023-02-18 19:46:53'),(21,4,'Olga Bezlyudova','CIBC','Director of Energy, Infrastructure & Energy Transition','Olga is the Director at Energy, Infrastructure, and Energy Transition Group in the CIBC Investment Banking team based in NYC and responsible for the origination and execution of M&A mandates across energy and infra sectors, including digital infra.\r\n\r\nShe has over 15 years of buy-side experience across various infrastructure subsectors and geographies, including Europe, CIS, and the US. Prior joining CIBC, Olga spent several years as Director in Mubadala managing $6 billion investment mandate in Russia and CIS and and led the latest capital raise for IXcellerate, the largest private data center in Russia, and a few other deals with data centers. \r\n\r\nDuring her experience Olga closed numerous cross-border private equity and project finance transactions and personally managed asset portfolio representing over $8 billion of enterprise value. She has also served as a board member for IXcellerate data centres, Western High Speed Diameter toll road, Ust-Luga LPG and light oils transhipment terminal and others. \r\n\r\nOlga holds an MBA with distinction from Warwick Business School and Master’s degree in Economics from the State University – Higher School of Economics. She is fluent in English and Russian and conversational in German.',NULL,'https://www.linkedin.com/in/olga-bezlyudova-793b013/','SAfiY4HLurAMMErcgeQSK1PFLWKW3QizmTAsDSbM.jpg',64,1,'2023-02-16 00:28:57','2023-02-17 15:08:15'),(22,4,'Tara Giunta','Paul Hastings LLP','Partner, Co-Chair, ESG','Tara K. Giunta, a partner in the Litigation Department of Paul Hastings, is Co-Chair of its ESG Risk, Strategy and Compliance Group and a Member of the firm’s Investigations and White Collar Defense practice, which is routinely recognized by the Global Investigations Review (GIR) as a leading investigations practice and one of a handful of global \"elite\" practice groups. Ms. Giunta is a recognized risk, strategy and compliance expert and advisor to global companies on corporate governance and enterprise risk management. She advises C-suites and boards in identifying and mitigating risks, developing and enhancing compliance programs, investigating and remediating wrongdoing and/or internal control weaknesses, conducting compliance-related due diligence in M&A and other commercial transactions, and developing reporting and disclosure frameworks.\r\n\r\nHer work has spanned the globe, performing risk assessments, conducting investigations and rolling out comprehensive compliance programs in Africa, the Middle East, South America, and Asia.\r\n\r\nMs. Giunta was recognized by GIR in its inaugural Women in Investigations list, which recognized 100 women across the globe who are “achieving great things in a competitive and notoriously tough area of law.” She is also Co-Chair of the firm’s Global Diversity Council and Chair of the firm’s Women’s Initiative. Ms. Giunta is Founder and Editor of the firm’s publication, Breaking the Glass Ceiling: Women in the Boardroom, now in its Fifth Edition, and speaks often on corporate governance, ESG compliance and risk. Ms. Giunta was a recipient of Corporate Counsel’s 2019 Women, Influence & Power in Law Awards under the Thought Leadership category.',NULL,'https://www.linkedin.com/in/tara-giunta-4a05871a/','gx4ZPU14piYMueUFQUZdWLoLOqn33fUitGkNxLUH.jpg',66,1,'2023-02-16 00:33:22','2023-02-16 00:36:55'),(23,4,'Laurence Hainault','CREDIT SUISSE','MANAGING DIRECTOR','Laurence G. Hainault is a Managing Director in the Capital Markets & Advisory division, based in Paris.\r\n\r\nShe is a Senior Member of the Client Advisory Group, Head of EMEA Telecoms as well as responsible for covering Telecom, Media and Technology clients in France. She has also been leading the dedicated Telecom Infrastructure Initiative.\r\n\r\nMs. Hainault joined Credit Suisse First Boston in October 2000 through the merger with Donaldson, Lufkin & Jenrette (“DLJ”) where she was an Associate in the Mergers & Acquisitions team. She started her career in 1997 as a member of the DLJ Media & Telecom team, based in New York to then work in the M&A team in London in 2000. In the same year, she joined the Credit Suisse TMT team, based in London until 2009.\r\n\r\nMs. Hainault holds 24 years of experience working for TMT clients on a wide range of assignments including M&A, ECM, HY and DCM.\r\n\r\nMs. Hainault holds a Magistère degree in \"Bank-Finance-Insurance\" and a DEA-Research Master in International Economics and Finance from the University of Paris Dauphine as well as a Master degree in Business Law from the University of Paris Pantheon Sorbonne.',NULL,'https://www.linkedin.com/in/laurence-hainault-1b1a40167/','RXLdQ4gIvEhHuHqardT9uRUJm70YfIrnCHEhx5Vk.jpg',67,1,'2023-02-18 19:46:37','2023-02-18 19:46:53');

--
-- Table structure for table `menu_items`
--

CREATE TABLE `menu_items` (
  `id` bigint unsigned NOT NULL AUTO_INCREMENT,
  `page_id` bigint unsigned NOT NULL,
  `label` varchar(100) CHARACTER SET utf8mb4 COLLATE utf8mb4_unicode_ci NOT NULL,
  `url` varchar(100) CHARACTER SET utf8mb4 COLLATE utf8mb4_unicode_ci NOT NULL,
  `target` varchar(10) CHARACTER SET utf8mb4 COLLATE utf8mb4_unicode_ci NOT NULL,
  `sort_order` int NOT NULL,
  `status` tinyint unsigned NOT NULL,
  `created_at` timestamp NULL DEFAULT NULL,
  `updated_at` timestamp NULL DEFAULT NULL,
  PRIMARY KEY (`id`),
  KEY `menu_items_page_id_foreign` (`page_id`),
  KEY `menu_items_status_index` (`status`),
  CONSTRAINT `menu_items_page_id_foreign` FOREIGN KEY (`page_id`) REFERENCES `pages` (`id`)
) ENGINE=InnoDB AUTO_INCREMENT=58 DEFAULT CHARSET=utf8mb4 COLLATE=utf8mb4_unicode_ci;

--
-- Dumping data for table `menu_items`
--

INSERT INTO `menu_items` VALUES (1,1,'Home','/','_self',1,1,'2022-03-26 08:51:34','2022-03-26 19:46:26'),(2,1,'Awards','/page/the-tech-capital-awards','_self',2,1,'2022-03-26 08:52:03','2022-03-26 19:46:26'),(3,1,'Agenda','/page/international-finance-forum#agenda','_self',3,1,'2022-03-26 08:52:40','2022-03-26 19:46:26'),(4,1,'Sponsors','/page/international-finance-forum#sponsors','_self',4,1,'2022-03-26 08:52:54','2022-03-26 19:46:26'),(5,1,'Venue','/page/international-finance-forum#location','_self',6,1,'2022-03-26 08:53:11','2022-03-26 19:46:18'),(6,1,'Covid 19','/page/international-finance-forum#covid','_self',14,1,'2022-03-26 08:53:34','2022-03-26 19:46:18'),(7,2,'Home','/','_self',8,1,'2022-03-26 13:18:13','2022-03-26 19:46:18'),(8,2,'Judges','/page/the-tech-capital-awards#judges','_self',9,1,'2022-03-26 13:18:50','2022-03-26 19:46:18'),(9,2,'Sponsors','/page/the-tech-capital-awards#sponsors','_self',10,1,'2022-03-26 13:19:01','2022-03-26 19:46:18'),(10,2,'Categories','/page/the-tech-capital-awards#categories','_self',11,1,'2022-03-26 13:19:18','2022-03-26 19:46:18'),(11,2,'IFF22','/page/international-finance-forum','_self',12,1,'2022-03-26 13:19:56','2022-03-26 19:46:18'),(12,2,'Enquiries','mailto:enquiries@thetechcapital.com','_self',13,1,'2022-03-26 13:21:02','2022-03-28 10:21:55'),(13,1,'Enquiries','mailto:enquiries@thetechcapital.com','_self',15,1,'2022-03-26 19:42:34','2022-03-28 10:20:31'),(14,1,'Speakers','/page/international-finance-forum#speakers','_self',5,1,'2022-03-26 19:45:58','2022-03-26 19:46:26'),(15,3,'Home','/','_self',16,1,'2022-11-02 03:03:06','2022-11-02 03:03:06'),(16,3,'Awards','/page/the-tech-capital-awards-2023','_self',17,1,'2022-11-02 03:03:37','2022-11-02 03:03:37'),(17,3,'Agenda','/page/international-finance-forum-2023#agenda','_self',18,1,'2022-11-02 03:03:57','2022-11-02 03:03:57'),(18,3,'Sponsors','/page/international-finance-forum-2023#sponsors','_self',19,1,'2022-11-02 03:04:12','2022-11-02 03:04:12'),(19,3,'Speakers','/page/international-finance-forum-2023#speakers','_self',20,1,'2022-11-02 03:04:27','2022-11-02 03:04:27'),(20,3,'Location','/page/international-finance-forum-2023#location','_self',21,1,'2022-11-02 03:04:43','2022-11-02 03:04:43'),(21,3,'Enquiries','mailto:enquiries@thetechcapital.com','_self',22,1,'2022-11-02 03:04:59','2022-11-02 03:04:59'),(22,3,'IFF22','https://events.thetechcapital.com/page/international-finance-forum','_self',23,1,'2022-11-02 03:26:31','2022-11-02 03:26:31'),(23,4,'Home','/','_self',24,1,'2022-11-02 03:47:04','2022-11-02 03:47:04'),(24,4,'Judges','/pages/the-tech-capital-awards-2023#judges','_self',26,1,'2022-11-02 03:47:15','2022-11-07 09:41:31'),(25,4,'Sponsors & Partners','/pages/the-tech-capital-awards-2023#sponsors','_self',27,1,'2022-11-02 03:47:29','2022-11-07 09:41:31'),(26,4,'Categories','/pages/the-tech-capital-awards-2023#categories','_self',25,1,'2022-11-02 03:47:41','2022-11-07 09:41:31'),(27,4,'IFF23','/page/international-finance-forum-2023','_self',28,1,'2022-11-02 03:47:58','2022-11-02 03:47:58'),(28,4,'Enquiries','mailto:enquiries@thetechcapital.com','_self',29,1,'2022-11-02 03:48:13','2022-11-02 03:48:13'),(29,4,'2022 Winners','https://thetechcapital.com/winners-of-the-tech-capital-awards-2022-announced-in-london/','_self',30,1,'2022-11-02 03:48:55','2022-11-02 03:48:55'),(30,5,'Home','/','_self',31,1,'2022-12-30 16:54:04','2022-12-30 16:54:04'),(31,5,'Agenda','/page/investing-in-change-2023#agenda','_self',32,1,'2022-12-30 16:54:29','2022-12-30 16:54:29'),(32,5,'Partners','/page/investing-in-change-2023#sponsors','_self',33,1,'2022-12-30 16:54:49','2022-12-30 16:54:49'),(33,5,'Speakers','/page/investing-in-change-2023#speakers','_self',34,1,'2022-12-30 16:55:09','2022-12-30 16:55:09'),(34,5,'Enquiries','mailto:enquiries@thetechcapital.com','_self',35,1,'2022-12-30 16:55:19','2022-12-30 16:55:19'),(36,10,'Home','https://events.thetechcapital.com/','_self',36,1,'2023-10-02 09:09:34','2023-10-02 09:09:34'),(37,10,'Agenda','/page/asia-finance-forum-2023#agenda','_self',37,1,'2023-10-02 09:09:46','2023-10-02 09:09:46'),(38,10,'Sponsors & Partners','/page/asia-finance-forum-2023#sponsors','_self',38,1,'2023-10-02 09:09:59','2023-10-02 09:09:59'),(39,10,'Speakers','/page/asia-finance-forum-2023#speakers','_self',39,1,'2023-10-02 09:10:11','2023-10-02 09:10:11'),(40,10,'Location','/page/asia-finance-forum-2023#location','_self',40,1,'2023-10-02 09:10:24','2023-10-02 09:10:24'),(41,10,'Enquiries','mailto:enquiries@thetechcapital.com','_self',41,1,'2023-10-02 09:10:36','2023-10-02 09:10:36'),(42,10,'IFF24','/page/international-finance-forum-2024','_self',42,1,'2023-10-02 09:10:49','2023-10-02 09:10:49'),(43,12,'Home','/','_self',43,1,'2023-10-02 13:11:15','2023-10-02 13:11:15'),(44,12,'Categories','/page/the-tech-capital-global-awards-2024#categories','_self',44,1,'2023-10-02 13:11:36','2023-10-06 08:48:29'),(45,12,'Judges','/page/the-tech-capital-global-awards-2024#judges','_self',45,1,'2023-10-02 13:11:48','2023-10-02 13:11:48'),(46,12,'Sponsors & Partners','/page/the-tech-capital-global-awards-2024#sponsors','_self',46,1,'2023-10-02 13:12:02','2023-10-02 13:12:02'),(47,12,'IFF2024','/page/international-finance-forum-2024','_self',47,1,'2023-10-02 13:12:14','2023-10-02 13:12:14'),(48,12,'Enquiries','mailto:enquiries@thetechcapital.com','_self',48,1,'2023-10-02 13:12:26','2023-10-02 13:12:26'),(49,12,'2023 Winners','/page/the-tech-capital-awards-2023','_self',49,1,'2023-10-02 13:12:51','2023-10-02 13:12:51'),(50,6,'Home','/','_self',50,1,'2023-10-02 13:35:15','2023-10-02 13:35:15'),(51,6,'Awards','/page/the-tech-capital-awards-2024','_self',51,1,'2023-10-02 13:35:29','2023-10-02 13:35:29'),(52,6,'Agenda','/page/international-finance-forum-2024#agenda','_self',52,1,'2023-10-02 13:35:40','2023-10-02 13:35:40'),(53,6,'Partners','/page/international-finance-forum-2024#sponsors','_self',53,1,'2023-10-02 13:35:55','2023-10-02 13:35:55'),(54,6,'Speaker Faculty','/page/international-finance-forum-2024#speakers','_self',54,1,'2023-10-02 13:36:14','2023-10-02 13:36:14'),(55,6,'Venue','/page/international-finance-forum-2024#location','_self',55,1,'2023-10-02 13:36:24','2023-10-02 13:36:24'),(56,6,'Enquiries','mailto:enquiries@thetechcapital.com','_self',56,1,'2023-10-02 13:36:35','2023-10-02 13:36:35'),(57,6,'IFF23','/page/international-finance-forum-2023','_self',57,1,'2023-10-02 13:36:49','2023-10-02 13:36:49');

--
-- Table structure for table `migrations`
--

CREATE TABLE `migrations` (
  `id` int unsigned NOT NULL AUTO_INCREMENT,
  `migration` varchar(255) CHARACTER SET utf8mb4 COLLATE utf8mb4_unicode_ci NOT NULL,
  `batch` int NOT NULL,
  PRIMARY KEY (`id`)
) ENGINE=InnoDB AUTO_INCREMENT=160 DEFAULT CHARSET=utf8mb4 COLLATE=utf8mb4_unicode_ci;

--
-- Dumping data for table `migrations`
--

INSERT INTO `migrations` VALUES (18,'2014_10_12_000000_create_users_table',1),(19,'2014_10_12_100000_create_password_resets_table',1),(20,'2018_01_01_000000_create_action_events_table',1),(21,'2019_05_10_000000_add_fields_to_action_events_table',1),(22,'2019_08_19_000000_create_failed_jobs_table',1),(23,'2019_12_14_000001_create_personal_access_tokens_table',1),(24,'2022_03_13_152530_create_pages_table',1),(25,'2022_03_13_153708_create_sponsors_table',1),(26,'2022_03_13_154225_create_articles_table',1),(27,'2022_03_13_154656_create_expectations_table',1),(28,'2022_03_13_161739_create_galleries_table',1),(29,'2022_03_13_161740_create_images_table',1),(30,'2022_03_13_161933_create_speakers_table',1),(31,'2022_03_13_164256_create_programmes_table',1),(32,'2022_03_14_205255_create_events_table',1),(33,'2022_03_18_075420_create_blocks_table',1),(34,'2022_03_18_083659_create_banners_table',1),(38,'2022_03_19_142736_add_target_column_to_events_table',2),(39,'2022_03_22_090742_create_programme_speaker_table',3),(40,'2022_03_22_125118_add_bio_info_to_sponsors_table',4),(41,'2022_03_22_125554_add_relationship_to_sponsors_table',4),(42,'2022_03_22_141223_add_company_to_speakers_table',5),(43,'2022_03_22_141711_add_socials_to_speakers_table',5),(44,'2022_03_22_142322_add_bio_to_speakers_table',5),(46,'2022_03_23_112527_create_registrations_table',6),(47,'2022_03_25_175151_add_sort_order_to_speakers_table',7),(48,'2022_03_25_203049_add_sort_order_to_sponsors_table',8),(49,'2022_03_26_082225_create_menu_items_table',9),(50,'2022_03_26_134605_create_categories_table',10),(51,'2022_03_26_200046_add_filename_field_to_categories_table',11),(52,'2022_11_07_100632_add_reception_field_to_registrations_table',12),(54,'2023_02_28_121854_add_sponsorship_field_to_registrations_table',13),(55,'2023_02_28_140509_add_promo_field_to_registrations_table',14),(58,'2023_04_29_101739_add_type_field_to_banners_table',15),(59,'2023_08_27_082140_create_forms_table',16),(60,'2023_08_27_082543_add_layout_field_to_page_table',17),(62,'2023_08_27_101243_drop_ticketing_embed_field_from_pages_table',18),(63,'2023_08_29_105606_create_regions_table',19),(67,'2023_08_29_105702_create_countries_table',20),(68,'2023_08_29_105803_create_company_types_table',20),(69,'2023_08_29_105832_create_job_functions_table',20),(70,'2023_08_29_142152_create_pricing_groups_table',21),(71,'2023_08_29_170126_create_pricing_group_prices_table',22),(72,'2023_09_01_101318_create_jobs_table',23),(74,'2023_09_01_111052_change_registration_table_make_fields_nullable',24),(76,'2023_09_01_111622_change_registration_table_give_default_values',25),(78,'2023_09_01_112039_drop_columns_to_be_replaced_with_fk_from_registration_table',26),(81,'2023_09_01_112350_add_fk_fields_to_registrations_table',27),(82,'2023_09_01_113148_create_attendees_table',27),(84,'2023_09_01_113439_create_promo_codes_table',28),(86,'2023_09_01_131401_add_extra_field_to_registration_table',29),(88,'2023_09_01_131615_drop_timestamps_from_registrations_table',30),(90,'2023_09_01_131743_add_timestamps_to_registrations_table',31),(94,'2023_09_01_165237_add_url_field_to_forms_table',32),(95,'2023_09_01_170938_add_to_cc_field_to_forms_table',32),(97,'2023_09_06_081732_add_heading_field_to_forms_table',33),(99,'2023_09_06_134257_create_judges_table',34),(101,'2023_09_07_093841_drop_map_filename_column_from_pages_table',35),(104,'2023_09_07_094043_add_location_columns_to_pages_table',36),(105,'2023_09_07_094601_drop_address_column_from_pages_table',36),(112,'2023_09_07_102241_create_hotels_table',37),(113,'2023_09_07_103358_add_accommodation_column_to_pages_table',37),(114,'2023_09_07_110817_add_map_column_to_hotels_table',38),(119,'2023_09_08_074808_create_travel_table',39),(120,'2023_09_08_074952_create_to_dos_table',39),(121,'2023_09_08_134529_add_group_field_to_todos_table',40),(122,'2023_09_08_145500_add_restrictions_field_to_pages_table',41),(124,'2023_09_09_174917_add_track_field_to_programmes_table',42),(126,'2023_09_11_105607_create_pricing_extras_table',43),(127,'2023_09_11_111329_add_country_field_to_pages_table',44),(129,'2023_09_12_102432_create_extras_table',45),(132,'2023_09_12_122428_add_status_field_to_registration_table',46),(135,'2023_09_12_191539_create_transactions_table',47),(136,'2023_09_14_102317_create_downloads_table',48),(138,'2023_09_15_121218_drop_blocks_table',49),(139,'2023_09_18_100041_create_homepages_table',50),(141,'2023_09_18_113206_create_testimonials_table',51),(142,'2023_09_18_135341_add_layout_field_to_banners_table',52),(144,'2023_09_19_114039_alter_fields_on_banners_table',53),(146,'2023_09_29_115726_create_share_tags_table',54),(149,'2023_09_29_122951_create_content_pages_table',55),(150,'2023_09_29_123354_add_content_page_foreign_key_to_share_tags_table',55),(153,'2023_09_29_131422_add_offer_field_to_pricing_group_prices_table',56),(155,'2023_10_02_120823_add_text_vat_field_to_pricing_group_prices_table',57),(157,'2023_10_05_083109_drop_articles_table',58),(159,'2023_10_05_092920_drop_slogan_and_content_fields_from_page',59);

--
-- Table structure for table `pages`
--

CREATE TABLE `pages` (
  `id` bigint unsigned NOT NULL AUTO_INCREMENT,
  `name` varchar(200) CHARACTER SET utf8mb4 COLLATE utf8mb4_unicode_ci NOT NULL,
  `slug` varchar(200) CHARACTER SET utf8mb4 COLLATE utf8mb4_unicode_ci NOT NULL,
  `title` varchar(70) CHARACTER SET utf8mb4 COLLATE utf8mb4_unicode_ci NOT NULL,
  `description` varchar(200) CHARACTER SET utf8mb4 COLLATE utf8mb4_unicode_ci NOT NULL,
  `city` varchar(100) CHARACTER SET utf8mb4 COLLATE utf8mb4_unicode_ci NOT NULL,
  `country` varchar(100) CHARACTER SET utf8mb4 COLLATE utf8mb4_unicode_ci NOT NULL,
  `venue` text CHARACTER SET utf8mb4 COLLATE utf8mb4_unicode_ci,
  `travel` text CHARACTER SET utf8mb4 COLLATE utf8mb4_unicode_ci,
  `accommodation` text CHARACTER SET utf8mb4 COLLATE utf8mb4_unicode_ci,
  `things_to_do` text CHARACTER SET utf8mb4 COLLATE utf8mb4_unicode_ci,
  `restrictions` text CHARACTER SET utf8mb4 COLLATE utf8mb4_unicode_ci,
  `longitude` double(10,6) NOT NULL,
  `latitude` double(10,6) NOT NULL,
  `layout` json DEFAULT NULL,
  `starts_at` datetime NOT NULL,
  `ends_at` datetime NOT NULL,
  `status` tinyint unsigned NOT NULL,
  `created_at` timestamp NULL DEFAULT NULL,
  `updated_at` timestamp NULL DEFAULT NULL,
  PRIMARY KEY (`id`),
  UNIQUE KEY `pages_slug_unique` (`slug`),
  KEY `pages_status_index` (`status`)
) ENGINE=InnoDB AUTO_INCREMENT=13 DEFAULT CHARSET=utf8mb4 COLLATE=utf8mb4_unicode_ci;

--
-- Dumping data for table `pages`
--

INSERT INTO `pages` VALUES (1,'International Finance Forum','international-finance-forum','International Finance Forum 2022','Join us at the International Finance Forum 2022 in London','London','',NULL,NULL,NULL,NULL,NULL,51.508110,0.028630,'[{\"id\": \"2d108568a8\", \"name\": \"Speakers\", \"type\": \"blocks.speakers-block\"}]','2022-06-08 07:00:00','2022-06-08 16:00:00',0,NULL,'2023-10-05 12:42:29'),(2,'The Tech Capital Awards','the-tech-capital-awards','The Tech Capital Awards','Tech Capital Awards','London','',NULL,NULL,NULL,NULL,NULL,51.507200,0.127600,'[{\"id\": \"6cca7bdcb1\", \"name\": \"Speakers\", \"type\": \"blocks.speakers-block\"}]','2022-06-08 16:00:00','2023-05-25 19:00:00',0,'2022-03-25 17:44:46','2023-10-05 12:42:29'),(3,'International Finance Forum 2023','international-finance-forum-2023','International Finance Forum 2023','Join us at the International Finance Forum 2023 in London','London','UK','One Great George Street, a four-domed grade II listed Edwardian building close to the Houses of Parliament, Westminster Abbey, Buckingham Palace and St James\'s Park.\r\n\r\nAddress: 1 Great George Street, Westminster, London SW1P 3AA','How to reach us: One Great George Street is located just 5 minutes walk from both London Underground’s Westminster (Exit 6) on the District, Circle and Jubilee lines, and St James\'s Park on the District and Circle lines. London\'s mainline stations at Waterloo, Victoria and Charing Cross are minutes away by foot or by Underground. The venue is also reachable by river (London Eye Pier), by several bus routes 1-2 minutes walk, and is also closely located to several car parks.','Accommodation: The event organisers have secured exclusive night rates at several nearby hotels. Please get in touch for more information.',NULL,NULL,51.501115,-0.129070,'[{\"id\": \"a782004a68\", \"name\": \"Intro\", \"type\": \"blocks.intro-block\", \"blocks\": \"page\", \"content\": \"Live from London and following a successful first edition, The Tech Capital International Finance Forum makes a return under the theme of \\\"At the Heart of Power\\\" for a full day featuring an in-depth, multi-session agenda focused on bringing together business leaders, financers, investors, funders, senior legal advisers, strategists, trendspotters and the visionaries in charge of building digital infrastructure across the globe to debate, inspire and connect.\\n\\nThis private networking and transactional event brings bold thinking and innovative ideas to life as those constructing and supporting the world’s data centres, towers, and fibre infrastructure examine the latest investor trends from sustainability to new technologies, opportunities, risks, the forces influencing the marketplace, and how to make sense of this ever-changing trade.\\n\\nWith a combined market cap north of US$1 trillion, join delegates from public REITs, infrastructure funds, private equity, institutional investors, sovereign wealth funds, operators, government agencies, legal and advisory firms and more in setting the path forward for growth across the global stage of digital infrastructure.\", \"heading\": \"AT THE HEART OF POWER\"}, {\"id\": \"3704dc4211\", \"name\": \"Seperator1\", \"type\": \"blocks.seperator-block\", \"blocks\": \"page\"}, {\"id\": \"fdb05d9e9a\", \"name\": \"Sponsors\", \"type\": \"blocks.sponsors-block\", \"blocks\": \"page\"}, {\"id\": \"f3c5d4228\", \"name\": \"Seperator2\", \"type\": \"blocks.seperator-block\", \"blocks\": \"page\"}, {\"id\": \"145f31c467e\", \"name\": \"Speakers\", \"text\": \"50+ EVENT ORATORS FROM DIFFERENT CONTINENTS AND INDUSTRY BACKGROUNDS WILL INSPIRE, DEBATE AND ENGAGE WITH IFF23\'S EXCLUSIVE AUDIENCE.\", \"type\": \"blocks.speakers-block\", \"blocks\": \"page\"}, {\"id\": \"1545b5a3aa1\", \"name\": \"Expectations\", \"type\": \"blocks.expectations-block\", \"blocks\": \"page\"}, {\"id\": \"15f83116a92\", \"name\": \"Gallery\", \"type\": \"blocks.gallery-block\", \"blocks\": \"page\"}, {\"id\": \"13d565efb05\", \"name\": \"Programme\", \"type\": \"blocks.programme-block\", \"blocks\": \"page\"}, {\"id\": \"ce7a587752\", \"name\": \"Seperator3\", \"type\": \"blocks.seperator-block\", \"blocks\": \"page\"}, {\"id\": \"10383180eca\", \"name\": \"Location\", \"type\": \"blocks.location-block\", \"venue\": true, \"blocks\": \"page\", \"travel\": true, \"accommodation\": true}, {\"id\": \"b240243136\", \"name\": \"Seperator4\", \"type\": \"blocks.seperator-block\", \"blocks\": \"page\"}, {\"id\": \"be1eab8dd5\", \"name\": \"Upcoming Events\", \"type\": \"blocks.upcoming-events-block\", \"blocks\": \"page\"}, {\"id\": \"42ed3fdf4b\", \"name\": \"Seperator5\", \"type\": \"blocks.seperator-block\", \"blocks\": \"page\"}, {\"id\": \"4f24265d84\", \"name\": \"Related Articles\", \"type\": \"blocks.related-articles-block\", \"blocks\": \"page\", \"category\": \"83\"}]','2023-05-24 07:00:00','2023-05-24 19:00:00',0,'2022-11-02 02:54:44','2023-10-05 12:42:29'),(4,'The Tech Capital Awards 2023','the-tech-capital-awards-2023','The Tech Capital Awards 2023','The Tech Capital Awards 2023','London','UK',NULL,NULL,NULL,NULL,NULL,51.507200,0.127600,'[{\"id\": \"c23057f80a\", \"name\": \"Intro\", \"type\": \"blocks.intro-block\", \"blocks\": \"page\", \"content\": \"Join us in London on May 24th for the highly anticipated second edition of The Tech Capital Global Awards! This is your chance to be part of an unforgettable celebration and witness some of the brightest minds and companies in the digital infrastructure finance, development, and regulatory spheres compete for a well-deserved accolade.\\n\\nGet ready to be amazed by the sheer talent and innovation of our nominees and join us in raising a glass to their incredible achievements!\", \"heading\": \"HALLMARK OF EXCELLENCE\"}, {\"id\": \"150145f8c1c\", \"name\": \"Seperator1\", \"type\": \"blocks.seperator-block\", \"blocks\": \"page\"}, {\"id\": \"1809d77b96c\", \"name\": \"Sponsors\", \"type\": \"blocks.sponsors-block\"}, {\"id\": \"8b7fd34e0a\", \"name\": \"Seperator2\", \"type\": \"blocks.seperator-block\", \"blocks\": \"page\"}, {\"id\": \"16fd7c774cf\", \"name\": \"judges\", \"text\": \"TECH INFRASTRUCTURE IS A VERY EXCITING SECTOR, WITH GREAT PEOPLE WHO SHAPE THE LIVES OF BILLIONS OF PEOPLE FROM BEHIND THE SCENES. RECOGNISING THE BEST INITIATIVES AND THE BEST PEOPLE WITH THE TECH CAPITAL WILL BE AN HONOUR - KAREN BACH, 2023 HEAD JUDGE\", \"type\": \"blocks.judges-block\", \"blocks\": \"page\"}, {\"id\": \"d9900c7990\", \"name\": \"expectations\", \"type\": \"blocks.expectations-block\"}, {\"id\": \"185fa88e5a1\", \"name\": \"gallery\", \"type\": \"blocks.gallery-block\"}, {\"id\": \"9d8ac12c84\", \"name\": \"categories\", \"type\": \"blocks.categories-block\"}, {\"id\": \"9866e1fcc7\", \"name\": \"Seperator3\", \"type\": \"blocks.seperator-block\", \"blocks\": \"page\"}, {\"id\": \"9fec5936db\", \"name\": \"upcoming events\", \"type\": \"blocks.upcoming-events-block\"}, {\"id\": \"ed43dd89fb\", \"name\": \"Seperator4\", \"type\": \"blocks.seperator-block\", \"blocks\": \"page\"}, {\"id\": \"14bf3c6499\", \"name\": \"related articles\", \"type\": \"blocks.related-articles-block\", \"category\": \"83\"}]','2023-05-24 17:00:00','2023-05-25 20:00:00',0,'2022-11-02 03:33:46','2023-10-05 12:42:29'),(5,'Investing in Change Forum','investing-in-change-2023','Navigating ESG in Digital Infrastructure Investment','Brought to you in partnership with BCLP','London','UK','Venue','Travel','Accommodation','Things To Do','Restrictions',51.507200,0.127600,'[{\"id\": \"119f7db9d7c\", \"name\": \"Programme\", \"type\": \"blocks.programme-block\"}]','2023-03-23 08:00:00','2023-03-23 12:00:00',0,'2022-12-30 16:48:33','2023-10-05 12:34:21'),(6,'International Finance Forum 2024','international-finance-forum-2024','International Finance Forum 2024','Join us at the International Finance Forum 2024 in London','London','UK','One Great George Street, a four-domed grade II listed Edwardian building close to the Houses of Parliament, Westminster Abbey, Buckingham Palace and St James\'s Park.\r\n\r\nLorem ipsum dolor sit amet, consectetur adipiscing elit. Proin feugiat vitae quam vitae suscipit. Cras id urna dignissim, imperdiet velit at, luctus erat. Quisque pulvinar pharetra ornare. Integer nec lectus at ex aliquet volutpat vel eu nisl. Donec auctor a ex efficitur gravida. Interdum et malesuada fames ac ante ipsum primis in faucibus. In rhoncus felis non dolor tempus euismod. Duis hendrerit, nulla luctus pulvinar cursus, massa urna iaculis dui, non pellentesque dui nisi in dui. In sit amet ultricies nisl. Maecenas placerat lacinia leo, at scelerisque ipsum mollis interdum. Nullam porta quam et risus consectetur efficitur. Integer laoreet rutrum purus, ac ultrices metus rutrum vitae.','The event is being held at 1 Great George Street, Westminster, London SW1P 3AA','Lorem ipsum dolor sit amet, consectetur adipiscing elit. Proin feugiat vitae quam vitae suscipit. Cras id urna dignissim, imperdiet velit at, luctus erat. Quisque pulvinar pharetra ornare. Integer nec lectus at ex aliquet volutpat vel eu nisl. Donec auctor a ex efficitur gravida. Interdum et malesuada fames ac ante ipsum primis in faucibus.','Lorem ipsum dolor sit amet, consectetur adipiscing elit. Proin feugiat vitae quam vitae suscipit. Cras id urna dignissim, imperdiet velit at, luctus erat. Quisque pulvinar pharetra ornare. Integer nec lectus at ex aliquet volutpat vel eu nisl. Donec auctor a ex efficitur gravida. Interdum et malesuada fames ac ante ipsum primis in faucibus.','Due to the ongoing Covid-19 pandemic, restrictions for entry into Indonesia apply. Foreign nationals may consult the respective Indonesian Embassy/Consulate accredited to their country or refer to the following link for visa requirements to enter Indonesia: https://www.imigrasi.go.id/en/covid19/',51.501115,-0.129070,'[{\"id\": \"6229d52bbb\", \"name\": \"Intro\", \"type\": \"blocks.intro-block\", \"blocks\": \"page\", \"content\": \"The International Finance Forum and Global Awards are back in London for their 3rd edition in May 2024. With an expanded agenda that addresses digital infrastructure peers\' real questions, IFF24 will bring together an impressive array of investment, financing, regulatory, operators, and complementary services speakers and attendees for an exceptional exchange of ideas, knowledge, and networking opportunities. This is an excellent platform for you to expand your network, secure new capital, gain valuable insights and expertise to drive your business and digital infrastructure portfolio to new heights.\\n\\nJoin business leaders, financers, investors, funders, senior legal advisers, strategists, trendspotters and the visionaries with a combined market cap north of US$1.2 trillion, excluding web giants. IFF is the quintessential place where those in charge of building the world’s data centres, cell towers, and fibre infrastructure debate, inspire and connect.\", \"heading\": \"NOW IN ITS 3RD YEAR\"}, {\"id\": \"31efbcca9c\", \"name\": \"Seperator1\", \"type\": \"blocks.seperator-block\", \"blocks\": \"page\"}, {\"id\": \"19b211736f\", \"name\": \"Sponsors\", \"type\": \"blocks.sponsors-block\", \"blocks\": \"page\"}, {\"id\": \"cdc04fef4a\", \"name\": \"Seperator2\", \"type\": \"blocks.seperator-block\", \"blocks\": \"page\"}, {\"id\": \"264c9c78df\", \"name\": \"Speakers\", \"type\": \"blocks.speakers-block\"}, {\"id\": \"116527fae55\", \"name\": \"Expectations\", \"type\": \"blocks.expectations-block\", \"blocks\": \"page\"}, {\"id\": \"81f7f3a044\", \"name\": \"Gallery\", \"type\": \"blocks.gallery-block\", \"blocks\": \"page\"}, {\"id\": \"9acb53ae5\", \"name\": \"Seperator3\", \"type\": \"blocks.seperator-block\", \"blocks\": \"page\"}, {\"id\": \"183576bec08\", \"name\": \"Programme\", \"type\": \"blocks.programme-block\", \"blocks\": \"page\"}, {\"id\": \"15168bd1f7f\", \"name\": \"Seperator4\", \"type\": \"blocks.seperator-block\", \"blocks\": \"page\"}, {\"id\": \"1460b232f0f\", \"name\": \"Countdown\", \"type\": \"blocks.countdown-block\", \"blocks\": \"page\", \"startdate\": \"2024-05-23\", \"starttime\": \"08:00\"}, {\"id\": \"cca4ad1445\", \"name\": \"Seperator5\", \"type\": \"blocks.seperator-block\", \"blocks\": \"page\"}, {\"id\": \"58ce62e50c\", \"form\": 1, \"name\": \"Registration Form\", \"type\": \"blocks.form-block\"}, {\"id\": \"3aa48dc277\", \"name\": \"Seperator6\", \"type\": \"blocks.seperator-block\", \"blocks\": \"page\"}, {\"id\": \"66526f3f4f\", \"name\": \"Location\", \"type\": \"blocks.location-block\", \"venue\": true, \"travel\": true, \"things_to_do\": true, \"accommodation\": true}, {\"id\": \"8b466cd18e\", \"name\": \"Seperator7\", \"type\": \"blocks.seperator-block\", \"blocks\": \"page\"}, {\"id\": \"173c8d47da8\", \"name\": \"Upcoming Events\", \"type\": \"blocks.upcoming-events-block\", \"blocks\": \"page\"}, {\"id\": \"4af5f170b1\", \"name\": \"Seperator8\", \"type\": \"blocks.seperator-block\", \"blocks\": \"page\"}, {\"id\": \"9f7b1f953\", \"name\": \"Related Articles\", \"type\": \"blocks.related-articles-block\", \"blocks\": \"page\", \"category\": \"83\"}]','2024-05-23 06:45:00','2024-05-23 19:00:00',1,'2023-02-02 02:54:44','2023-10-02 14:08:50'),(10,'Asia Finance Forum 2023','asia-finance-forum-2023','Asia Finance Forum 2023','The Tech Capital Asia Finance Forum 2023','Jakarta','Indonesia','Jakarta, the bustling capital city of Indonesia, is an excellent location to host the first IFF Asia edition. With a population of over 34 million people within its urban area, Jakarta is a hub of finance, investment, business, culture, commerce, and innovation. The city\'s strategic location at the crossroads of Asia and the Pacific makes it an ideal destination for international delegates with in-flights from all major urban areas in the region.',NULL,'THE LANGHAM, JAKARTA\r\n\r\nDistrict 8, SCBD, Lot 28, Jakarta 12190, Indonesia\r\n\r\n\"2022 Conde Nast Traveler Reader\'s Choice | World Travel Awards 2022\"\r\n\r\nDelegates who need accommodation may reach out directly to the organisers who have secured special rates. Please email iffasia@thetechcapital.co.uk and a member of the team will be in touch within 24 hours.',NULL,NULL,-6.227354,106.807011,'[{\"id\": \"d457d90a51\", \"name\": \"Intro\", \"type\": \"blocks.intro-block\", \"blocks\": \"page\", \"content\": \"The Asia Finance Forum, or IFF Asia, a The Tech Capital finance and investment forum, is the premier gathering for business leaders, investors, legal advisors, and supporting service providers in the rapidly expanding digital infrastructure ecosystem in the Asia-Pacific region. With two successful years in London under our belt, we are excited to bring our expertise and connections to APAC in 2023.\\n\\nCarrying an APAC-focused agenda but with a global perspective, our conference will unite the visionaries who are driving the growth of the data center, fiber, and cell tower industries, providing unparalleled networking and knowledge-sharing opportunities.\\n\\nJoin us in Jakarta for this international gathering to stay ahead of the curve and capitalize on the continent\'s booming digital infrastructure landscape.\", \"heading\": \"EXPANSIVE OPPORTUNITIES, ENDLESS POSSIBILITIES\"}, {\"id\": \"132f196ae45\", \"name\": \"Seperator1\", \"type\": \"blocks.seperator-block\", \"blocks\": \"page\"}, {\"id\": \"7df23f0f59\", \"name\": \"Sponsors\", \"type\": \"blocks.sponsors-block\", \"blocks\": \"page\"}, {\"id\": \"17aef259ca3\", \"name\": \"Seperator2\", \"type\": \"blocks.seperator-block\", \"blocks\": \"page\"}, {\"id\": \"5b97c2888d\", \"name\": \"Speakers\", \"text\": \"35+ INDUSTRY-LEADING NAMES WILL GRACE THE JAKARTA STAGE TO DISCUSS THE LATEST DEVELOPMENTS AROUND FINANCING, INVESTMENT, AND REGULATION ACROSS DIGITAL INFRASTRUCTURE\", \"type\": \"blocks.speakers-block\", \"blocks\": \"page\"}, {\"id\": \"15e0b438303\", \"name\": \"Expectations\", \"type\": \"blocks.expectations-block\", \"blocks\": \"page\"}, {\"id\": \"2c1ef75d8a\", \"name\": \"Gallery\", \"type\": \"blocks.gallery-block\", \"blocks\": \"page\"}, {\"id\": \"688bc74925\", \"name\": \"Programme\", \"type\": \"blocks.programme-block\", \"blocks\": \"page\"}, {\"id\": \"10b4f940a3d\", \"name\": \"Seperator3\", \"type\": \"blocks.seperator-block\", \"blocks\": \"page\"}, {\"id\": \"33295e4dec\", \"name\": \"Countdown\", \"type\": \"blocks.countdown-block\", \"blocks\": \"page\", \"startdate\": \"2023-12-07\", \"starttime\": \"08:00\"}, {\"id\": \"16c77a61df9\", \"name\": \"Seperator4\", \"type\": \"blocks.seperator-block\", \"blocks\": \"page\"}, {\"id\": \"1735cd6be06\", \"name\": \"Location\", \"type\": \"blocks.location-block\", \"venue\": true, \"blocks\": \"page\", \"accommodation\": true}, {\"id\": \"15a89005f9\", \"name\": \"Seperator5\", \"type\": \"blocks.seperator-block\", \"blocks\": \"page\"}, {\"id\": \"91fad8afc\", \"form\": 3, \"name\": \"Registration\", \"type\": \"blocks.form-block\", \"blocks\": \"page\"}, {\"id\": \"389b19dde8\", \"name\": \"Seperator6\", \"type\": \"blocks.seperator-block\", \"blocks\": \"page\"}, {\"id\": \"fbbaab810e\", \"name\": \"Upcoming Events\", \"type\": \"blocks.upcoming-events-block\", \"blocks\": \"page\"}, {\"id\": \"d97c48e1d\", \"name\": \"Seperator7\", \"type\": \"blocks.seperator-block\", \"blocks\": \"page\"}, {\"id\": \"17771d1313f\", \"name\": \"Related Articles\", \"type\": \"blocks.related-articles-block\", \"blocks\": \"page\", \"category\": \"83\"}]','2023-12-07 08:00:00','2023-12-07 20:00:00',1,'2023-10-02 07:58:00','2023-10-06 09:00:11'),(11,'Atlantic Congress 2024','atlantic-congress-2024','Atlantic Congress 2024','Coming Soon','Lisbon - Cascais','Portugal',NULL,NULL,NULL,NULL,NULL,38.696731,-9.422921,'[]','2024-09-10 05:00:00','2024-09-12 19:00:00',0,'2023-10-02 12:38:16','2023-10-02 12:38:16'),(12,'The Tech Capital Global Awards 2024','the-tech-capital-global-awards-2024','The Tech Capital Global Awards 2024','Coming soon','London','UK','One Great George Street, a four-domed grade II listed Edwardian building close to the Houses of Parliament, Westminster Abbey, Buckingham Palace and St James\'s Park.\r\n\r\nAddress: 1 Great George Street, Westminster, London SW1P 3AA','How to reach us: One Great George Street is located just 5 minutes walk from both London Underground’s Westminster (Exit 6) on the District, Circle and Jubilee lines, and St James\'s Park on the District and Circle lines. London\'s mainline stations at Waterloo, Victoria and Charing Cross are minutes away by foot or by Underground. The venue is also reachable by river (London Eye Pier), by several bus routes 1-2 minutes walk, and is also closely located to several car parks.','Accommodation: The event organisers have secured exclusive night rates at several nearby hotels. Please get in touch for more information.',NULL,NULL,51.501141,-0.129006,'[{\"id\": \"8caabc4c45\", \"name\": \"Intro\", \"type\": \"blocks.intro-block\", \"blocks\": \"page\", \"content\": \"Welcome to the The Tech Capital Global Awards 2024, the premier stage for showcasing the brightest minds,, teams and companies in the digital infrastructure finance, development, and regulatory spheres globally.\\n\\nWith over 110 nominations and 21 winners to date, the 3rd edition of the accolades promises to be even more exciting and prestigious. We invite you to secure your passes - as part of IFF24 - now and join us in London, on May 23 for an unforgettable evening of celebration and recognition.\\n\\nMore details about The Tech Capital Global Awards 2024 will be released in Q4 2023 including this year\'s theme, categories open for submissions, the judges committee, and key dates.\", \"heading\": \"ACHIEVEMENTS OF EXCELLENCE\"}, {\"id\": \"159096f9268\", \"name\": \"Seperator1\", \"type\": \"blocks.seperator-block\", \"blocks\": \"page\"}, {\"id\": \"154bf904153\", \"name\": \"Sponsors\", \"type\": \"blocks.sponsors-block\", \"blocks\": \"page\"}, {\"id\": \"11cf0c91cb1\", \"name\": \"Seperator2\", \"type\": \"blocks.seperator-block\", \"blocks\": \"page\"}, {\"id\": \"c3d00d7046\", \"name\": \"Judges\", \"type\": \"blocks.judges-block\", \"blocks\": \"page\"}, {\"id\": \"fe2d58afb8\", \"name\": \"Expectations\", \"type\": \"blocks.expectations-block\", \"blocks\": \"page\"}, {\"id\": \"47e4639a9e\", \"name\": \"Gallery\", \"type\": \"blocks.gallery-block\", \"blocks\": \"page\"}, {\"id\": \"133f366b677\", \"name\": \"Categories\", \"type\": \"blocks.categories-block\", \"blocks\": \"page\"}, {\"id\": \"178548773a3\", \"name\": \"Seperator3\", \"type\": \"blocks.seperator-block\", \"blocks\": \"page\"}, {\"id\": \"7b5f885e25\", \"name\": \"Countdown\", \"type\": \"blocks.countdown-block\", \"blocks\": \"page\", \"startdate\": \"2024-05-22\", \"starttime\": \"17:30\"}, {\"id\": \"16f6ff18bc3\", \"name\": \"Seperator4\", \"type\": \"blocks.seperator-block\", \"blocks\": \"page\"}, {\"id\": \"15d8396320a\", \"name\": \"Location\", \"type\": \"blocks.location-block\", \"venue\": true, \"blocks\": \"page\", \"travel\": true, \"accommodation\": true}, {\"id\": \"13e9ee1235d\", \"name\": \"Seperator5\", \"type\": \"blocks.seperator-block\", \"blocks\": \"page\"}, {\"id\": \"56bbb81826\", \"name\": \"Upcoming Events\", \"type\": \"blocks.upcoming-events-block\", \"blocks\": \"page\"}, {\"id\": \"26a9a02332\", \"name\": \"Seperator6\", \"type\": \"blocks.seperator-block\", \"blocks\": \"page\"}, {\"id\": \"a43acf2023\", \"name\": \"Related Articles\", \"type\": \"blocks.related-articles-block\", \"blocks\": \"page\", \"category\": \"83\"}]','2024-05-22 16:30:00','2024-05-22 22:00:00',1,'2023-10-02 12:40:13','2023-10-02 13:02:17');

--
-- Table structure for table `pricing_extras`
--

CREATE TABLE `pricing_extras` (
  `id` bigint unsigned NOT NULL AUTO_INCREMENT,
  `page_id` bigint unsigned NOT NULL,
  `name` varchar(100) CHARACTER SET utf8mb4 COLLATE utf8mb4_unicode_ci NOT NULL,
  `description` text CHARACTER SET utf8mb4 COLLATE utf8mb4_unicode_ci NOT NULL,
  `price` decimal(8,2) NOT NULL,
  `status` tinyint unsigned NOT NULL,
  `created_at` timestamp NULL DEFAULT NULL,
  `updated_at` timestamp NULL DEFAULT NULL,
  PRIMARY KEY (`id`),
  KEY `pricing_extras_page_id_foreign` (`page_id`),
  CONSTRAINT `pricing_extras_page_id_foreign` FOREIGN KEY (`page_id`) REFERENCES `pages` (`id`) ON DELETE CASCADE
) ENGINE=InnoDB AUTO_INCREMENT=3 DEFAULT CHARSET=utf8mb4 COLLATE=utf8mb4_unicode_ci;

--
-- Dumping data for table `pricing_extras`
--

INSERT INTO `pricing_extras` VALUES (1,6,'Tickets to evening reception','Lorem ipsum dolor sit amet, consectetur adipiscing elit. Nullam consequat diam in nunc sodales sedus',100.00,1,'2023-09-11 10:04:57','2023-09-11 10:27:10'),(2,6,'Something Else','This is something descriptive about this item',12.99,1,'2023-09-12 08:54:21','2023-09-27 07:05:44');

--
-- Table structure for table `pricing_group_prices`
--

CREATE TABLE `pricing_group_prices` (
  `id` bigint unsigned NOT NULL AUTO_INCREMENT,
  `pricing_group_id` bigint unsigned NOT NULL,
  `name` varchar(100) CHARACTER SET utf8mb4 COLLATE utf8mb4_unicode_ci NOT NULL,
  `text` varchar(100) CHARACTER SET utf8mb4 COLLATE utf8mb4_unicode_ci DEFAULT NULL,
  `price` decimal(10,2) NOT NULL,
  `vat` tinyint(1) NOT NULL DEFAULT '0',
  `offer` varchar(50) CHARACTER SET utf8mb4 COLLATE utf8mb4_unicode_ci DEFAULT NULL,
  `status` tinyint unsigned NOT NULL,
  `created_at` timestamp NULL DEFAULT NULL,
  `updated_at` timestamp NULL DEFAULT NULL,
  PRIMARY KEY (`id`),
  KEY `pricing_group_prices_pricing_group_id_foreign` (`pricing_group_id`),
  CONSTRAINT `pricing_group_prices_pricing_group_id_foreign` FOREIGN KEY (`pricing_group_id`) REFERENCES `pricing_groups` (`id`) ON DELETE CASCADE
) ENGINE=InnoDB AUTO_INCREMENT=10 DEFAULT CHARSET=utf8mb4 COLLATE=utf8mb4_unicode_ci;

--
-- Dumping data for table `pricing_group_prices`
--

INSERT INTO `pricing_group_prices` VALUES (1,1,'200 - 101 Tickets Available',NULL,450.00,0,NULL,0,'2023-08-29 16:19:40','2023-09-06 07:29:51'),(2,1,'300 - 201 Tickets Available',NULL,250.00,0,NULL,1,'2023-08-29 16:27:48','2023-10-01 17:23:47'),(3,1,'100 - 51 Tickets Available',NULL,600.00,0,NULL,0,'2023-09-06 07:30:20','2023-09-06 07:30:20'),(4,1,'50 - 11 Tickets Available',NULL,750.00,0,NULL,0,'2023-09-06 07:30:52','2023-09-06 07:30:52'),(5,1,'10 - 1 Tickets Available',NULL,900.00,0,NULL,0,'2023-09-06 07:31:13','2023-09-06 07:31:13'),(6,2,'Early Bird','May - July',585.00,0,NULL,0,'2023-10-02 11:01:50','2023-10-02 11:11:44'),(7,2,'Advanced Discount','August - September',855.00,0,NULL,0,'2023-10-02 11:02:19','2023-10-02 11:11:30'),(8,2,'Group Discount','October - November',1050.00,0,NULL,1,'2023-10-02 11:02:46','2023-10-02 11:11:15'),(9,2,'Last Call','December',1350.00,0,NULL,0,'2023-10-02 11:03:15','2023-10-02 11:11:02');

--
-- Table structure for table `pricing_groups`
--

CREATE TABLE `pricing_groups` (
  `id` bigint unsigned NOT NULL AUTO_INCREMENT,
  `page_id` bigint unsigned NOT NULL,
  `name` varchar(100) CHARACTER SET utf8mb4 COLLATE utf8mb4_unicode_ci NOT NULL,
  `created_at` timestamp NULL DEFAULT NULL,
  `updated_at` timestamp NULL DEFAULT NULL,
  PRIMARY KEY (`id`),
  KEY `pricing_groups_page_id_foreign` (`page_id`),
  CONSTRAINT `pricing_groups_page_id_foreign` FOREIGN KEY (`page_id`) REFERENCES `pages` (`id`) ON DELETE CASCADE
) ENGINE=InnoDB AUTO_INCREMENT=3 DEFAULT CHARSET=utf8mb4 COLLATE=utf8mb4_unicode_ci;

--
-- Dumping data for table `pricing_groups`
--

INSERT INTO `pricing_groups` VALUES (1,6,'Pricing for IFF 2024','2023-08-29 13:26:31','2023-09-04 16:20:38'),(2,10,'Asia Finance Forum 2023','2023-10-02 11:01:04','2023-10-02 11:01:04');

--
-- Table structure for table `programme_speaker`
--

CREATE TABLE `programme_speaker` (
  `programme_id` bigint unsigned NOT NULL,
  `speaker_id` bigint unsigned NOT NULL,
  `created_at` timestamp NULL DEFAULT NULL,
  `updated_at` timestamp NULL DEFAULT NULL,
  KEY `programme_speaker_programme_id_foreign` (`programme_id`),
  KEY `programme_speaker_speaker_id_foreign` (`speaker_id`),
  CONSTRAINT `programme_speaker_programme_id_foreign` FOREIGN KEY (`programme_id`) REFERENCES `programmes` (`id`),
  CONSTRAINT `programme_speaker_speaker_id_foreign` FOREIGN KEY (`speaker_id`) REFERENCES `speakers` (`id`)
) ENGINE=InnoDB DEFAULT CHARSET=utf8mb4 COLLATE=utf8mb4_unicode_ci;

--
-- Dumping data for table `programme_speaker`
--

INSERT INTO `programme_speaker` VALUES (2,2,NULL,NULL),(3,6,NULL,NULL),(4,5,NULL,NULL),(5,14,NULL,NULL),(9,1,NULL,NULL),(7,25,NULL,NULL),(8,26,NULL,NULL),(17,27,NULL,NULL),(7,29,NULL,NULL),(8,30,NULL,NULL),(8,31,NULL,NULL),(7,33,NULL,NULL),(4,35,NULL,NULL),(4,36,NULL,NULL),(7,37,NULL,NULL),(11,42,NULL,NULL),(11,34,NULL,NULL),(11,38,NULL,NULL),(11,41,NULL,NULL),(14,21,NULL,NULL),(18,43,NULL,NULL),(18,23,NULL,NULL),(18,32,NULL,NULL),(18,39,NULL,NULL),(18,44,NULL,NULL),(12,40,NULL,NULL),(12,9,NULL,NULL),(12,8,NULL,NULL),(12,28,NULL,NULL),(12,45,NULL,NULL),(8,46,NULL,NULL),(7,47,NULL,NULL),(9,48,NULL,NULL),(11,49,NULL,NULL),(17,50,NULL,NULL),(17,51,NULL,NULL),(17,52,NULL,NULL),(24,57,NULL,NULL),(29,56,NULL,NULL),(22,55,NULL,NULL),(25,58,NULL,NULL),(27,69,NULL,NULL),(27,68,NULL,NULL),(25,74,NULL,NULL),(28,73,NULL,NULL),(28,75,NULL,NULL),(28,76,NULL,NULL),(23,77,NULL,NULL),(25,80,NULL,NULL),(25,81,NULL,NULL),(25,82,NULL,NULL),(28,83,NULL,NULL),(28,92,NULL,NULL),(81,113,NULL,NULL),(82,114,NULL,NULL),(83,142,NULL,NULL),(83,140,NULL,NULL),(83,139,NULL,NULL),(83,157,NULL,NULL),(83,137,NULL,NULL),(84,155,NULL,NULL),(84,115,NULL,NULL),(84,146,NULL,NULL),(84,150,NULL,NULL),(84,156,NULL,NULL),(86,134,NULL,NULL),(86,127,NULL,NULL),(86,125,NULL,NULL),(86,126,NULL,NULL),(86,159,NULL,NULL),(87,119,NULL,NULL),(87,121,NULL,NULL),(87,147,NULL,NULL),(87,131,NULL,NULL),(87,118,NULL,NULL),(88,136,NULL,NULL),(88,129,NULL,NULL),(90,154,NULL,NULL),(91,160,NULL,NULL),(91,144,NULL,NULL),(91,148,NULL,NULL),(91,149,NULL,NULL),(91,162,NULL,NULL),(94,145,NULL,NULL),(94,128,NULL,NULL),(94,120,NULL,NULL),(94,130,NULL,NULL),(94,123,NULL,NULL),(92,152,NULL,NULL),(92,122,NULL,NULL),(92,138,NULL,NULL),(92,141,NULL,NULL),(92,158,NULL,NULL),(95,161,NULL,NULL),(95,117,NULL,NULL),(95,135,NULL,NULL),(95,133,NULL,NULL),(95,163,NULL,NULL),(96,153,NULL,NULL),(96,132,NULL,NULL),(96,124,NULL,NULL),(96,143,NULL,NULL),(96,151,NULL,NULL);

--
-- Table structure for table `programmes`
--

CREATE TABLE `programmes` (
  `id` bigint unsigned NOT NULL AUTO_INCREMENT,
  `page_id` bigint unsigned NOT NULL,
  `title` varchar(1000) CHARACTER SET utf8mb4 COLLATE utf8mb4_unicode_ci NOT NULL,
  `description` text CHARACTER SET utf8mb4 COLLATE utf8mb4_unicode_ci,
  `track` varchar(20) CHARACTER SET utf8mb4 COLLATE utf8mb4_unicode_ci DEFAULT NULL,
  `starts_at` datetime NOT NULL,
  `ends_at` datetime NOT NULL,
  `status` tinyint unsigned NOT NULL,
  `created_at` timestamp NULL DEFAULT NULL,
  `updated_at` timestamp NULL DEFAULT NULL,
  PRIMARY KEY (`id`),
  KEY `programmes_page_id_foreign` (`page_id`),
  KEY `programmes_status_index` (`status`),
  CONSTRAINT `programmes_page_id_foreign` FOREIGN KEY (`page_id`) REFERENCES `pages` (`id`)
) ENGINE=InnoDB AUTO_INCREMENT=99 DEFAULT CHARSET=utf8mb4 COLLATE=utf8mb4_unicode_ci;

--
-- Dumping data for table `programmes`
--

INSERT INTO `programmes` VALUES (1,1,'Registration & Networking Breakfast',NULL,NULL,'2022-06-01 08:00:00','2022-06-01 08:55:00',1,NULL,'2022-05-06 13:34:10'),(2,1,'Opening Remarks from The Tech Capital',NULL,NULL,'2022-06-01 08:55:00','2022-06-01 09:05:00',1,NULL,'2022-05-06 13:35:28'),(3,1,'Global Finance and Investment Market Assessment','Taking the temperature of the global digital infrastructure marketplace, this is an opportunity to analyse the economic impact of the sector as well as the overarching trends and macro-economic opportunities that can be identified in spending, including M&A, expansion, and management of assets.',NULL,'2022-06-01 09:05:00','2022-06-01 09:25:00',1,NULL,NULL),(4,1,'State of Digital Infrastructure','With digital infrastructure CAPEX expected to top US$4 trillion over the next decade, the executive panel will discuss the evolution of the marketplace across data centres, fibre, towers, and edge, and whether business and financing models require a new approach, what\'s Wall Street\'s play today, and the role of hyperscalers.',NULL,'2022-06-01 09:25:00','2022-06-01 10:05:00',1,NULL,NULL),(5,1,'Exclusive insights into investors\' challenges, opportunities, and ambitions','The session will reveal the results of the first global investor community survey undertaken by The Tech Capital and DIAL. Learn about what the sector thinks of current market conditions, challenges, the path to success, maintenance and maximising of asset value, growth opportunities, and more.',NULL,'2022-06-01 10:05:00','2022-06-01 10:25:00',1,NULL,NULL),(6,1,'Morning Networking Break',NULL,NULL,'2022-06-01 10:25:00','2022-06-01 10:45:00',1,NULL,'2022-05-06 13:36:05'),(7,1,'Capital Funding: A dive into equity and debt finance markets','Institutional investors, asset managers, private equity firms, sovereign wealth funds, hedge funds, family offices, REITs, and private individuals, the profile of those financing the expansion of the market is shifting and diversifying supporting the argument that the market is maturing. This at a time when debt financing is delivering good grades for operators. The panellists will explore the current private equity and debt finance framework which is pulling mega capital into the sector, the strategies, returns, and emerging risks and opportunities in the context of a shifting global market, and how investors can best protect themselves from exposure from inflation to geo-political adversities.',NULL,'2022-06-01 10:45:00','2022-06-01 11:25:00',1,NULL,'2022-05-06 13:37:02'),(8,1,'Digital Infrastructure M&A around the world','The digital infrastructure space has in the past years broken record after record in terms of M&A deals. From Tokyo to Los Angeles and everywhere in between be it APAC, Africa, Europe, or Latin America, there is a fierce race to acquire infrastructure assets – and the talent running it. As the clock continues to tick, the window of opportunity is wide open. Experts will debate what recent deals mean for the market as well as what the projections tell us of the near and long future, especially as telcos rethink their deconversion of assets amidst a boom in edge deployments.',NULL,'2022-06-01 11:25:00','2022-06-01 12:05:00',1,NULL,'2022-05-06 13:37:38'),(9,1,'Fireside chat','A special chat between two industry heavyweights not to be missed.',NULL,'2022-06-01 12:05:00','2022-06-01 12:35:00',1,NULL,'2022-05-06 13:38:17'),(10,1,'Networking Lunch',NULL,NULL,'2022-06-01 12:35:00','2022-06-01 13:35:00',1,NULL,'2022-05-06 13:38:38'),(11,1,'Climate Capital: Making climate investing profitable','The climate challenge and sustainability are at the heart of every digital infrastructure project today. Or so they should be. Panellists will discuss if the vast amount of money being thrown at green and blue financing is being used purposefully, what the role of private equity is in the energy transition, how to avoid green capital washing, what markets are leading by example, and if regulatory changes, business strategies and innovative financing structures can deliver 2030 targets.',NULL,'2022-06-01 13:40:00','2022-06-01 14:20:00',1,NULL,'2022-05-06 13:40:36'),(12,1,'The Southern Globe Decade','Explore the destinations for investment across the Southern Hemisphere. Home to more than three billion people - a large part of it still offline - our panel will access the opportunities and challenges of new markets across LATAM, Africa, the Middle East, India, and Southeast Asia. Where is the race to connect the next billion at? How much investment will be needed? Are there new barriers to entry?',NULL,'2022-06-01 14:20:00','2022-06-01 15:00:00',1,NULL,'2022-06-04 20:27:43'),(13,1,'Afternoon Networking Break',NULL,NULL,'2022-06-01 15:00:00','2022-06-01 15:20:00',1,NULL,'2022-05-06 13:41:18'),(14,1,'Regulation and Legislation','As digital infrastructure earns the critical infrastructure stamp from nations across the planet, there are inherent issues that can hinder developments and ultimately result in lost deals and revenue. What are the legal hurdles today? How has contracting changed? What are the land use and entitlement regulations? What are the implications of the different data sovereignty legislations around the globe? What do enterprises look for and what\'s the developer\'s responsibility? How will digital infrastructure law be framed in the future?',NULL,'2022-06-01 15:20:00','2022-06-01 15:40:00',1,NULL,'2022-05-06 13:42:13'),(17,1,'The FUTURE OF DIGITAL INFRASTRUCTURE','By 2023, digital infrastructure will be the underlying platform for all IT and business automation initiatives anywhere and everywhere, according to IDC. Digital infrastructure, be it hyperscale or at the edge, is now the foundation of our economy and the basis upon which future innovations, creations and investments will be generated. In this panel session, experts from some of the world’s leading corporates will discuss what the future holds for digital infrastructure, as well as how the market will help enable new realities like the metaverse, Web 3.0 and more.',NULL,'2022-06-08 15:40:00','2022-06-08 16:20:00',1,'2022-05-06 13:44:49','2022-05-06 13:44:49'),(18,1,'ESG: KEY TRENDS AND INVESTMENT STEWARDSHIP','Investment stewardship is the way to do business in the 21st century. Engaging with policy makers and standard setters, ensuring the human capital is protected and invested upon, and keeping the environment safe are factors without which investments could struggle in their road to triumph. This roundtable session will argue on how to integrate social and environmental values into investment portfolios, how to factor ESG non-financial elements to identify material risks and growth opportunities, how to manage direct exposure to private equity or real assets, and more.',NULL,'2022-06-08 16:20:00','2022-06-08 17:00:00',1,'2022-05-06 13:47:13','2022-05-06 13:47:13'),(19,1,'THE TECH CAPITAL AWARDS','Join The Tech Capital Awards drinks reception in recognising the many talented individuals, teams and companies operating in the digital infrastructure finance, investment, and legal spheres.',NULL,'2022-06-08 17:00:00','2022-06-08 19:00:00',1,'2022-05-06 13:48:06','2022-05-06 13:48:06'),(21,5,'Networking Breakfast',NULL,NULL,'2023-02-02 08:30:00','2023-02-02 09:00:00',1,'2022-12-30 16:49:40','2022-12-30 17:18:33'),(22,5,'OPENING REMARKS FROM THE TECH CAPITAL',NULL,NULL,'2023-01-02 09:00:00','2023-02-02 09:05:00',1,'2022-12-30 17:19:21','2022-12-30 17:19:21'),(23,5,'European Market Update','As many countries land some of their largest foreign direct investment (FDI) deals to date on the back of attracting data centre deployments, the dynamics of such investments are increasingly being discussed more in the public opinion space. From sanctions to 360 degrees regulatory turns, this session will navigate where the continent stands on FDI.','track-1','2023-02-02 09:05:00','2023-02-02 09:30:00',1,'2022-12-30 17:19:56','2023-09-09 17:26:42'),(24,5,'Around European FDI in 20 minutes','As many countries land some of their largest foreign direct investment (FDI) deals to date on the back of attracting data centre deployments, the dynamics of such investments are increasingly being discussed more in the public opinion space. From sanctions to 360 degrees regulatory turns, this session will navigate where the continent stands on FDI.','track-2','2023-02-02 09:30:00','2023-02-02 09:50:00',1,'2022-12-30 17:20:35','2023-09-09 17:26:57'),(25,5,'Panel: Investing sustainably and safely in today’s risky world','The world has changed considerably in the past 12 months. From dealing with the aftermath of the Covid-19 pandemic, to the invasion of Ukraine by Russia, economic recession, inflation, supply chain issues, and an energy crisis not seen in decades, there are many factors that need to be considered by any digital infrastructure investor. This panel will discuss the current macroeconomic landscape of Europe and how to circumnavigate these risks from geopolitics to power, to brand risks.',NULL,'2023-02-02 09:50:00','2023-02-02 10:20:00',1,'2022-12-30 17:21:10','2022-12-30 17:21:10'),(26,5,'Networking Tea & Coffee',NULL,NULL,'2023-02-02 10:20:00','2023-02-02 10:50:00',1,'2022-12-30 17:21:35','2022-12-30 17:21:35'),(27,5,'Case Study: Creating a symbiotic relationship between power users and power generators Energia and Microsoft','As one of the world’s mega-consumers of power data centre operators and occupiers are often criticised as being bad for sustainability.  However, the reality is very different and these mega-consumers have the ability to create positive change and help underpin more renewables development. The recent announcement by Microsoft and Energia of their venture to for Energia to develop multiple onshore renewables assets with Microsoft buying the power generated is a great example of what can be achieved. BCLP acted for Energia in the venture. In this session we will look at how that deal came together and lessons that the industry can learn from it.',NULL,'2023-02-02 10:50:00','2023-02-02 11:10:00',1,'2022-12-30 17:22:07','2023-01-03 16:44:00'),(28,5,'Panel: Is green financing killing the planet?','Today’s investors wrestle with confusing ESG terminology, definitions, and labels and the rapid growth of ESG funds has raised questions about its credibility, with both sceptics and idealists alike touting examples of greenwashing or social-responsibility spin. This is in return shifting the green financing conversation from one where capital was readily available to an area where due diligence and careful undertaking of measurements is paramount. In this session, experts will debate the risks associated with green financing, if it makes sense in this ever evolving industry, what the short and long term risks and opportunities are for both backers and infrastructure operators, and ultimately if green financing has reached its end.',NULL,'2023-02-02 11:10:00','2023-02-02 11:40:00',1,'2022-12-30 17:22:48','2023-01-04 17:19:51'),(29,5,'Closing Remarks',NULL,NULL,'2023-02-02 11:40:00','2023-02-02 11:45:00',1,'2022-12-30 17:23:22','2022-12-30 17:23:22'),(30,5,'Networking Tea & Coffee',NULL,NULL,'2023-02-02 11:45:00','2023-02-02 12:00:00',1,'2022-12-30 17:23:44','2022-12-30 17:23:44'),(53,10,'FAREWELL NETWORKING RECEPTION','Experience the ultimate networking experience at our electrifying end-of-the-day reception, where the power of connections and the thrill of building relationships will ignite the evening\'s possibilities.',NULL,'2023-12-07 17:55:00','2023-12-07 20:00:00',1,'2023-10-02 10:00:04','2023-10-02 10:00:04'),(54,10,'Closing Remarks from The Tech Capital',NULL,NULL,'2023-12-07 17:50:00','2023-12-07 17:55:00',1,'2023-10-02 10:00:39','2023-10-02 10:00:39'),(55,10,'Digital Connectivity: Value creation in subsea, IXs, next-gen networking, and cell towers','In this panel session, industry specialists will delve into the crucial need for investment in subsea infrastructure, internet exchanges, fibre optic networks, and next-generation networking technologies. The session will explore emerging trends and technologies in the subsea industry, highlighting their impact on digital connectivity. Additionally, the discussion will shed light on the significance of cell towers in enhancing connectivity and meeting the growing demands of the digital landscape. With a focus on hyperscale solutions, this session will provide valuable insights that extend beyond Asia, serving as a foundation for the continent\'s development in the digital infrastructure space.',NULL,'2023-12-07 17:10:00','2023-12-07 17:50:00',1,'2023-10-02 10:01:44','2023-10-02 10:01:44'),(56,10,'Unlocking Opportunities: Exploring Access to Capital and M&A in APAC','Top investors and financiers take part in a dynamic panel discussion where they will delve into the impact of M&A activities in the Asia-Pacific continent. Panellists will share insights into questions surrounding foreign direct investment (FDI) in digital infrastructure-related deployments, discuss Asian capital versus Western capital to fund Asia\'s digital infrastructure projects, access to capital - especially private equity (PE) and delve into the strategies and trends shaping the region\'s transactional landscape and how these initiatives will drive growth and innovation in 2024.',NULL,'2023-12-07 16:30:00','2023-12-07 17:10:00',1,'2023-10-02 10:02:18','2023-10-02 10:02:18'),(57,10,'AFTERNOON NETWORKING BREAK',NULL,NULL,'2023-12-07 16:00:00','2023-12-07 16:30:00',1,'2023-10-02 10:03:33','2023-10-02 10:03:33'),(58,10,'Climate Emergency: Exploring ASEAN\'s Power Needs and Green Future','This panel session brings together top executives from energy and power-related companies to delve into the power requirements of ASEAN and the crucial role of energy in building digital infrastructure across the region. The discussion will focus on available technologies and solutions that ensure a green future, while also addressing the positive financial outcomes associated with capital raising for such projects. Learn all there is on meeting power demands sustainably and driving the region\'s digital transformation through new green financing avenues.',NULL,'2023-12-07 15:20:00','2023-12-07 16:00:00',1,'2023-10-02 10:04:26','2023-10-02 10:04:26'),(59,10,'Investing in Indonesia: How Indonesia and SEAsia can win the Carbon-Free Energy Quest to Fuel AI Data Centres and the needed Crucial Deal Structures','This session will explore the challenges and opportunities in Indonesia\'s journey towards a digital infrastructure future. Expert panellists, including industry leaders, financers, and government representatives, will discuss the skills needed to navigate this rapidly shifting landscape and the new capital access platforms available. They will address questions such as: What are the innovative public-private partnership financing models for digital infrastructure projects in Indonesia? How can investors take advantage of the loosened investment barriers and incentives provided by the government? What are the challenges and solutions in data centre investment? How can the environmental impacts of data centres be addressed? How will the AI rush be financed and deliver a solid ROI?',NULL,'2023-12-07 14:35:00','2023-12-07 15:20:00',1,'2023-10-02 10:05:00','2023-10-02 10:05:00'),(60,10,'Investing in Indonesia: A nation’s outlook','Led by a global research and consulting house, this insightful presentation will present an in-depth overview of Indonesia\'s thriving digital infrastructure economy from Batam to Jakarta, Bali and beyond. Hear about the rising locations of investment in the country, backed by impressive figures that highlight its remarkable growth which is posed to triple the country’s capacity by the end of this decade. The presentation will also explore the future forecast of this Southeast Asian powerhouse, examining the trajectory of its digital infrastructure landscape and the opportunities it presents. From financing models to investment barriers, submarine cable investments to the environmental impact of data centres, these are valuable insights into Indonesia\'s digital future.',NULL,'2023-12-07 14:20:00','2023-12-07 14:35:00',1,'2023-10-02 10:05:31','2023-10-02 10:05:31'),(61,10,'NETWORKING LUNCH',NULL,NULL,'2023-12-07 13:15:00','2023-12-07 14:20:00',1,'2023-10-02 10:05:59','2023-10-02 10:05:59'),(62,10,'Navigating Geopolitics: The West on China and its impact on APAC’s digital infrastructure monopoly','In this thought-provoking session, a leading analyst delves into the complex realm of geopolitics, specifically focusing on the West-China decoupling and its profound impact on digital infrastructure deployments. This presentation will shed light on the challenges and opportunities that arise from this emerging world order. By examining the effects of the West-China decoupling on APAC countries, particularly in the southern region, uncover a fascinating landscape where new possibilities emerge for data centres, fibre networks, and cell towers. Despite the inherent risks, the decoupling presents an opportunity for these nations to strengthen their digital infrastructure and establish themselves as key players in the global technological landscape. Moreover, this session explores the role of M&A and capital raising in shaping the future of digital infrastructure deployments.',NULL,'2023-12-07 13:00:00','2023-12-07 13:15:00',1,'2023-10-02 10:06:33','2023-10-02 10:06:33'),(63,10,'The Big AI Rush: What\'s the appetite for real estate development in different locales?','Learn about the opportunities and challenges posed by AI in the digital infrastructure sector, with a focus on the next big market for this technological – and societal - revolution. Delve into the comparison between mature markets like Japan and South Korea and advancing markets such as India or Indonesia. The big question everyone is asking: what are the financing and investment models required to support the growth of AI in these markets? And how can the needed infrastructure be backed to operate on green renewable sources?',NULL,'2023-12-07 12:20:00','2023-12-07 13:00:00',1,'2023-10-02 10:07:11','2023-10-02 10:07:11'),(64,10,'AI, Sovereignty, and Business: Pressing Legal landscape challenges and future legislation','Join this panel session as industry legal houses delve into the opportunities and challenges facing the Asia region in the ever-changing legal landscape. In a time of increasing deglobalisation, navigating the complexities of legal frameworks becomes more challenging than ever. From shifting from soft to hard law requirements to addressing ESG and human rights obligations, companies and investors must identify and mitigate risks in their operations and supply chains. The panel will discuss the impact of economic growth but also challenges, exploring the regulatory business environment\'s unpredictability. Panellists will also explore how the expansion of digital infrastructure into new territories influences operations, regulations concerning data sovereignty, land, and sustainability and share their first thoughts on AI legal frameworks that may lie ahead.',NULL,'2023-12-07 11:40:00','2023-12-07 12:20:00',1,'2023-10-02 10:07:40','2023-10-02 10:07:40'),(65,10,'MORNING NETWORKING BREAK',NULL,NULL,'2023-12-07 11:15:00','2023-12-07 11:40:00',1,'2023-10-02 10:08:09','2023-10-02 10:08:09'),(66,10,'Executive Fireside Chat','Details to be revealed in due course.',NULL,'2023-12-07 10:55:00','2023-12-07 11:15:00',1,'2023-10-02 10:08:41','2023-10-02 10:08:41'),(67,10,'Powerhouse Growth: The Tech Capital’s continental leaders forum','Join us for an insightful panel session where distinguished APAC digital infrastructure CXOs will delve into the exciting opportunities and challenges in the sector. Discover the importance of digital connectivity and how it has paved the way for accelerated investments and deployment of digital infrastructure. Gain valuable insights as industry leaders discuss the next big locations for real estate advancement, and explore how digital innovation has revolutionised finance, improving connectivity, computing power, and cost.',NULL,'2023-12-07 10:15:00','2023-12-07 10:55:00',1,'2023-10-02 10:09:11','2023-10-02 10:09:11'),(68,10,'APAC Financial Update: Setting the clock for growth','This round-the-continent opening keynote will provide attendees with valuable insights into the current state of the APAC digital infrastructure marketplace. Leading minds will present the latest finance and investment figures, shedding light on the trends that are shaping the region\'s financial digital infrastructure landscape. The audience will gain a comprehensive understanding of the opportunities available for growth and innovation in the APAC market, allowing for stronger informed decisions and staying ahead of the curve in this rapidly evolving sector.',NULL,'2023-12-07 09:55:00','2023-12-07 10:15:00',1,'2023-10-02 10:09:43','2023-10-02 10:09:43'),(69,10,'OPENING REMARKS FROM THE TECH CAPITAL',NULL,NULL,'2023-12-07 09:45:00','2023-12-07 09:55:00',1,'2023-10-02 10:10:09','2023-10-02 10:10:09'),(70,10,'REGISTRATION & NETWORKING BREAKFAST',NULL,NULL,'2023-12-07 09:00:00','2023-12-07 09:45:00',1,'2023-10-02 10:10:32','2023-10-02 10:10:32'),(71,6,'REGISTRATION & NETWORKING BREAKFAST',NULL,NULL,'2024-05-23 06:45:00','2024-05-23 07:50:00',1,'2023-10-02 13:52:57','2023-10-02 14:04:21'),(72,6,'PROGRAMME',NULL,NULL,'2024-05-23 07:50:00','2024-05-23 09:30:00',1,'2023-10-02 13:54:06','2023-10-02 13:54:06'),(73,6,'NETWORKING BREAK',NULL,NULL,'2024-05-23 09:30:00','2024-05-23 10:00:00',1,'2023-10-02 13:55:12','2023-10-02 13:55:12'),(74,6,'PROGRAMME',NULL,NULL,'2024-05-23 10:00:00','2024-05-23 11:30:00',1,'2023-10-02 13:55:48','2023-10-02 13:55:48'),(75,6,'NETWORKING LUNCH',NULL,NULL,'2024-05-23 11:30:00','2024-05-23 12:45:00',1,'2023-10-02 13:56:34','2023-10-02 13:56:34'),(76,6,'PROGRAMME',NULL,NULL,'2024-05-23 12:45:00','2024-05-23 14:30:00',1,'2023-10-02 13:57:23','2023-10-02 13:57:23'),(77,6,'NETWORKING BREAK',NULL,NULL,'2024-05-23 14:30:00','2024-05-23 14:55:00',1,'2023-10-02 13:57:57','2023-10-02 13:57:57'),(78,6,'PROGRAMME',NULL,NULL,'2024-05-23 14:55:00','2024-05-23 16:30:00',1,'2023-10-02 13:58:33','2023-10-02 13:58:33'),(79,6,'THE TECH CAPITAL GLOBAL AWARDS 2024',NULL,NULL,'2024-05-23 16:30:00','2024-05-23 19:00:00',1,'2023-10-02 13:59:11','2023-10-02 13:59:11'),(80,3,'REGISTRATION & NETWORKING BREAKFAST',NULL,NULL,'2023-05-24 07:45:00','2023-05-24 08:50:00',1,'2023-02-04 14:32:39','2023-02-04 14:33:20'),(81,3,'OPENING REMARKS FROM THE TECH CAPITAL',NULL,NULL,'2023-05-24 08:50:00','2023-05-24 09:00:00',1,'2023-02-04 14:34:11','2023-02-04 14:59:48'),(82,3,'Global Economic Outlook: The Road Ahead','The digital infrastructure industry has taken bold collective action in addressing some of the major challenges imposed by a fragmented world. From multi-billion Dollar consolidation to hefty capital commitments into the deployment of real estate, the sector has had its priorities set on servicing the planet of connectivity and cloud power. This around-the-world kick-off keynote will sharply assess the global digital infrastructure finance and investment landscape across different locations, Wall Street’s play and the fears of a bear market scenario and provide snippets of the road ahead.',NULL,'2023-05-24 09:00:00','2023-05-24 09:20:00',1,'2023-02-04 14:34:44','2023-02-04 14:34:44'),(83,3,'The Big Bet: The Tech Capital’s Annual Leaders Debate','Development headwinds continue to deliver on big valuations and expansionary roadmaps. Growth has been a constant across the globe and opportunities remain for discerning investors in both large and small economies. This CXO open forum will discuss the evolution of the marketplace across data centres, fibre, towers, and edge, offer an outlook for the next 12-18 months, and invite the in-room audience to participate in the debate led by some of the world’s largest household names in digital infrastructure investment.',NULL,'2023-05-24 09:20:00','2023-05-24 10:00:00',1,'2023-02-04 14:36:32','2023-02-04 14:36:32'),(84,3,'Trade, Growth, and Investment: Navigating Sanctions and Regulation towards solvency','In a time when deglobalisation is gaining pace, navigating the constant changes around legal frameworks can be challenging. Moving from soft to hard law requirements, there are significant increases in ESG and human rights requirements, requiring companies and investors to identify ESG-related risks in their operations and supply chains, identify and implement effective and efficient mechanisms to address those risks, and derisking their supply chains. Trade wars and economic sanctions do not make it any easier, especially for international businesses that rely on cross-border trading. All this has created a regulatory business environment that is as unprecedented as unpredictable. With the digital infrastructure market fiercely expanding into new realms, this panel will explore the current environment   and their influence on operations, new regulations around data sovereignty, land, and very importantly, sustainability, and how brands can leverage this disruptive force to their investors and their firms’ advantage.',NULL,'2023-05-24 10:00:00','2023-02-04 10:35:00',1,'2023-02-04 14:37:13','2023-04-26 19:37:27'),(85,3,'Networking BREAK',NULL,NULL,'2023-05-24 10:35:00','2023-05-24 11:00:00',1,'2023-02-04 14:37:55','2023-02-04 14:37:55'),(86,3,'Digital Infrastructure Attractiveness: The Impact of DI on International Trade and Foreign Direct Investment','Digital infrastructure is rapidly turning into a utility-like foundation of societies and economies across the globe. As much benefit as it brings to users and brands, this real estate vertical also attracts hefty capital commitments that last decades on end and contribute trillions of Dollars into the world’s GDP. In thispanel, The Tech Capital will bring executives together to discuss how different administrations in some of the globe’s most burgeoning digital markets are promoting and financing international trade and investment and championing free trade to welcome digital infrastructure investors into their borders.',NULL,'2023-05-24 11:00:00','2023-05-24 11:35:00',1,'2023-02-04 14:38:35','2023-04-26 23:23:13'),(87,3,'The next stop: New locations of opportunity','Much of the conversation – and headlines – around digital infrastructure focus on mature economies whose deployments add to large footprints and relatively well served geographies. But what’s next for location investment? Notwithstanding land and power struggles, this panel will explore new locations of opportunity across the world. What investment vehicles are driving that expansion, how much infrastructure is needed, the barriers, the challenges, and the ROI of long-term betting where others don’t dare going.',NULL,'2023-05-24 11:35:00','2023-05-24 12:15:00',1,'2023-02-04 14:39:48','2023-02-04 14:39:48'),(88,3,'Tomorrow Together: Ukraine\'s Digital Infrastructure Needs and Potential as Tech Hub Amidst Ongoing War','Join chair Stephanie Liston and Ukraine\'s Deputy Minister of Digital Transformation, Alex Bornyakov, as they delve into the pressing issue of Ukraine\'s digital infrastructure needs amidst the ongoing war and the post-war period. The fireside chat will also explore the tech scene in Ukraine, shedding light on the country\'s potential as a hub for innovation and growth. Don\'t miss this insightful conversation on the future of digital Ukraine.',NULL,'2023-05-24 12:15:00','2023-05-24 12:35:00',1,'2023-02-04 14:40:27','2023-05-08 13:22:57'),(89,3,'NETWORKING LUNCH','Hosted by DigitalBridge',NULL,'2023-05-24 12:35:00','2023-02-04 13:35:00',1,'2023-02-04 14:41:02','2023-05-12 10:18:47'),(90,3,'Digital Infrastructure Trends: Exploring the Latest Investment and Strategy Approaches for Data Centers, Fiber, and Towers in the Next 24 Months','In the next 24 months, businesses will continue to invest heavily in digital infrastructure and adopt new strategies to improve their connectivity and data management capabilities. Data centres, fiber, and towers will be key components of this infrastructure, and the demand for these assets will continue to grow. In this keynote, our expert speaker will explore the latest trends in the industry, including investment patterns, strategic considerations, and location strategies. He will also discuss how these trends will impact businesses and consumers, and what steps organisations can take to stay ahead of the curve.',NULL,'2023-05-24 13:35:00','2023-05-24 13:55:00',1,'2023-02-04 14:42:08','2023-05-10 11:20:35'),(91,3,'Pivoting Sustainable finance: The new climate infra platforms requiring investment','Over the past 200 years the world has built an economy dependent on fossil fuels, but now, it has less than 30 years to change it over. Digital infrastructure has been at the forefront of that change and continues to adapt to the current energy climate as well as new technologies. But how can climate technology help speed the transition to net zero within this industry? From hydrogen, nuclear power, and alternative proteins to edge and cleverer deployments, this panel will debate the new energy economics, investment stewardship, the up-and-coming energy venture opportunities, their direct correlation into the digital infrastructure sphere, and how they can be used to their utmost potential delivering on ESGP goals.',NULL,'2023-05-24 13:55:00','2023-05-24 14:30:00',1,'2023-02-04 14:42:58','2023-02-04 14:42:58'),(92,3,'The Close: What’s next for digital infrastructure M&A?','Despite a volatile macroeconomic landscape, digital infrastructure M&A has seen deal multiples remain high across many subsectors. The many billions of Dollars invested mostly by private equity houses reflects underlying industry trends that are set to navigate harsher economic winds in 2023 and continue to flourish into 2024. But what is left to snap up when most have been taken over? This panel will debate what is next for dealmaking and convergence in digital infrastructure M&A, what business models are emerging, how the banking sector is growing in importance, current market corrections, and what will the next generation of digital infrastructure consolidation look like.',NULL,'2023-05-24 14:30:00','2023-05-24 15:05:00',1,'2023-02-04 14:43:52','2023-02-04 14:43:52'),(93,3,'Networking break',NULL,NULL,'2023-05-24 15:05:00','2023-05-24 15:40:00',1,'2023-02-04 14:44:32','2023-02-04 14:44:32'),(94,3,'Margin Call: Barriers to value creation and access to capital','As the era of “free cash” comes to an end, the financing models around digital infrastructure have been dramatically shifting almost monthly. Access to capital is one of the primary enablers of entrepreneurship, but as the market matures and navigates a world of institutional shift, this panel will debate the current barriers to value creation and market competitiveness, if we have reached the end of debt finance and private equity, how hyperscalers are changing the game on the back of short selling views, rising borrowing costs, banks’ roles, liquidity, and tightening credit.',NULL,'2023-05-24 15:40:00','2023-05-24 16:15:00',1,'2023-02-04 14:49:39','2023-02-04 14:49:39'),(95,3,'Stewarding Responsible Growth: Building a viable digital infrastructure ecosystem','As the world continues to consume and produce tremendous amounts of data, the need for digital infrastructure construction will not subside. The metaverse, spiralling cloud adoption, digital currencies, Web 3.0, smart cities, you name it, there are many different agents of change who demand more real estate to house and process data. Bringing together colocation and hyperscale operators, this panel will discuss what is on the cards for development, where the shelf-build/leased balance lies between operators and hyperscalers, the latest developments in infrastructure expansion and what new applications will be enabled by such investments.',NULL,'2023-05-24 16:15:00','2023-05-24 16:50:00',1,'2023-02-04 14:50:08','2023-02-04 14:50:08'),(96,3,'Skills, alternatives, and risk: Mastering innovative finance and equity in times of pressure','There is no doubt this is a crucial transitioning period for digital infrastructure. From macro market volatility to recognition as a critical infrastructure subsector, the community is having to rapidly adapt and mature in as little as 24 months. This executive panel will explore the skills needed by investors to navigate this rapidly shifting landscape, what are the new capital access platforms, the new finance and equity investment vehicle trends like continuation funds, and alternative asset classes for digital infrastructure investment opportunities. The question is: what is next if everything else failed?',NULL,'2023-05-24 16:50:00','2023-05-24 17:25:00',1,'2023-02-04 14:50:36','2023-05-12 12:10:18'),(97,3,'Closing Remarks from The Tech Capital',NULL,NULL,'2023-05-24 17:25:00','2023-05-24 17:30:00',1,'2023-02-04 14:51:07','2023-02-04 14:51:07'),(98,3,'THE TECH CAPITAL AWARDS','Join The Tech Capital Awards drinks reception in recognising the many talented individuals, teams and companies operating in the digital infrastructure finance, investment, and legal spheres. Our dedicated hosting team will be on hand to guide you to the Great Hall.',NULL,'2023-05-24 17:30:00','2023-05-24 20:00:00',1,'2023-02-04 14:54:21','2023-05-08 20:50:42');

--
-- Table structure for table `promo_codes`
--

CREATE TABLE `promo_codes` (
  `id` bigint unsigned NOT NULL AUTO_INCREMENT,
  `page_id` bigint unsigned NOT NULL,
  `code` varchar(30) CHARACTER SET utf8mb4 COLLATE utf8mb4_unicode_ci NOT NULL,
  `discount` tinyint unsigned NOT NULL,
  `created_at` timestamp NULL DEFAULT NULL,
  `updated_at` timestamp NULL DEFAULT NULL,
  PRIMARY KEY (`id`),
  KEY `promo_codes_page_id_foreign` (`page_id`),
  CONSTRAINT `promo_codes_page_id_foreign` FOREIGN KEY (`page_id`) REFERENCES `pages` (`id`) ON DELETE CASCADE
) ENGINE=InnoDB AUTO_INCREMENT=3 DEFAULT CHARSET=utf8mb4 COLLATE=utf8mb4_unicode_ci;

--
-- Dumping data for table `promo_codes`
--

INSERT INTO `promo_codes` VALUES (1,6,'IFF2024',50,'2023-09-04 19:54:59','2023-09-04 19:54:59'),(2,6,'FREEBY',100,'2023-09-12 11:32:35','2023-09-12 11:32:35');

--
-- Table structure for table `regions`
--

CREATE TABLE `regions` (
  `id` bigint unsigned NOT NULL AUTO_INCREMENT,
  `name` varchar(100) CHARACTER SET utf8mb4 COLLATE utf8mb4_unicode_ci NOT NULL,
  `created_at` timestamp NULL DEFAULT NULL,
  `updated_at` timestamp NULL DEFAULT NULL,
  PRIMARY KEY (`id`)
) ENGINE=InnoDB AUTO_INCREMENT=7 DEFAULT CHARSET=utf8mb4 COLLATE=utf8mb4_unicode_ci;

--
-- Dumping data for table `regions`
--

INSERT INTO `regions` VALUES (1,'APAC',NULL,NULL),(2,'Europe',NULL,NULL),(3,'Latin America',NULL,NULL),(4,'MENA',NULL,NULL),(5,'North America',NULL,NULL),(6,'Sub Saharan Africa',NULL,NULL);

--
-- Table structure for table `registrations`
--

CREATE TABLE `registrations` (
  `id` bigint unsigned NOT NULL AUTO_INCREMENT,
  `page_id` bigint unsigned NOT NULL,
  `country_id` bigint unsigned DEFAULT NULL,
  `job_function_id` bigint unsigned DEFAULT NULL,
  `company_type_id` bigint unsigned DEFAULT NULL,
  `title` varchar(10) CHARACTER SET utf8mb4 COLLATE utf8mb4_unicode_ci NOT NULL,
  `forename` varchar(50) CHARACTER SET utf8mb4 COLLATE utf8mb4_unicode_ci NOT NULL,
  `surname` varchar(50) CHARACTER SET utf8mb4 COLLATE utf8mb4_unicode_ci NOT NULL,
  `email` varchar(200) CHARACTER SET utf8mb4 COLLATE utf8mb4_unicode_ci NOT NULL,
  `phone` varchar(30) CHARACTER SET utf8mb4 COLLATE utf8mb4_unicode_ci DEFAULT NULL,
  `company` varchar(100) CHARACTER SET utf8mb4 COLLATE utf8mb4_unicode_ci DEFAULT NULL,
  `job_role` varchar(100) CHARACTER SET utf8mb4 COLLATE utf8mb4_unicode_ci DEFAULT NULL,
  `newsletter` tinyint(1) NOT NULL DEFAULT '0',
  `reception` tinyint(1) NOT NULL DEFAULT '0',
  `sponsorship` tinyint(1) NOT NULL DEFAULT '0',
  `promo` varchar(100) CHARACTER SET utf8mb4 COLLATE utf8mb4_unicode_ci DEFAULT NULL,
  `extra` json DEFAULT NULL,
  `status` tinyint unsigned NOT NULL DEFAULT '0',
  `created_at` timestamp NULL DEFAULT NULL,
  `updated_at` timestamp NULL DEFAULT NULL,
  PRIMARY KEY (`id`),
  KEY `registrations_page_id_foreign` (`page_id`),
  KEY `registrations_company_type_id_foreign` (`company_type_id`),
  KEY `registrations_job_function_id_foreign` (`job_function_id`),
  KEY `registrations_country_id_foreign` (`country_id`),
  CONSTRAINT `registrations_company_type_id_foreign` FOREIGN KEY (`company_type_id`) REFERENCES `company_types` (`id`) ON DELETE CASCADE,
  CONSTRAINT `registrations_country_id_foreign` FOREIGN KEY (`country_id`) REFERENCES `countries` (`id`) ON DELETE CASCADE,
  CONSTRAINT `registrations_job_function_id_foreign` FOREIGN KEY (`job_function_id`) REFERENCES `job_functions` (`id`) ON DELETE CASCADE,
  CONSTRAINT `registrations_page_id_foreign` FOREIGN KEY (`page_id`) REFERENCES `pages` (`id`)
) ENGINE=InnoDB AUTO_INCREMENT=331 DEFAULT CHARSET=utf8mb4 COLLATE=utf8mb4_unicode_ci;

--
-- Dumping data for table `registrations`
--

INSERT INTO `registrations` VALUES (6,2,NULL,NULL,NULL,'Mr','Joao','Lima','joao.lima@thetechcapital.com','07453263846','The Tech Capital','MD, Editor',1,0,0,NULL,NULL,0,NULL,NULL),(10,1,NULL,NULL,NULL,'Mr','Joao','Lima','joao.lima@thetechcapital.com','07453263846','The Tech Capital','MD, Editor',1,0,0,NULL,NULL,0,NULL,NULL),(11,1,NULL,NULL,NULL,'Mr','Carlos','Garcia-Sevilla','carlos.garcia@arsmagnagroup.com','+34630235835','ARSMAGNA','Founder & Principal',0,0,0,NULL,NULL,0,NULL,NULL),(12,1,NULL,NULL,NULL,'Mr','Eddie','Kilbane','ekilbane@l51.co.uk','00353872306654','L51 developments Limited','CEO',0,0,0,NULL,NULL,0,NULL,NULL),(13,1,NULL,NULL,NULL,'Mr','nigel','clarkson','nigel@stratusdcs.com','07793650695','Stratus DCS','Chief Property Officer',0,0,0,NULL,NULL,0,NULL,NULL),(14,1,NULL,NULL,NULL,'Mr','Michalis','Grigoratos','m@infrapartners.llc','07775851440','Infrapartners llc','COO',0,0,0,NULL,NULL,0,NULL,NULL),(15,1,NULL,NULL,NULL,'Mr','Spyridon','Linardakis','linardakis@v-b-p.eu','+491709118207','NDC Data Centers GmbH','Managing Partner',1,0,0,NULL,NULL,0,NULL,NULL),(16,1,NULL,NULL,NULL,'Mr','John','Wilson','john_wilson@gb.smbcgroup.com','07731 010606','SMBC','Director',1,0,0,NULL,NULL,0,NULL,NULL),(17,1,NULL,NULL,NULL,'Ms','Ashley','Song','asong@globalswitch.com','15201730748','GLOBAL SWITCH','Strategic accounts',1,0,0,NULL,NULL,0,NULL,NULL),(18,1,NULL,NULL,NULL,'Mr','Cervantes','David','david.cervantes@cbre.com','5142662600','CBRE','SVP Data Center Solutions',0,0,0,NULL,NULL,0,NULL,NULL),(19,1,NULL,NULL,NULL,'Mr','Josh','Joshi','josh.joshi@atlasedge.com','00000000000','AtlasEdge Data Centres','Executive Chairman',0,0,0,NULL,NULL,0,NULL,NULL),(20,1,NULL,NULL,NULL,'Mr','Chris','Miller','chris.miller@powerharvest.co.uk','07786433212','PHL','MD',1,0,0,NULL,NULL,0,NULL,NULL),(21,1,NULL,NULL,NULL,'Mr','Chris','Miller','chris.miller@powerharvest.co.uk','+44(0)7786433212','Power Harvest Ltd','MD',1,0,0,NULL,NULL,0,NULL,NULL),(22,2,NULL,NULL,NULL,'Ms','Sarah','Parks','sparks@cnet-training.com','+441284718417','CNet Training Ltd','Director of Marketing',1,0,0,NULL,NULL,0,NULL,NULL),(23,2,NULL,NULL,NULL,'Mr','Xavier','Warnier','Xavier.Warnier@etixeverywhere.com','0032489413222','Etix everywhere','GM',0,0,0,NULL,NULL,0,NULL,NULL),(24,2,NULL,NULL,NULL,'Mr','Jonathan','Evans','j.evans@tdcs.co.uk','07736742797','Total Data Centre Solutions Ltd','Director',0,0,0,NULL,NULL,0,NULL,NULL),(25,2,NULL,NULL,NULL,'Mr','Matthieu','Wieczorek','Matthieu.wieczorek@goodman.com','0032485977326','Goodman','Head of data centre development Europe',0,0,0,NULL,NULL,0,NULL,NULL),(26,1,NULL,NULL,NULL,'Mrs','Anastasia','Janulina','anastasija@fna.fi','07886991417','FNA','Manager',1,0,0,NULL,NULL,0,NULL,NULL),(27,1,NULL,NULL,NULL,'Mr','Salvador','Ahumada','salvador@aceis-electric.com','+662 309 3480','ACEIS Electric and Power Co., Ltd.','Chairman and CEO',0,0,0,NULL,NULL,0,NULL,NULL),(28,1,NULL,NULL,NULL,'Dr','Albert','Valentine','al@aceis-electric.com','+662 309 3480','ACEIS Electric and Power Co., Ltd.','President',0,0,0,NULL,NULL,0,NULL,NULL),(29,1,NULL,NULL,NULL,'Ms','Pansa','Chobnitas','pansa@aceis-electric.com','+662 309 3480','ACEIS Electric and Power Co., Ltd.','Vice President, Government Relations',0,0,0,NULL,NULL,0,NULL,NULL),(30,1,NULL,NULL,NULL,'Mr','Christopher','Street','christopher.street@ap.jll.com','+6582681738','JLL','Managing Director, Head of Data Centres APAC',0,0,0,NULL,NULL,0,NULL,NULL),(31,1,NULL,NULL,NULL,'Mr','Michael','Adams','michael.adams@datacentrespeak.com','07740741985','DatacentreSpeak Consultants Limited','CEO',1,0,0,NULL,NULL,0,NULL,NULL),(32,1,NULL,NULL,NULL,'Mr','Mark','Chester','markchester@eversheds-sutherland.com','07717335956','Eversheds Surherland','Partner',0,0,0,NULL,NULL,0,NULL,NULL),(33,1,NULL,NULL,NULL,'Mr','Mark','Chester','markchester@eversheds-sutherland.com','07717335956','Eversheds Surherland','Partner',0,0,0,NULL,NULL,0,NULL,NULL),(34,1,NULL,NULL,NULL,'Mr','Derek','Webster','d.webster@andget.co.uk','+44 7739849621','Andget Ltd','CEO',0,0,0,NULL,NULL,0,NULL,NULL),(35,1,NULL,NULL,NULL,'Mrs','Karen','Bach','karen.w.bach@gmail.com','07932691526','IXAQ (tech infra investment) plus others','CEO of IXAQ (tech infra) and Chair of startups (health tech, media tech, IoT, adtech....)',0,0,0,NULL,NULL,0,NULL,NULL),(36,1,NULL,NULL,NULL,'Mr','Jeffrey','Krogh','jeffrey.krogh@uk.bnpparibas.com','00000000000','BNP Paribas','Managing Director',0,0,0,NULL,NULL,0,NULL,NULL),(37,1,NULL,NULL,NULL,'Mr','SUJOG','DWIVEDI','sujog.dwivedi@riscity.com','9930961690','Renaissance Indus Infra Pvt Ltd','HEAD DATA CENTER BUSINESS',1,0,0,NULL,NULL,0,NULL,NULL),(38,1,NULL,NULL,NULL,'Mr','Per Mario','Floden','pmfloden@glpcp.com','+44 7789775477','GLP','Consultant',0,0,0,NULL,NULL,0,NULL,NULL),(39,1,NULL,NULL,NULL,'Mr','nigel','Clarkson','nigel@stratusdcs.com','07793650695','Stratus DCS','Chief Property Officer',0,0,0,NULL,NULL,0,NULL,NULL),(40,1,NULL,NULL,NULL,'Ms','Absera','Gizaw','agizaw@heliosllp.com','+44 (0) 77 8715 6075','Helios Investment Partners LLP','Vice President',0,0,0,NULL,NULL,0,NULL,NULL),(41,1,NULL,NULL,NULL,'Mr','Dominic','Ward','dominic.ward@verneglobal.com','+447881828208','Verne Global','CEO',1,0,0,NULL,NULL,0,NULL,NULL),(42,1,NULL,NULL,NULL,'Mr','Martin','Lynch','Martin.lynch@puredc.global','07834 277','Pure DC','Chief Executive',1,0,0,NULL,NULL,0,NULL,NULL),(43,1,NULL,NULL,NULL,'Mr','Hywel','Evans','hywel.evans@stelliumdc.com','+447425694978','Hywel Evans','CFO',0,0,0,NULL,NULL,0,NULL,NULL),(44,1,NULL,NULL,NULL,'Mr','Jerry','Matthews','jerry.matthews@nuveenglobal.com','+447878347254','Nuveen','Associate',0,0,0,NULL,NULL,0,NULL,NULL),(45,2,NULL,NULL,NULL,'Ms','Abigail','Opiah','abigail.opiah@futurenet.com','07446912282','TechRadar','B2B Editor - Web hosting and Website builders',0,0,0,NULL,NULL,0,NULL,NULL),(46,1,NULL,NULL,NULL,'Mr','Simon','Gamlin','simongamlin@eversheds-sutherland.com','+447762896040','Eversheds Sutherland','Partner',0,0,0,NULL,NULL,0,NULL,NULL),(47,1,NULL,NULL,NULL,'Mr','Bernard','Lecanu','bernard.lecanu@blic-consultant.com','+33609702394','BL International Consultant sas','Managing director',1,0,0,NULL,NULL,0,NULL,NULL),(48,1,NULL,NULL,NULL,'Mr','Stephen','Kirby','steve@stratusdcs.com','+447786118404','Stratus Data Centres','Chief Acquisitions Officer',1,0,0,NULL,NULL,0,NULL,NULL),(49,1,NULL,NULL,NULL,'Mr','Narendra','Sen','Narendra@rackbank.com','9926090901','Rackbank datacenters pvt ltd','CEO',1,0,0,NULL,NULL,0,NULL,NULL),(50,1,NULL,NULL,NULL,'Mr','Filip','Slomski','filip.slomski@macquarie.com','+44 (0) 7909 831 250','Macquarie Asset Management','Senior Manager',0,0,0,NULL,NULL,0,NULL,NULL),(51,1,NULL,NULL,NULL,'Mr','Matthew','Smith','smith242@googlemail.com','07545234994','EMS Capital','Managing Director',1,0,0,NULL,NULL,0,NULL,NULL),(52,1,NULL,NULL,NULL,'Mr','Sebastien','Bonneau','SebastienBonneau@eversheds-sutherland.com','+447780222383','Eversheds Sutherland LLP','Partner - Data Centre and Digital Infrastructure',0,0,0,NULL,NULL,0,NULL,NULL),(53,1,NULL,NULL,NULL,'Mr','Greg','McCulloch','Greg.mcculloch@data4group.com','0033607097662','Data 4 Group','Chief Development Officer',0,0,0,NULL,NULL,0,NULL,NULL),(54,1,NULL,NULL,NULL,'Mr','Eyal','Henkin','ettyb@azrieli.com','0545608019','Azrieli Group','CEO',0,0,0,NULL,NULL,0,NULL,NULL),(55,1,NULL,NULL,NULL,'Mr','Rafi','Wunsh','ettyb@azrieli.com','0545608155','Azrieli Group','VP International Real Estate',0,0,0,NULL,NULL,0,NULL,NULL),(56,1,NULL,NULL,NULL,'Mr','Steven','Dargan','steven.dargan@kornferry.com','07595 963248','Korn Ferry','Market Leader Global Digital Infrastructure Practice',1,0,0,NULL,NULL,0,NULL,NULL),(57,2,NULL,NULL,NULL,'Mr','Duncan','White','duncan.white@atlasedge.com','+447970974832','AtlasEdge Data Centres','Communications Director, AtlasEdge',0,0,0,NULL,NULL,0,NULL,NULL),(58,1,NULL,NULL,NULL,'Mr','Milan','Radia','milanr@interxion.com','+971562746300','Interxion','Corporate Development and Strategy',1,0,0,NULL,NULL,0,NULL,NULL),(59,1,NULL,NULL,NULL,'Mr','James','Dodsworth','jdodsworth@whitecase.com','+447771946895','White & Case LLP','Partner',1,0,0,NULL,NULL,0,NULL,NULL),(60,1,NULL,NULL,NULL,'Mr','James','Johnson','jajohnson@whitecase.com','+44 7912 595788','White & Case LLP','Partner',1,0,0,NULL,NULL,0,NULL,NULL),(61,1,NULL,NULL,NULL,'Mr','Edoardo','Gili','egili@greenstreet.com','004402037937000','Green Street','Equity Research Analyst',1,0,0,NULL,NULL,0,NULL,NULL),(62,1,NULL,NULL,NULL,'Mr','Sergo','Vashakmadze','sergo.vashakmadze@rainmaker.partners','02031891661','Rainmaker Partners','Founder & CEO',0,0,0,NULL,NULL,0,NULL,NULL),(63,1,NULL,NULL,NULL,'Mr','Sergo','Vashakmadze','sergo.vashakmadze@rainmaker.partners','02031891661','Rainmaker Partners','Founder & CEO',0,0,0,NULL,NULL,0,NULL,NULL),(64,1,NULL,NULL,NULL,'Mr','Jason','Okroy','jason.okroy@saluteinc.com','5868992149','Salute Mission Critical','Ceo',0,0,0,NULL,NULL,0,NULL,NULL),(65,1,NULL,NULL,NULL,'Mr','Mark','Bailey','mark.bailey@crsblaw.com','+44 (0)20 7427 6519','Charles Russell Speechlys','Partner at Law Firm',0,0,0,NULL,NULL,0,NULL,NULL),(66,1,NULL,NULL,NULL,'Mr','Pierre','Labbe','plabbe@qscale.com','4185757088','QScale','CFO',0,0,0,NULL,NULL,0,NULL,NULL),(67,2,NULL,NULL,NULL,'Mr','Egbert','Ho','egbert.ho@kevlinx.com','+31 6 50 42 09 00','KevlinX','CFO',1,0,0,NULL,NULL,0,NULL,NULL),(68,1,NULL,NULL,NULL,'Mrs','Shivani','Saxena','ssaxena@pmpstrategy.com','07733404002','PMP Strategy','Senior Consultant',0,0,0,NULL,NULL,0,NULL,NULL),(69,2,NULL,NULL,NULL,'Mr','Jonathan','Zelmanovitch','jzelmanovitch@pmpconseil.com','+33660265076','PMP Strategy','Managing Director',1,0,0,NULL,NULL,0,NULL,NULL),(70,1,NULL,NULL,NULL,'Mr','Jonathan','Zelmanovitch','jzelmanovitch@pmpconseil.com','+33660265076','PMP Strategy','Managing Director',1,0,0,NULL,NULL,0,NULL,NULL),(71,1,NULL,NULL,NULL,'Mr','Dharman','Sury','dsury@pmpconseil.com','+33630853239','PMP Strategy','Senior Advisor',0,0,0,NULL,NULL,0,NULL,NULL),(72,1,NULL,NULL,NULL,'Mr','Ed','Cooke','ed@conexuslaw.com','02073900281','Conexus Law','CEO and Managing Partner',0,0,0,NULL,NULL,0,NULL,NULL),(73,1,NULL,NULL,NULL,'Mrs','Nancy','Lamb','nancy.lamb@conexuslaw.com','+44 7771 877234','Conexus Law','Construction Lawyer',0,0,0,NULL,NULL,0,NULL,NULL),(74,1,NULL,NULL,NULL,'Mr','Jacob','Bond','jbond@vipadigital.com','07899013576','Vipa Digital','Associate Director',0,0,0,NULL,NULL,0,NULL,NULL),(75,1,NULL,NULL,NULL,'Mr','Stuart','Hall','shall@vipadigital.com','+447958253699','VIPA Digital','Technical Director',1,0,0,NULL,NULL,0,NULL,NULL),(76,1,NULL,NULL,NULL,'Mr','Ross','Smyth','rsmyth@vipadigital.com','07379484625','VIPA Digital','Associate',0,0,0,NULL,NULL,0,NULL,NULL),(77,1,NULL,NULL,NULL,'Mr','Paul','Cranfield','pcranfield@vipadigital.com','07802852334','VIPA Digital Ltd','Partner',1,0,0,NULL,NULL,0,NULL,NULL),(78,1,NULL,NULL,NULL,'Ms','Tash','Mehta','Tmehta@vipadigital.com','07751861048','VIPA Digital','Associate Director',0,0,0,NULL,NULL,0,NULL,NULL),(79,1,NULL,NULL,NULL,'Mr','James','Wilman','jwilman@future-tech.co.uk','07872460209','Future-tech','CEO',0,0,0,NULL,NULL,0,NULL,NULL),(80,1,NULL,NULL,NULL,'Mr','Tom','Roberts','Thomas.Roberts@torchpartners.com','02072278830','Torch Partners','CEO',0,0,0,NULL,NULL,0,NULL,NULL),(81,1,NULL,NULL,NULL,'Mr','David','Keegan','david.keegan@dataqube.global','07800922497','DataQube Global','Group CEO',1,0,0,NULL,NULL,0,NULL,NULL),(82,1,NULL,NULL,NULL,'Mrs','Angela','Capon','acapon@edgeconnex.com','07780330280','EdgeConneX','VP Global Marketing',0,0,0,NULL,NULL,0,NULL,NULL),(83,1,NULL,NULL,NULL,'Mr','Frederic','Moeller','fmoeller@safehost.com','+41 79 555 3733','Safe Host SA','CFO',0,0,0,NULL,NULL,0,NULL,NULL),(84,1,NULL,NULL,NULL,'Mr','will','clarke','wclarke@future-tech.co.uk','+447394564356','Future-Tech Sci','Development Director',1,0,0,NULL,NULL,0,NULL,NULL),(85,1,NULL,NULL,NULL,'Mr','Tom','Glover','Tom.glover@eu.JLL.com','07707276143','JLL','EMEA Head DC Transactions',1,0,0,NULL,NULL,0,NULL,NULL),(86,1,NULL,NULL,NULL,'Mr','Simon','Browne','Simon.browne@eu.JLL.com','07845051219','JLL','Data centre solutions',0,0,0,NULL,NULL,0,NULL,NULL),(87,1,NULL,NULL,NULL,'Mr','Jignesh','Patel','jignesh.patel@proximitydatacentres.com','07887692911','Proximity DC','Senior Regional Director',0,0,0,NULL,NULL,0,NULL,NULL),(88,1,NULL,NULL,NULL,'Mr','Alex','Tong','atong@digitalrealty.com','07534088396','Digital Realty','Senior Associate, Acquisitions & Investments',1,0,0,NULL,NULL,0,NULL,NULL),(89,1,NULL,NULL,NULL,'Mr','Samuel','Beech','sbeech@digitalrealty.com','07824709079','Digital Realty','Manager, Acquisitions and Investments',1,0,0,NULL,NULL,0,NULL,NULL),(90,1,NULL,NULL,NULL,'Mr','Kristen','Vosmaer','kvosmaer@glprop.com','4142432647','GLP','VP - Head of Global IDC Operations',1,0,0,NULL,NULL,0,NULL,NULL),(91,1,NULL,NULL,NULL,'Mr','Solomon','Edu','s.edun@idc-a.org','07951548096','International Data Center Authority','Regional Director for EMEA business',0,0,0,NULL,NULL,0,NULL,NULL),(92,2,NULL,NULL,NULL,'Mr','Stephen','Scott','s.scott@datalecltd.com','(+44) 7764 150631','Datalec Precision Installations','CEO',0,0,0,NULL,NULL,0,NULL,NULL),(93,1,NULL,NULL,NULL,'Mr','Anubhav','Raj','anubhav.raj@aligneddc.com','+1.716.713-5975','Aligned Data Centers','CFO',0,0,0,NULL,NULL,0,NULL,NULL),(94,1,NULL,NULL,NULL,'Mr','Jonathan','Phillips','j.phillips@phillispage.co.uk','07971005047','PhillipsPage Associates ltd','Managing Director',1,0,0,NULL,NULL,0,NULL,NULL),(95,1,NULL,NULL,NULL,'Mr','OTTO','KREITER','okreiter@google.com','07770968481','Google UK Ltd.','EMEA Regional manager',0,0,0,NULL,NULL,0,NULL,NULL),(96,1,NULL,NULL,NULL,'Mr','Richard','Ludwig','richard.ludwig@torchpartners.com','07920 776 355','Torch Partners','Director',0,0,0,NULL,NULL,0,NULL,NULL),(97,1,NULL,NULL,NULL,'Ms','Sarah','Gray','sarahgray@google.com','+1 650 448 6575','Google','Data Center Acquisitions',0,0,0,NULL,NULL,0,NULL,NULL),(98,1,NULL,NULL,NULL,'Mr','Vincent','Thibault','vthibault@qscale.com','418-956-6758','QScale','Founder',0,0,0,NULL,NULL,0,NULL,NULL),(99,1,NULL,NULL,NULL,'Mr','Daryl','Seaton','daryl.seaton@virtusdcs.com','02074991300','VIRTUS Data Centres','CFO',0,0,0,NULL,NULL,0,NULL,NULL),(100,1,NULL,NULL,NULL,'Mr','Steen','Dalgas','steen.dalgas@nutanix.com','07710981599','Nutanix','Senior Cloud Economist',1,0,0,NULL,NULL,0,NULL,NULL),(101,1,NULL,NULL,NULL,'Mr','Amine','Tazi','amine.tazi@atswiss.vc','0041784018290','AT Swiss Ventures','Managing Partner',1,0,0,NULL,NULL,0,NULL,NULL),(102,1,NULL,NULL,NULL,'Mr','Ravi Srikant','Veturi','ravi.veturi@virtusdcs.com','07827125711','VIRTUS','Finance',1,0,0,NULL,NULL,0,NULL,NULL),(103,1,NULL,NULL,NULL,'Mr','Alastair','Small','alastair.small@ampcapital.com','07881597302','AMP Capital','Investment Director',0,0,0,NULL,NULL,0,NULL,NULL),(104,1,NULL,NULL,NULL,'Mr','Olivier','Pioch','olivier.pioch@nuveenglobal.com','+33665333191','Nuveen','Investment Manager',0,0,0,NULL,NULL,0,NULL,NULL),(105,1,NULL,NULL,NULL,'Mr','PHIL','Collerton','pcollerton@uptimeinstitute.com','07715169696','Uptime Institute','Chief Commercial Officer',1,0,0,NULL,NULL,0,NULL,NULL),(106,1,NULL,NULL,NULL,'Mr','brian','pryor','esullivan@HL.com','6172857626','Houlihan Lokey','managing director',0,0,0,NULL,NULL,0,NULL,NULL),(107,1,NULL,NULL,NULL,'Mr','Jon','Healy','Jon.healy@keysource.co.uk','07748 674874','Keysource Ltd','Operations Director',0,0,0,NULL,NULL,0,NULL,NULL),(108,1,NULL,NULL,NULL,'Mr','Paul','Cutcliffe','paul.cutcliffe@portmanpartners.com','07528210081','Portman Partners','Partner - EMEA',1,0,0,NULL,NULL,0,NULL,NULL),(109,2,NULL,NULL,NULL,'Mr','Antton','Achiary','aachiary@pmpconseil.com','+33633237359','PMP Strategy','Senior Manager',0,0,0,NULL,NULL,0,NULL,NULL),(110,1,NULL,NULL,NULL,'Mr','Neil','Winch','neil.winch@edgecore.com','07783222426','Edgecore','SVP Development',0,0,0,NULL,NULL,0,NULL,NULL),(111,1,NULL,NULL,NULL,'Mr','Sam','Rose','sam.rose@cushwake.com','07795309842','cushman and wakefield','land transaction manager - EMEA Data centers',1,0,0,NULL,NULL,0,NULL,NULL),(112,1,NULL,NULL,NULL,'Mr','john','wilson','john@nlf.co.uk','+44(0)7771698411','Highbridge','strategy and business development',1,0,0,NULL,NULL,0,NULL,NULL),(113,1,NULL,NULL,NULL,'Mr','John','Eland','jeland@stackinfra.com','07912479153','Stack Infrastructure','CEO',1,0,0,NULL,NULL,0,NULL,NULL),(114,1,NULL,NULL,NULL,'Mr','Peder','Naerboe','Pn@bulk.no','+4791377794','Bulk Infrastructure AS','Executive Chair/ Founder',0,0,0,NULL,NULL,0,NULL,NULL),(115,1,NULL,NULL,NULL,'Mr','Zahl','Limbuwala','zahl.limbuwala@atlasedge.com','07970974832','AtlasEdge Data Centres','Chief Operating Officer',0,0,0,NULL,NULL,0,NULL,NULL),(116,1,NULL,NULL,NULL,'Mr','Ron','Huisman','ron.huisman@atlasedge.com','07970974832','AtlasEdge Data Centres','Chief Financial Officer',0,0,0,NULL,NULL,0,NULL,NULL),(117,1,NULL,NULL,NULL,'Mr','Poay Kin Max','Loo','poay.kin.max.loo@nibc.com','07775 567 774','NIBC','Infrastructure & Renewables',0,0,0,NULL,NULL,0,NULL,NULL),(118,1,NULL,NULL,NULL,'Mr','Ryan','Braganza','ryan.braganza@hotmail.com','07972371298','NordLb','Associate Director - Infrastructure and Renewable Energy',0,0,0,NULL,NULL,0,NULL,NULL),(119,1,NULL,NULL,NULL,'Mr','Julio','Puschel','Julio.puschel@arup.com','07891682191','Arup','Director',0,0,0,NULL,NULL,0,NULL,NULL),(120,1,NULL,NULL,NULL,'Mr','Thomas','Anderson','Tanderson@glpcp.com','07865656179','GLP','European Investments',1,0,0,NULL,NULL,0,NULL,NULL),(121,1,NULL,NULL,NULL,'Mr','Riam','Mistry','rmistry@interxion.com','07527533235','Digital Realty/Interxion','Senior Manager - Commercial Portfolio Management Group',0,0,0,NULL,NULL,0,NULL,NULL),(122,1,NULL,NULL,NULL,'Mr','Stanislas','Couriet Bossan','stanislas.courietbossan@gmail.com','07795572365','AGC Equity Partners','Managing Director',1,0,0,NULL,NULL,0,NULL,NULL),(123,1,NULL,NULL,NULL,'Mr','Poay Kin Max','Loo','max.loo@nibc.com','07775 567 774','NIBC Bank','Vice President',1,0,0,NULL,NULL,0,NULL,NULL),(124,1,NULL,NULL,NULL,'Mr','Stephen','Bowes-Phipps','steve.bowes-phipps@pts.global','07979531789','PTS Consulting LLP','Senior Digital Infrastructure Consultant',1,0,0,NULL,NULL,0,NULL,NULL),(125,1,NULL,NULL,NULL,'Mr','Robert','Matthews','Robert@pipiper.com','+353862581800','PIPIPER Infrastructure Ltd','CEO',1,0,0,NULL,NULL,0,NULL,NULL),(126,1,NULL,NULL,NULL,'Mr','Jose Maria','Guilleuma','jose.guilleuma@colliers.com','679303080','Colliers','Data Center Director',1,0,0,NULL,NULL,0,NULL,NULL),(127,1,NULL,NULL,NULL,'Mr','Igor','Grzinic','igor.grzinic@greendataistra.com','+385989835509','Green data Istra','Ceo',1,0,0,NULL,NULL,0,NULL,NULL),(128,1,NULL,NULL,NULL,'Mr','Igor','Grzinic','igor.grzinic@greendataistra.com','0989835509','Green data Istra','CEO',1,0,0,NULL,NULL,0,NULL,NULL),(129,1,NULL,NULL,NULL,'Mr','Andrew','Lawrence','alawrence@uptimeinstitute.com','+4407967024354','Uptime Institute','Executive Director of Research',0,0,0,NULL,NULL,0,NULL,NULL),(130,1,NULL,NULL,NULL,'Mr','Bart','De Jong','bart.dejong@digitaltransformation.capital','07585960746','DTCP','Managing Director',1,0,0,NULL,NULL,0,NULL,NULL),(131,1,NULL,NULL,NULL,'Mr','Joakim','Petersen','jp-consulting@hotmail.com','61600100','Datacentres International','Senior Advisor',0,0,0,NULL,NULL,0,NULL,NULL),(132,1,NULL,NULL,NULL,'Mr','Daniel','Beazer','daniel.beazer@analysysmason.com','07815481764','Analysys Mason','Senior Analyst',0,0,0,NULL,NULL,0,NULL,NULL),(133,1,NULL,NULL,NULL,'Mr','David','Keegan','David.keegan@dataqube.global','07800 922497','DataQube','CEO',1,0,0,NULL,NULL,0,NULL,NULL),(134,1,NULL,NULL,NULL,'Mr','Martin','Pearce','Martin.pearce@gb.abb.com','07807185806','ABB','Sales specialist UPS',0,0,0,NULL,NULL,0,NULL,NULL),(135,1,NULL,NULL,NULL,'Mr','Neil','Johnson','neil.johnson@cbre.com','07715700237','CBRE','Vice President',1,0,0,NULL,NULL,0,NULL,NULL),(136,1,NULL,NULL,NULL,'Ms','Tania','Lorrio','alexandrea.crawford@gmail.com','6318069004','Lorrio Media','Digital Marketing Manager',0,0,0,NULL,NULL,0,NULL,NULL),(137,1,NULL,NULL,NULL,'Mr','Andy','Hobbs','andy.hobbs@cbre.com','+65 8522 8994','CBRE','Director',0,0,0,NULL,NULL,0,NULL,NULL),(138,1,NULL,NULL,NULL,'Mr','Bradley','Treleavent','bradley.treleaven@cbre.com','+44 7534644873','CBRE','Director',0,0,0,NULL,NULL,0,NULL,NULL),(139,1,NULL,NULL,NULL,'Mr','Ryan','Botta','ryan.botta@cbre.com','+44 7484097396','CBRE','Director',0,0,0,NULL,NULL,0,NULL,NULL),(140,1,NULL,NULL,NULL,'Mr','Adam','Randolph','adam.randolph@aligneddc.com','3219617350','Aligned Data Centers','Facility Manager',0,0,0,NULL,NULL,0,NULL,NULL),(141,1,NULL,NULL,NULL,'Mr','Marc','Bhuyan','Smarak@imason.org','4692264167','Google','Product manager',1,0,0,NULL,NULL,0,NULL,NULL),(142,1,NULL,NULL,NULL,'Mr','Vincent','Fogarty','vincent.fogarty@diales.com','07519878153','Diales','Technical Director',1,0,0,NULL,NULL,0,NULL,NULL),(143,1,NULL,NULL,NULL,'Mr','William','Bellman','william.bellman@colliers.com','07881553904','Colliers International','Director',0,0,0,NULL,NULL,0,NULL,NULL),(144,2,NULL,NULL,NULL,'Ms','Tania','Lorio','loriocerros@gmail.com','+18069004','Lola Media','Marketing Manager',0,0,0,NULL,NULL,0,NULL,NULL),(145,1,NULL,NULL,NULL,'Mr','Matthew','Farrant','Matthew.Farrant@cbre.com','+44 7917240936','CBRE','COO',0,0,0,NULL,NULL,0,NULL,NULL),(146,1,NULL,NULL,NULL,'Mr','Andy','Davis','andy.davis@dataxconnect.com','07809235822','DataX Connect','Director',0,0,0,NULL,NULL,0,NULL,NULL),(147,1,NULL,NULL,NULL,'Mr','Claude','Achcar','Achcar@yahoo.com','21002522','Actel Consulting','Partner',0,0,0,NULL,NULL,0,NULL,NULL),(148,1,NULL,NULL,NULL,'Mr','Frank','Hassett','frank.hassett@globaldatacentredesign.com','0896104934','GDCD ltd','MD',0,0,0,NULL,NULL,0,NULL,NULL),(149,1,NULL,NULL,NULL,'Mr','Matthew','Smith','matthew.smith@emscapital.co.uk','07545243994','EMS Capital','CEO / Founder',1,0,0,NULL,NULL,0,NULL,NULL),(150,1,NULL,NULL,NULL,'Mr','Faisal','Akram','Faisal.akram@kaodata.com','07984274793','KAO Data','Business Development',0,0,0,NULL,NULL,0,NULL,NULL),(151,1,NULL,NULL,NULL,'Mr','Alexander','Norton','alexander.norton@torchpartners.com','+44 7552 887 614','Torch Partners','Investment Banking Analyst',0,0,0,NULL,NULL,0,NULL,NULL),(152,1,NULL,NULL,NULL,'Mr','Chad','Barrett','Chad.barrett@eu.equinix.com','07572547048','Equinix','Market Strategy',1,0,0,NULL,NULL,0,NULL,NULL),(153,3,NULL,NULL,NULL,'Mr','Joao','Lima','joao.lima@thetechcapital.com','07932210130','The Tech Capital','CEO',1,0,0,NULL,NULL,0,NULL,NULL),(154,3,NULL,NULL,NULL,'Mr','Stanislas','Couriet Bossan','scourietbossan@agcequitypartners.com','+442079593477','AGC Equity Partners','Managing Director',1,0,0,NULL,NULL,0,NULL,NULL),(155,3,NULL,NULL,NULL,'Mr','Stephen','Brown','Steve.Brown@datacenterpeople.com','0208 103 6700','Datacenter People','CEO',0,1,0,NULL,NULL,0,NULL,NULL),(156,3,NULL,NULL,NULL,'Mr','Bart','De Jong','bart.dejong@digitaltransformation.capital','+447585960746','DTCP','Managing Director',1,1,0,NULL,NULL,0,NULL,NULL),(157,3,NULL,NULL,NULL,'Mr','Andy','Davis','andy.davis@dataxconnect.com','01489 888499','DataX Connect','Director',1,1,0,NULL,NULL,0,NULL,NULL),(160,3,NULL,NULL,NULL,'Mr','Paul','Lewis','lewis.paul@principal.com','+447734856896','Principal Asset Management','Director European Data Centres',0,1,0,NULL,NULL,0,NULL,NULL),(164,3,NULL,NULL,NULL,'Mr','Ismail','Afara','Ismail.afara@partnersgroup.com','+41 78 759 04 66','Partners Group','Investment Leader',1,1,0,NULL,NULL,0,NULL,NULL),(165,3,NULL,NULL,NULL,'Mr','Barry','Gross','barry.gross@bclplaw.com','02034001000','Bryan Cave Leighton Paisner LLP','Global Lead Data Centres and Digital Infrastructure',0,1,0,NULL,NULL,0,NULL,NULL),(166,3,NULL,NULL,NULL,'Mr','nigel','Clarkson','nigel@pioneer-dc.com','07793650695','Pioneer DC','Managing Director',0,1,0,NULL,NULL,0,NULL,NULL),(167,3,NULL,NULL,NULL,'Mr','Volodymyr','Lyulchuk','volodymyr.lyulchu@quadrivium.digital','07384739095','Quadrivium Digital Ltd','CFO',1,1,0,NULL,NULL,0,NULL,NULL),(169,5,NULL,NULL,NULL,'Test','Joao','test','joao.lima@thetechcapital.com','+447453263846','The Tech Capital','ed',1,0,0,NULL,NULL,0,NULL,NULL),(170,3,NULL,NULL,NULL,'Mr','Chris','Flowers','Chris.Flowers@triplepoint.co.uk','07738249251','Digital 9 Infrastructure','Finance Directors',0,0,0,NULL,NULL,0,NULL,NULL),(174,3,NULL,NULL,NULL,'Mr','Sergo','Vashakmadze','sergo.vashakmadze@rainmaker.partners','+447824491520','Rainmaker Partners Ltd','CEO',0,1,0,NULL,NULL,0,NULL,NULL),(176,3,NULL,NULL,NULL,'Mr','Dean','Ara','dean@totalproductmarketing.com','16048121470','TPM','Principal',0,1,0,NULL,NULL,0,NULL,NULL),(178,3,NULL,NULL,NULL,'Mr','Simon','Berrill','simon.berrill@puredc.global','07375502920','Pure Datacentres','Chairman',0,1,0,NULL,NULL,0,NULL,NULL),(180,3,NULL,NULL,NULL,'Mrs','Eleni','Coldrey','eleni.coldrey@eu.equinix.com','07557804160','Equinix','Business Development Director, EMEA',0,1,0,NULL,NULL,0,NULL,NULL),(181,3,NULL,NULL,NULL,'Mr','Adrian','Mountstephens','adrian.mountstephens@eu.equinix.com','07720586995','Equinix','Business Development',1,0,0,NULL,NULL,0,NULL,NULL),(182,3,NULL,NULL,NULL,'Ms','Amelia','Dolan','amelia.dolan@eu.equinix.com','+447733745708','Equinix','Project and Program Associate, Business Development',1,1,0,NULL,NULL,0,NULL,NULL),(183,3,NULL,NULL,NULL,'Mr','Joakim','Petersen','joakim.petersen@newkaupang.com','+4561600100','Datacentres International','Senior Advisor',1,1,0,NULL,NULL,0,NULL,NULL),(184,3,NULL,NULL,NULL,'Mr','Igor','Grzinic','igor.grzinic@greendataistra.com','+385989835509','Green data Istra','CEO',1,0,0,NULL,NULL,0,NULL,NULL),(186,3,NULL,NULL,NULL,'Mr','Jasper','Lankhorst','jasper.lankhorst@rack-centre.com','+31612507280','ColoWest | Rack Centre','Group CEO Rack Centre',0,1,0,NULL,NULL,0,NULL,NULL),(187,3,NULL,NULL,NULL,'Mr','Pierre','Labbe','plabbe@qscale.com','14185757088','QScale','CFO',0,1,0,NULL,NULL,0,NULL,NULL),(188,3,NULL,NULL,NULL,'Mr','Mohamed','Dabbour','mohamed@dabbour.eu','07584089561','ColoWest','Group CFO',1,1,0,NULL,NULL,0,NULL,NULL),(190,3,NULL,NULL,NULL,'Mr','Jonathan','Zelmanovitch','jzelmanovitch@pmpstrategy.com','+330660265076','PMP Strategy','Partner',0,1,0,NULL,NULL,0,NULL,NULL),(191,3,NULL,NULL,NULL,'Mr','SATISH SARAVANA KUMAR','SADAGOPAN','satish@adinalgroup.com','+919940044307','AdINal Engineering Pvt Ltd (AdiNal Group)','Complete opeartions',1,1,0,NULL,NULL,0,NULL,NULL),(192,3,NULL,NULL,NULL,'Mr','Michiel','de Roij','michiel.deroij@eu.equinix.com','+31615246371','Equinix','Real Estate Director EMEA',0,1,0,NULL,NULL,0,NULL,NULL),(193,3,NULL,NULL,NULL,'Mr','Jonathan','Evans','j.evans@tdcs.co.uk','07736742797','Total Data Centre Solutions Ltd','Director',1,1,0,NULL,NULL,0,NULL,NULL),(194,3,NULL,NULL,NULL,'Mr','Noel','Meaney','Noel.meaney@stelliumdc.com','07436148333','Stellium Datacenters','Founder and CEO',1,1,0,NULL,NULL,0,NULL,NULL),(195,3,NULL,NULL,NULL,'Dr','Christopher','Stief','c.stief@data-castle.de','+4915739074834','DC Data Castle GmbH','CEO',0,1,0,NULL,NULL,0,NULL,NULL),(196,3,NULL,NULL,NULL,'Mr','Ross','Smyth','rsmyth@vipadigital.com','07379484625','VIPA Digital','Associate Consultant',0,1,0,NULL,NULL,0,NULL,NULL),(197,3,NULL,NULL,NULL,'Mr','Ed','Cooke','ed@conexuslaw.com','+442073900283','Conexus Law','Managing Partner',0,1,0,NULL,NULL,0,NULL,NULL),(198,3,NULL,NULL,NULL,'Mr','Ben','Maynard','ben.maynard@storyandstrategy.co.uk','07968537982','Story and Strategy Ltd','Founder',0,1,0,NULL,NULL,0,NULL,NULL),(199,3,NULL,NULL,NULL,'Mr','Michael','Adams','michael.adams@datacentrespeak.com','+447740741985','DatacentreSpeak Consultants','CEO',1,1,0,NULL,NULL,0,NULL,NULL),(200,3,NULL,NULL,NULL,'Mr','Stuart','Hall','shall@vipadigital.com','+447958253699','VIPA Digital Ltd.','Technical Director',1,1,0,NULL,NULL,0,NULL,NULL),(201,3,NULL,NULL,NULL,'Mr','Igor','Grzinic','igor.grzinic@greendataistra.com','+385989835509','Green data Istra','CEO',1,1,0,NULL,NULL,0,NULL,NULL),(202,3,NULL,NULL,NULL,'Mr','Vincent','Fogarty','vincent.fogarty@diales.com','07519878153','Diales','Vice Global Managing Director of Diales Technical',0,1,0,NULL,NULL,0,NULL,NULL),(203,3,NULL,NULL,NULL,'Mr','Paul','Cranfield','pcranfield@vipadigital.com','+447802852334','VIPA Digital Ltd','Partner',0,1,0,NULL,NULL,0,NULL,NULL),(204,3,NULL,NULL,NULL,'Mr','Alastair','Small','alastair.small@infrabridge.com','447881597302','InfraBridge (Division of DigitalBridge)','Investment Director',0,0,0,NULL,NULL,0,NULL,NULL),(205,3,NULL,NULL,NULL,'Mr','Chris','Miller','chris.miller@powerharvest.co.uk','+447786433212','Power Harvest Infrastructure Ltd','Director',1,1,0,NULL,NULL,0,NULL,NULL),(206,3,NULL,NULL,NULL,'Mr','Alex','Tong','atong@digitalrealty.com','07534088396','Digital Realty','Senior Associate, Acquisitions & Investments',0,1,0,NULL,NULL,0,NULL,NULL),(207,3,NULL,NULL,NULL,'Ms','Rachel','Sheridan','rachel.sheridan@bclplaw.com','02034003654','BCLP LLP','Senior Associate',0,1,0,NULL,NULL,0,NULL,NULL),(208,3,NULL,NULL,NULL,'Mr','Faisal','Akram','faisal.akram@kaodata.com','07864877194','Kao Data','Business Development',1,1,0,NULL,NULL,0,NULL,NULL),(210,3,NULL,NULL,NULL,'Mr','Andrew','Grace','andrew.grace@se.com','+4915141470117','Schneider Electric','Regional Account Director - EMEA',0,1,0,NULL,NULL,0,NULL,NULL),(211,3,NULL,NULL,NULL,'Mr','Dominic','Ward','dominic.ward@verneglobal.com','+447881828208','Verne Global','CEO',0,0,0,NULL,NULL,0,NULL,NULL),(212,3,NULL,NULL,NULL,'Mr','Steen','Dalgas','Steen.dalgas@nutanix.com','+447710981599','Nutanix','Senior Cloud Economist',1,1,0,NULL,NULL,0,NULL,NULL),(213,3,NULL,NULL,NULL,'Mr','Sebastien','Bonneau','sebastienbonneau@eversheds-sutherland.com','+447780222383','Eversheds Sutherland LLP','Partner - Data Centre and Digital Infrastructure',1,1,0,NULL,NULL,0,NULL,NULL),(214,3,NULL,NULL,NULL,'Mr','Otto','Kreiter','okreiter@google.com','+447770968481','Google','EMEA Regional manager',0,0,0,NULL,NULL,0,NULL,NULL),(215,3,NULL,NULL,NULL,'Mr','Julio','Puschel','julio.puschel@arup.com','121 213 3260','Arup','Director - TMT Lead',0,0,0,NULL,NULL,0,NULL,NULL),(216,3,NULL,NULL,NULL,'Mr','Oscar','Matthews','oscar.matthews@cbre.com','+447710860274','CBRE','Associate Director EMEA Capital Markets',1,1,0,NULL,NULL,0,NULL,NULL),(218,3,NULL,NULL,NULL,'Mr','Tom','Glover','tom.glover@jll.com','07468887273','JLL','EMEA Head DC Transactions',1,1,0,NULL,NULL,0,NULL,NULL),(219,3,NULL,NULL,NULL,'Mr','Edward','Kilbane','ekilbane@kilonholdings.com','00353 872306654','L51 Data Centres','CEO',1,1,0,NULL,NULL,0,NULL,NULL),(220,3,NULL,NULL,NULL,'Mr','Mark','Bailey','mark.bailey@crsblaw.com','+442072601517','Charles Russell Speechlys LLP','Partner',0,1,0,NULL,NULL,0,NULL,NULL),(221,3,NULL,NULL,NULL,'Mr','Chris','Sunderland','chris.sunderland@diales.com','07872383775','Diales','Director',0,1,0,NULL,NULL,0,NULL,NULL),(222,3,NULL,NULL,NULL,'Mr','Rick','Piket','rick.piket@citi.com','516-286-0344','Citigroup','Digital Infrastructure Investment Banking Vice President',0,1,0,NULL,NULL,0,NULL,NULL),(223,3,NULL,NULL,NULL,'Mr','Derek','Webster','d.webster@andget.co.uk','07739849621','Andget Ltd','CEO/MD',1,1,0,NULL,NULL,0,NULL,NULL),(224,3,NULL,NULL,NULL,'Mr','Martin','Murphy','martin.murphy@saluteinc.com','0044 7872377138','Salute Mission critical','President, EMEA',1,1,0,NULL,NULL,0,NULL,NULL),(225,3,NULL,NULL,NULL,'Mr','Neil','Winch','neilwinch@hotmail.co.uk','077832 22426','EdgeCore','SVP Development',0,1,0,NULL,NULL,0,NULL,NULL),(226,3,NULL,NULL,NULL,'Mr','Paul','Mortlock','paul.mortlock@cbre.com','+447826551509','CBRE','Head of European Data Centre Capital Markets',0,1,0,NULL,NULL,0,NULL,NULL),(227,3,NULL,NULL,NULL,'Mr','Chris','Hogg','chris.hogg@amberinfrastructure.com','+447825865901','Amber Infrastructure','Senior Investment Director',1,1,0,NULL,NULL,0,NULL,NULL),(228,3,NULL,NULL,NULL,'Ms','Sacha','Kavanagh','sk@structureresearch.io','447450287767','Structure Research','Senior Analyst',0,1,0,NULL,NULL,0,NULL,NULL),(229,3,NULL,NULL,NULL,'Mr','Matthew','Baynes','matthew.baynes@se.com','07884430369','Schneider Electric','VP Design & Construction Partners',1,1,0,NULL,NULL,0,NULL,NULL),(230,3,NULL,NULL,NULL,'Mr','Sam','Bao','sambao@cmi.chinamobile.com','+447771452401','China Mobile International (UK) Ltd','Director, Technical Services',0,0,0,NULL,NULL,0,NULL,NULL),(231,3,NULL,NULL,NULL,'Mr','Stephen','Whatling','stephen.whatling@keysource.co.uk','07341478641','Keysource Limited','Group CEO',0,1,0,NULL,NULL,0,NULL,NULL),(321,6,241,2,1,'Mr','Robert','Coster','rob@signalfire.co.uk','07590557179','Signalfire Internet Services Ltd','dsfsdfsdfsdfsdfsd',0,0,0,NULL,'{\"pa_email\": \"rob@signalfire.co.uk\"}',2,'2023-09-12 11:38:35','2023-09-14 07:41:38'),(322,6,241,2,2,'Mr','Robert','Coster','robertcoster@icloud.com','07590557179','Signalfire','dsfsdfsdfsdfsdfsd',0,0,0,NULL,'{\"pa_email\": \"robertcoster@icloud.com\"}',0,'2023-09-27 07:05:10','2023-09-27 07:05:10'),(323,6,241,1,1,'Mr','Robert','Coster','robertcoster@icloud.com','07590557179','Dingle Widgets Ltd','dsfsdfsdfsdfsdfsd',0,0,0,NULL,'{\"pa_email\": \"robertcoster@icloud.com\"}',0,'2023-10-01 16:56:18','2023-10-01 16:56:18'),(324,6,241,2,1,'Mr','Robert','Coster','robertcoster@icloud.com','07590557179','Dingle Widgets Ltd','adfsdfsdfd',0,0,0,NULL,'{\"pa_email\": \"robertcoster@icloud.com\"}',0,'2023-10-01 17:00:21','2023-10-01 17:00:21'),(325,6,241,1,1,'Mr','Robert','Coster','rob@signalfire.co.uk','07590557179','Signalfire Internet Services Ltd','asdsad',0,0,0,'XYZ123','{\"pa_email\": \"rob@signalfire.co.uk\"}',0,'2023-10-01 17:16:54','2023-10-01 17:16:54'),(326,6,241,2,2,'Mrs','Robert','Coster','rob@signalfire.co.uk','07590557179','Signalfire Internet Services Ltd','dsfsdfsdfsdfsdfsd',0,0,0,'XYX12121','{\"pa_email\": \"rob@signalfire.co.uk\"}',0,'2023-10-01 17:20:12','2023-10-01 17:20:12'),(327,6,241,1,1,'Mr','Robert','Coster','rob@signalfire.co.uk','07590557179','Signalfire Internet Services Ltd','sdfsfsdf',0,0,0,'XYZ123','{\"pa_email\": \"rob@signalfire.co.uk\"}',0,'2023-10-01 17:21:14','2023-10-01 17:21:14'),(328,6,241,1,1,'Mr','Robert','Coster','rob@signalfire.co.uk','07590557179','Signalfire Internet Services Ltd','sdfsfsdf',0,0,0,'XYZ123','{\"pa_email\": \"rob@signalfire.co.uk\"}',0,'2023-10-01 17:21:25','2023-10-01 17:21:25'),(329,6,241,1,1,'Mr','Robert','Coster','rob@signalfire.co.uk','07590557179','Signalfire Internet Services Ltd','sdfsfsdf',0,0,0,'XYZ123','{\"pa_email\": \"rob@signalfire.co.uk\"}',0,'2023-10-01 17:22:13','2023-10-01 17:22:13'),(330,6,241,3,1,'Mr','Robert','Coster','rob@signalfire.co.uk','07590557179','Signalfire Internet Services Ltd','dsfsdfsdfsdfsdfsd',0,0,0,'XYZ124','{\"pa_email\": \"rob@signalfire.co.uk\"}',0,'2023-10-01 17:24:12','2023-10-01 17:24:12');

--
-- Table structure for table `share_tags`
--

CREATE TABLE `share_tags` (
  `id` bigint unsigned NOT NULL AUTO_INCREMENT,
  `page_id` bigint unsigned DEFAULT NULL,
  `homepage_id` bigint unsigned DEFAULT NULL,
  `content_page_id` bigint unsigned DEFAULT NULL,
  `og_title` varchar(60) CHARACTER SET utf8mb4 COLLATE utf8mb4_unicode_ci NOT NULL,
  `og_image` varchar(200) CHARACTER SET utf8mb4 COLLATE utf8mb4_unicode_ci NOT NULL,
  `og_type` varchar(20) CHARACTER SET utf8mb4 COLLATE utf8mb4_unicode_ci NOT NULL,
  `og_description` varchar(1000) CHARACTER SET utf8mb4 COLLATE utf8mb4_unicode_ci NOT NULL,
  `twitter_card` varchar(30) CHARACTER SET utf8mb4 COLLATE utf8mb4_unicode_ci NOT NULL,
  `twitter_site` varchar(50) CHARACTER SET utf8mb4 COLLATE utf8mb4_unicode_ci NOT NULL,
  `twitter_creator` varchar(50) CHARACTER SET utf8mb4 COLLATE utf8mb4_unicode_ci NOT NULL,
  `twitter_description` varchar(1000) CHARACTER SET utf8mb4 COLLATE utf8mb4_unicode_ci NOT NULL,
  `twitter_title` varchar(70) CHARACTER SET utf8mb4 COLLATE utf8mb4_unicode_ci NOT NULL,
  `twitter_image` varchar(200) CHARACTER SET utf8mb4 COLLATE utf8mb4_unicode_ci NOT NULL,
  `twitter_image_alt` varchar(1000) CHARACTER SET utf8mb4 COLLATE utf8mb4_unicode_ci NOT NULL,
  `created_at` timestamp NULL DEFAULT NULL,
  `updated_at` timestamp NULL DEFAULT NULL,
  PRIMARY KEY (`id`),
  KEY `share_tags_page_id_foreign` (`page_id`),
  KEY `share_tags_homepage_id_foreign` (`homepage_id`),
  KEY `share_tags_content_page_id_foreign` (`content_page_id`),
  CONSTRAINT `share_tags_content_page_id_foreign` FOREIGN KEY (`content_page_id`) REFERENCES `content_pages` (`id`) ON DELETE CASCADE,
  CONSTRAINT `share_tags_homepage_id_foreign` FOREIGN KEY (`homepage_id`) REFERENCES `homepages` (`id`) ON DELETE CASCADE,
  CONSTRAINT `share_tags_page_id_foreign` FOREIGN KEY (`page_id`) REFERENCES `pages` (`id`) ON DELETE CASCADE
) ENGINE=InnoDB AUTO_INCREMENT=3 DEFAULT CHARSET=utf8mb4 COLLATE=utf8mb4_unicode_ci;

--
-- Dumping data for table `share_tags`
--

INSERT INTO `share_tags` VALUES (2,NULL,5,1,'Wibble','P3aif543bfPtmQbGqNi6WkeyN0jlnwC4Gdw0jgM0.jpg','website','Wibble','summary','@thetechcapital_','@joao','Test','Test','ySexnthyA7BXDmQTfi7ks1jcNwLg3rNOnAwWSf5j.jpg','Wibble','2023-09-29 11:55:54','2023-10-05 08:13:40');

--
-- Table structure for table `speakers`
--

CREATE TABLE `speakers` (
  `id` bigint unsigned NOT NULL AUTO_INCREMENT,
  `page_id` bigint unsigned NOT NULL,
  `name` varchar(100) CHARACTER SET utf8mb4 COLLATE utf8mb4_unicode_ci NOT NULL,
  `company` varchar(100) CHARACTER SET utf8mb4 COLLATE utf8mb4_unicode_ci NOT NULL,
  `position` varchar(100) CHARACTER SET utf8mb4 COLLATE utf8mb4_unicode_ci NOT NULL,
  `bio` text CHARACTER SET utf8mb4 COLLATE utf8mb4_unicode_ci NOT NULL,
  `twitter_url` varchar(1000) CHARACTER SET utf8mb4 COLLATE utf8mb4_unicode_ci DEFAULT NULL,
  `linkedin_url` varchar(1000) CHARACTER SET utf8mb4 COLLATE utf8mb4_unicode_ci DEFAULT NULL,
  `filename` varchar(200) CHARACTER SET utf8mb4 COLLATE utf8mb4_unicode_ci DEFAULT NULL,
  `status` tinyint unsigned NOT NULL,
  `created_at` timestamp NULL DEFAULT NULL,
  `updated_at` timestamp NULL DEFAULT NULL,
  `sort_order` int NOT NULL,
  PRIMARY KEY (`id`),
  KEY `speakers_page_id_foreign` (`page_id`),
  KEY `speakers_status_index` (`status`),
  CONSTRAINT `speakers_page_id_foreign` FOREIGN KEY (`page_id`) REFERENCES `pages` (`id`)
) ENGINE=InnoDB AUTO_INCREMENT=164 DEFAULT CHARSET=utf8mb4 COLLATE=utf8mb4_unicode_ci;

--
-- Dumping data for table `speakers`
--

INSERT INTO `speakers` VALUES (1,1,'Michael Tobin OBE','Crystal Peak Acquisition','Co-Founder and Executive Chairman','Coming soon...','https://twitter.com/Michael_Tobin_','https://www.linkedin.com/in/michael-tobin-obe-098179/','p0j8EaUzRCOiEUta8alnw3nI7KaH5VtPitEPwkBJ.jpg',1,NULL,'2022-06-01 10:02:35',7),(2,1,'João Marques Lima','The Tech Capital','Editor','João is the founder and editor of The Tech Capital. Winner of the Professional Publishers Association (PPA) 30 Under 30 media award, he owns a real passion for the media and has experience across online, print and broadcast. He has reported from over 30 countries worldwide, filming interviews with CEOs of big tech companies and government figures, amongst others. He is the founder and host of the Great Business Minds Podcast and prior to that, João has experienced the reporting industry at Data Economy, which he created for BroadGroup and where he also invented the Finvest Summit (all acquired by Euromoney Institutional Investor Plc in 2017), Capacity Media, Computer Business Review/Tech Monitor, the Daily Mail, Channel 4 News, Channel 4, The Guardian, Antena Lusa and Future Behind.','https://twitter.com/joao_pmlima','https://uk.linkedin.com/in/joaomarqueslima','yiZJ8InvmajbZCgXo0bxLoiutZvhoswOmgaxO0mh.jpg',1,'2022-03-25 13:25:43','2022-06-05 10:17:14',52),(3,2,'Laurence Hainault','Credit Suisse','Managing Director','Laurence G. Hainault is a Managing Director in the Capital Markets & Advisory division, based in Paris. \r\nShe is a Senior Member of the Client Advisory Group, Head of EMEA Telecoms as well as responsible for covering Telecom, Media and Technology clients in France. She has also been leading the dedicated Telecom Infrastructure Initiative.\r\nMs. Hainault joined Credit Suisse First Boston in October 2000 through the merger with Donaldson, Lufkin & Jenrette (“DLJ”) where she was an Associate in the Mergers & Acquisitions team. She started her career in 1997 as a member of the DLJ Media & Telecom team, based in New York to then work in the M&A team in London in 2000. In the same year, she joined the Credit Suisse TMT team, based in London until 2009. \r\nMs. Hainault holds 24 years of experience working for TMT clients on a wide range of assignments including M&A, ECM, HY and DCM.\r\n \r\nMs. Hainault holds a Magistère degree in \"Bank-Finance-Insurance\" and a DEA-Research Master in International Economics and Finance from the University of Paris Dauphine as well as a Master degree in Business Law from the University of Paris Pantheon Sorbonne.',NULL,'https://www.linkedin.com/in/laurence-hainault-1b1a40167/','IKxpGo97KSc0BBlWZImkymPvR6cdXZjs4XXWiUvE.jpg',1,'2022-03-25 18:53:20','2022-04-14 13:39:27',3),(4,2,'Madonna Park','RBC Capital Markets','Global Head of Communications Infrastructure','Coming soon...',NULL,'https://www.linkedin.com/in/madonna-park-a33b024/','noAsyz19ZlLK9xJilXdybr9KLSZ4DT11xk2dUwfj.jpg',1,'2022-03-25 18:56:23','2022-03-28 14:05:09',9),(5,1,'Patrick Lynch','CBRE','Executive Managing Director, Data Center Solutions Group','Coming soon...',NULL,NULL,'Jt8kKb8cwaa3w1D4DjQVtiHOOx1zyy4r4toOnrNC.jpg',1,'2022-03-25 19:00:15','2022-05-31 19:56:48',21),(6,1,'Philbert Shih','Managing Director','Structure Research','Philbert Shih is the Founder and Managing Director of Structure Research, an independent Toronto and Singapore-based research and consulting firm devoted to the cloud and data centre infrastructure services markets with a specialization in the hyperscale value chain.\r\nMr. Shih is based in Toronto and has covered the infrastructure services space for over 20 years. His coverage of the sector is global in scope and extends across the broader Internet infrastructure value chain. He is the conference chair for the annual infra / STRUCTURE summit and heads up the Structure Research consulting practice, which has advised and provided subject matter expertise for transactions across data centre, cloud and managed hosting, with over $3b in value.\r\nMr. Shih is a regular speaker at industry events and has been quoted in various publications such as The South China Morning Post, The Deal, Data Economy, The Globe and Mail, IT World Canada, National Post, The Cube, Computerworld, InfoWorld, Bizjournals, Data Center\r\nKnowledge, Light Reading, eWeek, Miami Herald, San Antonio Express News and Forbes.\r\nPrior to founding Structure Research in 2011, Mr. Shih was the first hosting infrastructure analyst hired after Tier1 Research was sold to The 451 Group (2005) and spent six years as Senior Analyst for managed hosting and cloud. In this role, Mr. Shih helped launch Tier1’s coverage of hosting and cloud in international markets and was the lead and contributing author to all of the company’s quarterly and bi-annual hosting infrastructure sector reports.\r\nPrior to joining Tier1 Research, Mr. Shih spent more than four years covering the web hosting industry – three of them as Senior Staff Writer for The Web Host Industry Review’s online and print publications. At theWHIR, Mr. Shih covered companies in the SMB and enterprise hosting, cloud and colocation segments.\r\nMr. Shih holds an MA in Political Science from the University of British Columbia with a specialization in political economic development.',NULL,'https://www.linkedin.com/in/philbertshih/','pdwXvR89gnc8ryH8W6wZfmuZB2u7VnJ3rDKTltuc.png',1,'2022-03-25 19:04:08','2022-06-04 17:54:52',48),(7,1,'Mike West','Digital Infrastructure Advisors Ltd','CEO','An entrepreneurial business leader and investor, Mike brings a deep commercial, strategic, and operational insight of the Data Centre Industry, with board leadership experience including, leading and exiting a highly successful data centre design and services business and investing in businesses generally.\r\nMike is a recognised leader and expert in Data Centre Design with more than 20 years’ experience leading teams that design, build and operate some of the world’s most efficient, high performing, resilient and high-profile facilities.\r\nWorking in all sectors of the data center industry Mike brings a unique insight into corporate, colocation, and hyperscale requirements, whilst leading adoption of best practice and international design standards for existing and next generation facilities, combined with a deep understanding of facilities management in the Critical Engineering environment.\r\nWith various international business interests and support for start-ups in the industry, Mike is also Founder and CEO of Digital Infrastructure Advisors Ltd, providing Advisory Services to support the complete Data Centre lifecycle.',NULL,'https://www.linkedin.com/in/mike-west-9247905/','bq9CvIRaNVg5cgLmO8Twl7HuoLxyz4rko2jNZ9Ys.jpg',1,'2022-03-25 19:05:42','2022-06-04 17:54:52',47),(8,1,'Tim Bawtree','Quantum Switch','Founder & CEO','Coming soon...',NULL,NULL,'fypq9nqVf33oHZ68SOfdAXiiSL0359fhbtIO5VuB.png',1,'2022-03-25 19:07:42','2022-05-31 19:56:48',23),(9,1,'Michael Ortiz','Layer 9 Data Centers','Managing Member & Co-Founder','Michael Ortiz has credentials that span over 22 years leading publicly traded companies. These experiences span across various platforms associated with data center, cloud, hybrid cloud and multi-cloud deployments touching the United States, Canada, and Latin America.\r\n \r\nMichael presently leads Layer 9 Data Centers as Chief Executive Officer and Co-founder. In this role, he brings to the table over 13 years of expertise driving solutions tohyperscale data center clients. \r\n \r\nPrior to Layer 9, Michael held various portfolio management and site selection leadership roles for Digital Realty and DuPont Fabros Technology. Michael also served in portfolio management at Equity Office Properties through the sale to Blackstone and within the investment banks at JP Morgan and Mitsubishi Tokyo Financial Group.',NULL,'https://www.linkedin.com/in/informationtechnologytco/','O6hq68HIN907V7afC2SVJcz0A93zb1Up7M78Meio.jpg',1,'2022-03-25 19:10:36','2022-05-31 19:56:48',28),(10,2,'Sharad Somani','KPMG','Partner, Head of Infrastructure','Coming soon...',NULL,'https://www.linkedin.com/in/sharadsomani/','QgF5Tng2eD3INhnGkn3PNmtZi00SQ9Be6h1qUNiA.jpg',1,'2022-03-25 21:25:22','2022-03-28 14:05:09',8),(11,2,'Dharman Sury','HEAD JUDGE','Senior Advisor, PMP Strategy','Dharman Sury brings more than 25 years of experience in telecommunications, digital and high-growth emerging economies.\r\nHe spent the last 6 years as CFO of Data4, a privately-held European data center operator, growing the bottom-line of the company 2.6x, raising close to €1bn of debt, taking the company through two rounds of equity cycles and expanding the platform to Spain and Poland.\r\nPriorly, Dharman spent 8 years with Orange, a telecommunications operator, in charge of corporate M&A in APAC and subsequently head of international sales for French large accounts at Orange Business Services. He started his career as a fast-track senior civil service with the French Treasury, moving then on as an advisor to a Cabinet Minister designing, and implementing innovation and R&D policies as well as the Minister’s communication and media strategy on these topics. \r\nDharman was nominated Top10 CFOs of French mid-caps by DAF Magazine in 2017 and Top50 Global Leaders in Data Center Finance in 2019 by Data Economy.\r\nDharman is a graduate of the Ecole des Mines de Paris and of the Corps des Mines.',NULL,'https://www.linkedin.com/in/dharmansury/','ufZz7Wtz8NXSirbf8cVpF4SUZeK5SnuF8qoSGTuK.jpg',1,'2022-03-25 21:26:21','2022-03-28 20:31:24',2),(12,2,'Michael Tobin OBE','Crystal Peak Acquisition','CO-FOUNDER AND EXECUTIVE CHAIRMAN','Coming soon...',NULL,'https://www.linkedin.com/in/michael-tobin-obe-098179/','5VBIww3XNQNa9SVM0jzVblOc5XitmXPaZQHCSaHE.jpg',1,'2022-03-25 21:32:38','2022-03-28 14:05:09',10),(13,2,'Michalis Grigoratos','Director','BlackRock','Coming soon...',NULL,'https://www.linkedin.com/in/mgrigoratos/','KazPvlm9n8F0XOErnEN1ncYPYT7tUGIKnIT0UNjy.jpg',1,'2022-03-25 21:33:18','2022-03-28 14:05:09',11),(14,2,'Mike West','Digital Infrastructure Advisors Ltd','CEO','An entrepreneurial business leader and investor, Mike brings a deep commercial, strategic, and operational insight of the Data Centre Industry, with board leadership experience including, leading and exiting a highly successful data centre design and services business and investing in businesses generally.\r\nMike is a recognised leader and expert in Data Centre Design with more than 20 years’ experience leading teams that design, build and operate some of the world’s most efficient, high performing, resilient and high-profile facilities.\r\nWorking in all sectors of the data center industry Mike brings a unique insight into corporate, colocation, and hyperscale requirements, whilst leading adoption of best practice and international design standards for existing and next generation facilities, combined with a deep understanding of facilities management in the Critical Engineering environment.\r\nWith various international business interests and support for start-ups in the industry, Mike is also Founder and CEO of Digital Infrastructure Advisors Ltd, providing Advisory Services to support the complete Data Centre lifecycle.',NULL,'https://www.linkedin.com/in/mike-west-9247905/','BWeeLkzaS9m94htWVyfAO2fnqaN78jO7c6OAYeXL.jpg',1,'2022-03-25 21:33:49','2022-04-12 10:27:00',17),(15,2,'Vijay Mistry','VIPA Digital','Partner','An established figure in the Data Centre Industry with over 25+ years’ experience in Financial Services, Infrastructure and Data Centre Environments. Prior to VIPA Digital, Vijay was the Operations, VP at Digital Realty, responsible for the company\'s portfolio of Data Centres across Europe.\r\n \r\nVijay also spent 20 years at Morgan Stanley where he held a number of senior leadership positions including the European Head of Enterprise Computing, Global Head of Data Centre Portfolio Management and European Head of Enterprise Data Centres, where he transformed the team into a world class organisation, earning numerous industry accolades .\r\n \r\nVijay holds a BSc in Information Systems Design, and sits on a number of advisory boards within the DC Industry.',NULL,'https://www.linkedin.com/in/mistryvijay/','E3QqVou9Ab2b8IYnHYcv94N43iTOSfO3gdLNWCB7.jpg',1,'2022-03-25 21:34:16','2022-04-12 10:27:00',20),(16,2,'David Liggitt','Datacenter Hawk','Founder & CEO','David is the Founder and Chief Executive Officer of datacenterHawk. David started the company in 2014 with the vision to help customers make better decisions about data center real estate. His 15 years of industry experience and leadership have helped create a global platform trusted and depended on by the world’s largest data center owners, investors, consultants and users of digital infrastructure. He has been active in the data center industry since 2007.\r\nDavid also started the datacenterHawk Podcast, an industry focused video and audio experience exploring relevant digital infrastructure topics. He frequently hosts other CEO’s and senior leaders from data center companies to provide thought leadership on the future of the space. He also highlights key trends with analytics and data found only on the datacenterHawk platform.\r\nPrior to starting datacenterHawk, David was a leader in CBRE’s Data Center Solutions Group and assisted clients with their digital infrastructure needs. His time at CBRE was instrumental in allowing him to understand the challenges and solutions needed to help companies grow their data center infrastructure.\r\nDavid currently lives in Dallas with his wife and two boys. He is a proud graduate of Baylor University and is actively involved in coaching youth sports, his neighborhood and his church.','https://twitter.com/d_liggitt','https://www.linkedin.com/in/davidliggitt/','C7DnhCc6b2xfXE4drTQmOAZTi4ucVrzXM3To7UKX.jpg',1,'2022-03-25 21:34:45','2022-04-12 10:27:00',22),(17,2,'Robin Brown','Stephens','Managing Director','Robin Brown is a Managing Director at Stephens Europe and leads the Technology sector coverage team in the UK. Prior to joining Stephens in 2019, Robin was Managing Director and Head of TMT M&A at BDO Corporate Finance.\r\n\r\nRobin’s Technology sector coverage extends across Software, Cyber Security, IT Services and Telecom Infrastructure. He has over 20 years of technology industry experience; latterly as Vice President of Product and Strategy at Colt Technology Services as well as having held various board level positions within privately owned and PE backed technology companies. Robin has advised clients on a wide variety of transactions over both his industry and corporate finance career, including M&A sell-side and buy side assignments, corporate strategy, restructuring and carve out’s.\r\n\r\nRobin is an Advisory Committee Member at TechUK representing the interests of the UK technology sector. Additionally, he advises a department of the UK Government on its cyber security investment program. He holds a BA (Hons) degree in International Development from Leeds University and attended the HULT International Business School.',NULL,'https://www.linkedin.com/in/robinckbrown/','XH2fqx7xZSjnjDOqwAYky93AXnbjhXERR3nkTl4O.jpg',1,'2022-03-25 21:35:10','2022-04-12 10:27:00',19),(18,2,'Kemal Hawa','Greenberg Traurig, LLP','Partner & Shareholder','Kemal Hawa focuses his practice on corporate and securities law and transactions, with an emphasis on the telecommunications, media and technology industries, domestically and internationally. Kemal assists clients with the negotiation of transactions in the cloud computing space, including the negotiation of data center and colocation leases, globally. Kemal also has extensive experience in the negotiation of network infrastructure transactions, including submarine cable system consortium and private subsea cable deals, terrestrial fiber optic network transactions, and transactions involving antenna towers.\r\n\r\nKemal regularly advises public and private companies, private equity firms, investment banks, and creditors’ committees on a variety of matters, including mergers and acquisitions, investments, financing arrangements, licensing agreements, commercial transactions, market entry strategies, and bankruptcies and restructurings. His company clients include data center operators, global content providers, fintech companies, telecommunications and media companies, wireless and international carriers, Internet service providers, satellite companies, equipment manufacturers, electric utilities, and numerous technology companies.',NULL,'https://www.linkedin.com/in/kemal-hawa-77268/','AAbVPSXktmtnouR2j6vFWtRAmCnOkxQF2MbuclwH.jpg',1,'2022-03-25 21:35:39','2022-04-12 10:27:00',18),(19,2,'Andrew Jay','CBRE','Executive Director','Coming soon...',NULL,'https://www.linkedin.com/in/andrewjay1/','6Q9k3kizabfz2WwLAwHRJMCzZgz6kbvDQnWyDoQg.jpg',1,'2022-03-29 06:26:58','2022-03-29 06:27:54',12),(20,2,'Dr. Dmitriy Antropov','Partners Group','Managing Director','Dr. Dmitriy Antropov is Co-Head of the Private Infrastructure Integrated Investments business unit, based in Zug. He is a member of the Private Infrastructure Investment Committee. Dmitriy is leading Partners Group datacenter thematic globally and has been involved in multiple digital infrastructure investments in the US, Europe and Asia. He has been with Partners Group since 2008 and has 17 years of industry experience. Prior to joining Partners Group, he worked at UniCredit Group, L.E.K. Consulting and Apax Partners. He holds a PhD in world economics from Financial University, Moscow and Master’s in European Business from ESCP Europe. He is also a Financial Risk Manager.',NULL,'https://www.linkedin.com/in/dantropov/','sToOGEB6C3qvrWguliPAtYMAnmV1SRxREYRTvWWC.jpg',1,'2022-03-30 10:46:33','2022-04-12 10:27:00',24),(21,1,'Barry Gross','Bryan Cave Leighton Paisner LLP','Partner','Barry is co-leader of Bryan Cave Leighton Paisner’s global practice for the Data Centres and Digital Infrastructure Team. The BCLP team has acted for operators, funders, investors and corporates on a range of investment, leasing and M&A transactions and in the last two years has closed over 2GW of data centre leasing transactions globally. \r\n\r\nBarry has experience advising on data centre acquisitions, the management and disposal of data centre sites, data centre leasing, forward funding arrangements and more. His clients include developers of, investors in and operators and funders of data centres. Barry is a regular participant in DCDI panels on diverse topics including the future of data centre investment and financing, Data Centres as an infrastructure investment opportunity and the challenges of ESG in the data centre industry.',NULL,'https://www.linkedin.com/in/barrygross/','sj5OIm3VwEmmVvFK1X04EUcGM7Ir4HkqgaK6jRiQ.jpg',1,'2022-04-04 10:44:47','2022-05-31 19:56:48',32),(22,2,'Roxanna Plinsky','Global Data Centers & Partners, Inc.','Founder','Roxanna Plinsky founded Global Data Centers & Partners in 2020, a consulting firm for Data Center Operators and its ecosystem interested in expanding into new markets. She has more than 18 years of telecommunication, data center, and cloud experience. Roxanna has built an extensive global network of industry leaders via partnerships with high-growth multinational corporations and working and living abroad for many years.\r\n\r\n\r\nRoxanna has held several senior management roles with organizations in the United States, Singapore, and Europe. Prior to launching Global Data Center & Partners, Roxanna served as VP of Hyperscale Sales at Yondr, Americas, NTT Global Data Centers, EMEA (formerly e-shelter), and Bridge Data Centres, Singapore. Further, Roxanna held a position as Hybrid IT Director at Level 3 Communications (acquired by CenturyLink in 2017), where she was responsible for all Data Center and Cloud transactions on the West Coast, United States. Level 3 Communications acquired tw telecom in 2017. Roxanna served as Alliances Director, managing technical projects between tw telecom and large Data Center REITs.\r\n\r\nRoxanna relocated from Sweden to San Francisco in 1998. She completed her Computer Science Studies and later received a B.A. in Marketing and Account Planning from the University of Art, San Francisco. Additionally, she is on the Advisory Board of Big Data, San Francisco State University, speaks four languages, and holds U.S. and Swedish citizenship.',NULL,'https://www.linkedin.com/in/roxanna/','ZA7l2eWvJ94E8MuL0siFHhgX3muZ1nsKrXY4xzqj.jpg',1,'2022-04-06 10:36:29','2022-04-08 03:59:10',13),(23,1,'Josh Joshi','AtlasEdge','Executive Chairman','Coming soon...',NULL,'https://www.linkedin.com/in/joshjoshi/','EkwGYcjwkjJf25aTt4TcOi1BiwyiQgmbMUHF0P0u.jpg',1,'2022-04-12 10:24:06','2022-05-31 19:56:48',31),(24,2,'Sérgio Ferreira','EY','Executive Director','Coming soon...',NULL,'https://www.linkedin.com/in/sergiofe/','OPQuozHX4OTr41W16buycZBieb7cEvVenBo6AnVr.jpg',1,'2022-04-12 10:26:46','2022-04-12 10:27:00',14),(25,1,'Karen Bach','IX Acquisition Corp.','CEO','Details to follow shortly...',NULL,'https://www.linkedin.com/in/karen-bach/','KzplawktmjwjGACRYLNmzKTe4EW6ZA2TuPnlW38P.jpg',1,'2022-05-06 14:06:51','2022-05-31 19:56:48',33),(26,1,'Ken Campbell','PMP Strategy','Partner','Ken Campbell has more than twenty-five years of experience in the telecom industry. He has served in CEO and senior executive roles with operators in North America, North Africa and Europe.  \r\nMr. Campbell is a Partner with PMP Strategy (London) and the Chairman of Canadian B2B operator, Terago.  He also serves as a Non-Executive Director of South African FTTH player, Octotel and as an NED of Upstream Systems, a PE-backed mobile commerce company serving emerging markets. \r\nMr. Campbell was also the Founder of Mobile Klinik, Canada’s leading smartphone repair network, which he sold to Canadian operator Telus in 2020. \r\nMr. Campbell has served as Managing Director of Moroccan operator, INWI and was the CEO of Ooredoo Tunisia. He was also founding CEO of Canadian operator, WIND Mobile and the CEO of private equity backed Bite Group in Lithuania and Latvia.  Mr. Campbell has also served in executive leadership roles for Vodafone (Romania), Orascom Telecom and Orange (Egypt). \r\nMr. Campbell began his career with the management consultancy, A.T. Kearney in Washington, DC. \r\nMr. Campbell holds a Masters in Business Administration from London Business School in London, UK and a Bachelor of Arts (Honours Economics) from Carleton University in Ottawa, Canada.',NULL,'https://www.linkedin.com/in/campbellken/','US7EL0hj0DSgS8NHfQ1rY1NPFPRWj6SSagvaRJbG.jpg',1,'2022-05-06 14:11:40','2022-06-04 17:54:52',49),(27,1,'Michalis Grigoratos','BLACKROCK','Director','Details to follow shortly...',NULL,'https://www.linkedin.com/in/mgrigoratos/','pNpW2pD3HgUYinBvzU9KnZrphNVi17PzjgQu5zto.jpg',1,'2022-05-06 15:00:22','2022-06-04 17:54:52',45),(28,1,'Narendra Sen','RackBank','Founder & CEO','Narendra Sen is the Founder and Director of RackBank DataCenters Pvt Ltd. He is a pioneering mind who at first led the digital marketing expertise in Central India back in 2006 followed by founding the region’s first green data center.',NULL,'https://www.linkedin.com/in/narendrasen/','jnA2AEGTynPptlmT5xo1NqxagWdCqj4BYh3pkKva.jpg',1,'2022-05-06 15:14:40','2022-06-04 17:54:52',40),(29,1,'Chris Hogg','Amber Infrastructure','Senior Investment Director','Chris is a Senior Investment Director at Amber Infrastructure focused on telecoms infrastructure across Europe and CEE, including data centres, fibre and towers investments. Chris has led many of Amber’s investments here and currently sits on the boards of Greenergy Data Centers, Community Fibre, Airband, Toob and NextGenAccess. \r\n\r\nChris joined Amber from Arma Partners, a TMT M&A advisory firm focussed on the European mid-market, where he also covered the telecoms infrastructure sector. Previously, Chris was with Merrill Lynch and he started his career with PwC in London.',NULL,'https://www.linkedin.com/in/cchogg/','MKj52XfJyRhdcJcRW5DVLdALtCN3HPUIKuvUMUF6.jpg',1,'2022-05-06 15:17:22','2022-05-31 19:56:48',36),(30,1,'Kok Chye Ong','Gaw Capital','MD - Head of IDC Platform, Asia (Ex-China)','Mr. Ong joined Gaw Capital in 2021 as Managing Director – Head of IDC Platform, Asia (Ex-China). He spearheads Internet Data Centre (IDC) platform investments for Gaw Capital Partners outside of the China region.\r\n\r\nPrior to joining Gaw Capital Partners, Mr. Ong worked in the Keppel Group of companies for 10 years in a number of roles including being a Senior Vice President and since 2014, as the Head of Strategy and Global Investments at Keppel Data Centres, a regional data centre owner and operator with over 25 data centres spread across the APAC and European regions. He has over 20 years of international experience in data centres, telecom and submarine cable development projects. He has strong track record in fundraising, growing data centre businesses in key markets in Asia and Europe, and leading investment teams to acquire data centres in Australia, Malaysia, Indonesia, Singapore, Hong Kong, Germany and in the Netherlands. He was ranked by Data Economy in 2018 as one of the world’s top 25 finance deal makers in the data centre and cloud industry.\r\n\r\nMr. Ong received his Bachelor of Accounting degree from the Nanyang Technological University in Singapore and graduated from the Sloan Fellows Program at Stanford University with a Master of Science in Management from the Graduate School of Business in 2007. He is a Chartered Accountant (CA) in Singapore and Fellow of CPA Australia (FCPA) and a member of the Institute of Singapore Chartered Accounts (ISCA) and CPA Australia',NULL,'https://www.linkedin.com/in/kokchyeong/','4cufgyapVQJIt0TYi9NBLA2rdBGfbHGouecCkCRc.jpg',1,'2022-05-06 16:40:27','2022-05-31 19:56:48',35),(31,1,'Rick Piket','Citigroup','VP, Digital Infrastructure Investment Banking','Rick Piket is a Vice President within Citigroup’s TMT Investment Banking  group, where he specializes in Digital Infrastructure. Since joining Citi in 2016, Rick has focused on executing M&A and Capital markets transactions globally across data centers, fiber and towers.',NULL,'https://www.linkedin.com/in/rick-piket-9a462141/','RQbSA8HQiNF29y3xEeHgyhcTL0J42qOjfj5NmjPP.jpg',1,'2022-05-06 16:48:20','2022-06-04 17:51:25',37),(32,1,'Paul Cranfield','VIPA Digital Ltd','Partner and Co Founder','A chartered energy engineer with over 25-years’ experience of mission critical environments across the aviation, telco, banking and technology sectors and specialising in Power, Sustainability, Compliance and Operational Risk\r\n\r\nHaving held senior roles in BAA, WSP, Vodafone, UBS and Digital Realty, Paul has significant experience in design and operational performance of Data Centre facilities. Paul has managed teams of compliance professionals delivering excellence across Energy, Environment, Security, Business Continuity and Supply Chain.\r\n\r\nWith specific focus on the Technology sector, VIPA Digital specialises in providing commercial and technical support to investors, developers, operators and end-users of Data Centre infrastructure.\r\n \r\nPaul holds a BEng (Hons) in Energy Engineering and is a member of the Energy Institute (CEng, MinstE).',NULL,'https://www.linkedin.com/in/paul-cranfield-625b02a/','RDhtMcUDLR32ETGeHEzrZRu4yEMpfpXy8EIt917h.png',1,'2022-05-13 11:57:28','2022-06-04 17:54:44',51),(33,1,'Andre Karihaloo','Digital 9 Infrastructure','Investment Director','Andre joined Triple Point in 2021 as an Investment Director in Digital 9 Infrastructure plc.\r\n\r\nHe began his career in investment management at HSBC in New York and London, and has worked on over £5bn of infrastructure transactions.\r\n\r\nAndre is a graduate of the London School of Economics.',NULL,'https://www.linkedin.com/in/andrekarihaloo/','Xj2f0PC4GLsFpyca0NN0shIE71dTEA0CqRhH98am.jpg',1,'2022-05-13 12:00:14','2022-06-04 17:54:52',42),(34,1,'Anne Foster','Quinbrook Infrastructure Partners','Global Head of ESG','Ms Anne Foster is a director with over 15 years’ experience across investment, financial advisory, asset management and investment banking focused on infrastructure and global energy. Ms. Foster is responsible for leading the firm’s ESG and Sustainability activities including Vice President for the CEI division at Capital Dynamics Group between 2010 and 2014, supporting investment analysis, fundraising and investment transaction project management.\r\n\r\nShe previously worked in Asset Management for Deutsche Bank Asset Management Infrastructure, Grant Samuel M&A and Investment Banking at Credit Suisse.\r\n\r\nMs Foster as completed postgraduate studies at MIT in Digital Transformation (Blockchain, IoT, Cryptocurrencies, AI and Cybersecurity), holds a Master of Applied Finance from the Securities Institute of Australia, a Bachelor of Science (specialising in Environmental Science) from the University of New South Wales, Australia with First Class Honours and has also studied under scholarship at the University of California, Santa Barbara in the Bren School of Environmental Science and Management.',NULL,'https://www.linkedin.com/in/anne-foster-810b4225/','bJe8byDTQkfEBtEjVQA7PjdrVhsvL7JpIM7TbSJi.jpg',1,'2022-05-13 12:06:27','2022-05-31 19:56:48',25),(35,1,'Corey Dyer','Digital Realty','Chief Revenue Officer','Corey Dyer is Chief Revenue Officer (CRO), with responsibility for sales, leasing and marketing efforts across the organization. Prior to joining Digital Realty, Corey served as Senior Vice President, Sales, Americas at Equinix, where he had responsibility for sales across the Americas region. Before joining Equinix, Corey worked at Hewlett-Packard, where he served as Vice President, Storage Sales, Canada and led the firm\'s Canadian storage business. Previously, he held various sales and sales leadership positions at Dell, primarily in the server, software and peripheral businesses. Corey has over 25 years of experience as a sales leader with a track record of building and driving sales and marketing operations at leading technology companies. He received a Bachelor of Arts degree in Economics from Wake Forest University.',NULL,NULL,'9rGiP3g1kspeuj1sLQ1fKE0X6bAsRMjzOB6WT7vY.jpg',1,'2022-05-18 19:20:05','2022-05-18 19:20:48',1),(36,1,'Josh Snowhorn','Quantum Loophole','Founder & CEO','Josh values approachability, accessibility, collaboration, innovation and growth. These qualities guided Josh’s leadership in the interconnection industry over the last 20 years and building over $10B of value along the way. He has pretty much seen and done it all through key founding and executive positions at Terremark, Verizon (NYSE: VZ), Cincinnati Bell, and CyrusOne (Nasdaq: CONE). Josh founded the Global Peering Forum, the annual meeting for the Internet interconnection and peering community where he serves on the board of directors. Josh serves on the advisory board of Telescent, the finest automated interconnection machine on the planet. He is an avid speaker at conferences globally including networking, data centers, real estate, edge networking, and quantum computing. He has been a surfer for 39 years and a snowboarder for 25 years, traveling the globe in pursuit of experiences. Josh loves cars and racing. He founded TrackRats, LLC, the premier car club for track enthusiasts.\r\n\r\nAuto racing enthusiast. Industry leader and innovator. Surfer and snowboarder. Peering expert. Public speaker. Founder and CEO of Quantum Loophole.','https://twitter.com/snowhorny','https://www.linkedin.com/in/josh-snowhorn-7a327/','6DPjPuGzHiRsHmx9EBsY0Pd0Xs74C3BYZsVbK0Yq.jpg',1,'2022-05-18 19:22:53','2022-06-01 10:01:45',6),(37,1,'Anubhav Raj','Aligned Data Centers','CFO','Anubhav is an expert in investment banking, IPOs and financial and operational strategy. As the Chief Financial Officer for Aligned, Anubhav is responsible for the company’s financial and operational strategy. He manages the development and monitoring of control systems that preserve company assets, reduce risk and report accurate financial results. Prior to Aligned, Anubhav was the Senior Vice President at TIER REIT overseeing Capital Markets and Finance for the organization.\r\n\r\nHe was also the Treasurer for CyrusOne overseeing Investor Relations, FP&A, Procurement, M&A and Capital Markets for the organization. While at CyrusOne he helped manage the company’s IPO and numerous other transactions, successfully raising over $3.5B in capital. Prior to CyrusOne he worked as a management consultant within Deloitte’s Strategy and Operations practice, working with clients across the Consumer and Industrial Products, Manufacturing and Healthcare and Life Sciences industries. His primary focus was on corporate growth strategy, M&A and finance transformation, helping foster profitable expansion for clients through an executable strategy.',NULL,NULL,'S45niTWe5XKmuLT5Tfzo27Kc7M9ttbVWyuWaXjXT.jpg',1,'2022-05-18 19:36:49','2022-05-27 12:19:05',5),(38,1,'Michael Suppan, CFA','Deutsche Bank','Director','Coming soon...',NULL,'https://www.linkedin.com/in/michael-suppan-cfa-3255684/','tr26kebnW8t2LEEVA5Ij2NLGHIc95Nd5c0APGA3X.jpg',1,'2022-05-19 12:34:14','2022-05-31 19:56:48',27),(39,1,'Eleni Coldrey','Equinix','Business Development Director','Details to follow soon...',NULL,NULL,'hstVfk8O9yCcLr1SzJ26gXSdczrnnize0jo4aBDy.jpg',1,'2022-05-20 09:06:20','2022-05-31 19:56:48',26),(40,1,'Penny Madsen','IDC','Senior Research Director','Penny Madsen is a senior research director for IDC\'s BuyerView research, focusing on Cloud Pulse, which provides quarterly insights into cloud adoption and investment trends. Her research covers software and infrastructure trends, offering insights that help leading vendors and infrastructure providers to develop strategy for future customer deployment scenarios.\r\n\r\nMadsen has spent the past decade focusing on the datacenter and services market in Europe as an analyst and journalist. She most recently headed up CBRE\'s EMEA datacenter research, where she consulted with leading hyperscale and leased datacenter operators as well as the investment and real-estate developer community on adoption trends and strategy. She has had a seat at the table through the market\'s evolution as a result of cloud and regularly contributes to industry events as a speaker and moderator. Prior to CBRE she was a research director at S&P Global/451 Research, covering datacenter and hosted/managed services across EMEA. She also edited DatacenterDynamics\' FOCUS website and magazine. Prior to this she ran multiple technology titles covering B2B in vertical sectors working for companies such as Progressive Media and CNet/ZDNet. She has a BA in journalism from Queensland University of Technology.',NULL,'https://www.linkedin.com/in/penny-madsen-506173b/','CkI0juJwPyatn7kcZokAkadPlWzdXa1HNLZ6AprF.jpg',1,'2022-05-20 14:01:36','2022-05-31 19:56:48',30),(41,1,'Maya Hennerkes','European Bank for Reconstruction and Development','Director, Green Financial Systems','Maya Hennerkes is the Director for Green Financial Systems at the Climate Strategy and Delivery Department of the European Bank for Reconstruction and Development (EBRD). Prior to this, she led EBRD’s ESG work with financial institutions and private equity funds. She promotes sustainable financial systems and the integration of climate, environmental and social matters in investment decisions and management. Maya is a sustainable finance and ESG expert with almost 20 years of experience, with previous positions at the Inter-American Development Bank Group in Washington DC and Bloomberg L.P. in London. \r\nShe is a member of the Club of Rome’s Think Tank 30 and serves on the Advisory Board of SustainableFinance.Live. Maya studied economics, political science and Latin America studies in Germany and Spain and holds an Executive Masters in Public Management from the Hertie School of Governance in Berlin.',NULL,NULL,'yrA0p2hCjSLRsnI5YqfWuSbv04ls0phJ4gaI5TzQ.jpg',1,'2022-05-20 16:49:37','2022-05-31 19:56:48',34),(42,1,'Dr. Dmitriy Antropov','Partners Group','Managing Director','Dr. Dmitriy Antropov is Co-Head of the Private Infrastructure Integrated Investments business unit, based in Zug. He is a member of the Private Infrastructure Investment Committee. Dmitriy is leading Partners Group datacenter thematic globally and has been involved in multiple digital infrastructure investments in the US, Europe and Asia. He has been with Partners Group since 2008 and has 17 years of industry experience. Prior to joining Partners Group, he worked at UniCredit Group, L.E.K. Consulting and Apax Partners. He holds a PhD in world economics from Financial University, Moscow and Master’s in European Business from ESCP Europe. He is also a Financial Risk Manager.',NULL,'https://www.linkedin.com/in/dantropov/','cewRNwBLG8U99vC9JnFoyWMSGXbyIQmySo1WCeV2.jpg',1,'2022-05-24 15:15:02','2022-06-04 17:54:52',46),(43,1,'Rachel Sheridan','Bryan Cave Leighton Paisner Llp','Senior Associate','Details to follow shortly...',NULL,NULL,'28FCu9fWgoNe1lcWRhx6ZEabinpXmOIjEeaPIxLD.jpg',1,'2022-05-27 11:43:33','2022-06-04 17:54:52',44),(44,1,'Sicco Boomsma','ING Bank','Managing Director','Details to follow shortly...',NULL,'https://www.linkedin.com/in/siccoboomsma/','KIQDeEWQYS46nDUF6dY5CHC7hYwA1TxqJFLWKL60.png',1,'2022-05-27 11:53:36','2022-06-04 17:54:52',41),(45,1,'Tesh Durvasula','Africa Data Centres','CEO','Tesh Durvasula is an experienced technology and real estate industry executive with a 25-year track record of successful leadership and value generation in the digital infrastructure sector.   He has broad experience through all elements of business, including finance, real estate, development, operations, technology, marketing, and sales.   \r\n \r\nDurvasula served in a variety of executive roles at CyrusOne initially as the company’s chief commercial officer, responsible for sales, marketing, and strategy.  He drove value for the company and its  investors through a combination of rapid sales growth and mergers and acquisitions. Durvasula led the acquisitions of data centre providers Sentinel and Cervalis, as well as the data centre assets of the financial trading campus of CME Group - the three transactions had a combined value of over $1 billion.  His strong record of value creation and scaling the organisation, helped Cyrus go from an initial investment of $525 million to its eventual outcome, acquisition by KKR for $15 billion. \r\n \r\nHe was then appointed president of Europe for the company, where he oversaw the company’s expansion into England, Ireland, France and Germany, which saw the organisation grow into one of the largest publicly traded REIT’s in the US.  Finally, Durvasula was appointed CyrusOne’s chief executive officer, and during his tenure at the company, annual revenue grew from $221 million in 2012 to over $1 billion in 2020.   \r\n \r\nThroughout his career he has specialised in implementing growth strategies for internet infrastructure businesses. Prior to joining CyrusOne, he was chief marketing and business officer for Quality Technology Services, which IPO’d as a REIT, QTS Data Centers.   At QTS Durvasula created and executed the company’s go-to-market strategy, paving the way for evolution from privately held company to equity-backed organisation to IPO, and then eventually acquired by Blackstone for $10 billion in 2021.     \r\nHe was previously chief marketing and business officer for Telx, a colocation and interconnection provider.  He joined the company by way of acquisition, when Telx and the REIT Digital Realty Trust acquired the interconnection businesses and data centre business, respectively, of NYC-Connect, a New York City based data centre and interconnection provider founded by Durvasula.  Before founding NYC-Connect, he held management positions at Abovenet, Sprint, and Metromedia Fiber Networks. \r\n \r\nDurvasula is a graduate of Syracuse University, with EMBA work at Columbia University and Stanford University.  He lives with his wife and three sons in Greenwich, Connecticut, where he has been a youth football coach for over ten years and has been involved in charities dedicated to homelessness, and youth athletics.',NULL,'https://www.linkedin.com/in/teshdurvasula/','Ek78L0s21X9ltY0z2CQP8ig9TjDPFApNtZozZCeK.jpg',1,'2022-05-27 12:15:44','2022-05-27 12:19:05',4),(46,1,'Matt Pullen','CyrusOne','EVP & MD, Europe','In his role as Executive Vice President and Managing Director, Europe, Matt is responsible for driving the growth of CyrusOne’s operations in Europe and delivering the very best in data center excellence to CyrusOne’s hyperscale and enterprise customers worldwide.\r\nMatt oversees regional business strategy and an experienced European Management Team to deliver upon site selection, construction, design, operations, finance, HR, legal, technology, sales and marketing across an operational and development portfolio with an IT power capacity of nearly 218 MW across Frankfurt, London, Amsterdam, Paris and Dublin.\r\n\r\nSince joining CyrusOne in August 2018 Matt has been pivotal in authenticating the CyrusOne brand in Europe and deploying significant capital across the new development portfolio, more than doubling the European footprint and diversifying the customer base.\r\nMatt joined CyrusOne following its acquisition of Zenium Data Centers where he was Managing Director and a founding member. Prior to Zenium, he was an Executive Director at CBRE, leading the Corporate Outsourcing function in EMEA.\r\nMatt has extensive relationships in the corporate community and a unique understanding of the property investment dynamics of data centers. He is a committed and regular contributor to industry thought leadership through participation in industry forums. \r\nEffective partnership and a commitment to a sustainable future is fundamental to CyrusOne’s growth strategy in Europe. Matt is honored to sit on the European Data Center Association’s (EUDCA) Board of Directors; on the Climate Neutral Data Center Pact (CNDCP) Board of Directors; to be a member of techUK’s Data Center Council; and Host In Ireland’s Executive Council. He is committed to strengthening relationships with key policy stakeholders and elevating standards for best practice in the data centre industry across Europe; offering his experience, support and leadership to educate and encourage best practice in data center policy in Europe and around the world.',NULL,'https://www.linkedin.com/in/mattpullenmd/','JrvDAIqljpTxcyAl8yBZrwG06cSgikhndKl98FnN.jpg',1,'2022-05-27 12:25:03','2022-05-27 12:25:39',15),(47,1,'Sonya Iovieno','Silicon Valley Bank','Head of Venture & Growth Banking','Sonya Iovieno is Head of Venture & Growth Banking at SVB UK, where she supports high growth companies that have raised equity from Venture Capital Funds. Working with founders and their teams from Series A up to IPO, Sonya provides debt capital to help companies scale and expand. She joined SVB in 2016.\r\n\r\nSonya has almost 25 years of Corporate and Commercial Banking experience, working with FTSE 100 and FTSE 250 companies. Before her current role, she was responsible for new business origination with Mid-Market companies at Lloyds Bank.',NULL,'https://www.linkedin.com/in/sonya-iovieno-0680b07/','kNzjnbG8WJz2ygUBk3sLEj4YNSDqPhwxyHTNk8pm.jpg',1,'2022-05-31 19:43:51','2022-05-31 19:56:48',38),(48,1,'Guy Willner','International Data Centre Group','Executive Chairman','Guy Willner, is a British entrepreneur with substantial experience in building, operating and investing in businesses, predominantly in the TMT and ICT industries, both in the private and public markets and both in developed and emerging markets.\r\n\r\nMr. Willner is the co-founder Chairman and former CEO of IXcellerate, a datacenter operator in Russia providing co-location and peering services for financial institutions, multinational corporations, international carriers, hyperscale operators and major content operators.\r\n\r\nHe has also served as the co-founder and Chairman of IXAfrica since 2018 and previously served as the CEO of IXEurope (LSE: IXE) from 1999 to 2007. Mr. Willner founded IXEurope in 1998 and oversaw the company’s growth from a sole datacenter in London to a network of 14 datacenters located in four countries (France, UK, Germany and Switzerland) and eight cities, fueled, inpart, by the company successfully executing eight acquisitions between 2004 and 2006. This rapid expansion resulted in IXEurope winning first place in the 2002 UK Sunday Times Tech Track awards as the fastest growing technology company in the UK, and Mr. Willner was a finalist in the 2003 Ernst and Young UK Entrepreneur of the Year awards. With his team, the company was successfully listed on London’s AIM market (LSE: IXE) in April 2006. That same year, the company received the Queen’s Award for International Trade in recognition of its spectacular growth across Europe. IXEurope’s share price grew by a multiple of 6.4x from April 2006 to September 2007, culminating in IXEurope being purchased by Equinix (NASDAQ: EQIX) for $555 million in September 2007. Following the sale, Mr. Willner remained as the President of Equinix’s European sector through June 2008.\r\n\r\nMr. Willner invested in and joined the board of directors of Teraco Data Environments (South Africa) in 2008, and remained as a shareholder and board member until 2014 when the company was sold to Permira.\r\n\r\nIn 2018, Mr. Willner founded IXAfrica, a hyperscale datacenter operator in Kenya that is projected to be the largest hyperscale datacenter campus inEast Africa by 2025.\r\nMr. Willner holds a bachelor’s degree in engineering from Oxford Brookes University.',NULL,'https://www.linkedin.com/in/guy-willner-43a50a/','SyHxz4zz2UoNO1OvxTVvGSmMdrKVdVfigO3PXd3F.jpg',1,'2022-05-31 19:48:23','2022-05-31 19:56:48',29),(49,1,'Charlie Evans','Greenhill & Co.','Investment Banking Digital Infrastructure Vice President','Charlie Evans is an investment banker specialising in the Digital Infrastructure space, with particular focus on Datacentres and Edge infrastructure. In his role, he is responsible for managing the successful execution of sale, acquisition and capital raise transactions for Digital Infrastructure companies. \r\nGreenhill is a global investment banking boutique, whose sole business is providing advice to clients. Their core objectives are creating long-term relationships by earning trust and delivering exceptional M&A execution for clients.',NULL,'https://www.linkedin.com/in/charlie-evans-035ba345/','j6xDqaZY5lgfgBdqJRqYMqNEPq3TPs4dPDGeDC1B.jpg',1,'2022-05-31 19:51:54','2022-06-04 17:54:52',43),(50,1,'Mark Kidd','Iron Mountain','EVP & Global General Manger, Data Centers','Mark Kidd is EVP and General Manager of Iron Mountain Data Centers and has led the organization\r\nsince its inception in 2013. Mark is responsible for driving growth across Iron Mountain’s data center\r\nplatform, including identifying and developing strategic expansion opportunities and overseeing\r\ndesign and construction of new facilities. One of Mark’s key focuses is on ‘greening the grid’ which\r\nmakes data centers part of the sustainability solution, rather than a burden on the environment.\r\nSince joining Iron Mountain in 2003 Mark has held a range of positions in strategic planning,\r\nportfolio management, capital investment and financial analytics. Mark has an AB in Economics from\r\nHarvard University.',NULL,'https://www.linkedin.com/in/marknkidd/','6dr1RGT6f5uuIArCgtw5Aa2E7gCMvK7IguHyyrnz.jpg',1,'2022-05-31 19:55:59','2022-06-01 11:10:18',16),(51,1,'Dominic Ward','Verne Global','CEO','Dominic has been involved with technology and digital infrastructure companies for most of his career. He joined the management team of Verne Global in 2015, but has been involved with the company for over a decade. He previously ran Direct Investments at The Wellcome Trust, where he was responsible for a substantial portfolio of private equity investments, including Verne Global. He began his career at Jones Lang LaSalle Corporate Finance and later co-founded Lepe Partners, a technology investment advisory firm.','https://twitter.com/domskiward','https://www.linkedin.com/in/dominic-ward-135a1432/','O7oudpNleAeFlmXX9GiqzAAFykFuLMKKIz38QKHS.jpg',1,'2022-05-31 19:58:56','2022-06-01 10:01:11',39),(52,1,'Valentina Dal Borgo','China Mobile','Director','Valentina serves as Sales Director – Carrier Business at China Mobile International UK and she is responsible for revenue generated by all Carrier Products from Infrastructure (subsea and terrestrial capacity, Enterprise connectivity, IDC) to A2P and Mobile (Sponsor Roaming, IPX, Clearing), both IOT Connectivity and IOT Solutions, inclusive of devices and platforms.\r\nStarting in the Wholesale telecom industry over 15 years’ ago, Valentina helped to develop ‘start-ups’ into successful established businesses, through her exceptional pioneering skills, desire to build long-term relationships and focus on solutions to ensure the client’s business sustainability. \r\nShe holds a Philosophy Degree from University Ca’ Foscari (Venice) and a Masters in “Management and Business Development of Medium-Small sized companies’’ from University IULM (Milan).\r\nShe also represented Italy in International Rugby Union for 2 years.','https://twitter.com/tina_dalborgo?lang=ga','https://www.linkedin.com/in/valentinadalborgo/','RzqpDbzJXxSdSE6mumGmY1rwBCjlybnJPoVGvSr1.jpg',1,'2022-06-04 17:53:51','2022-06-05 22:14:14',50),(55,5,'João Marques Lima','The Tech Capital','Editor','João is the founder and editor of The Tech Capital. Winner of the Professional Publishers Association (PPA) 30 Under 30 media award and the Infrastructure Masons IM100 Award 2022, he owns a real passion for the media and has experience across online, print and broadcast. He has reported from over 30 countries worldwide, filming interviews with CEOs of big tech companies and government figures, amongst others. He is the founder and host of the Great Business Minds Podcast and prior to that, João has experienced the reporting industry at Data Economy, which he created for BroadGroup and where he also invented the Finvest Summit (all acquired by Euromoney Institutional Investor Plc in 2017), Capacity Media, Computer Business Review/Tech Monitor, the Daily Mail, Channel 4 News, Channel 4, The Guardian, Antena Lusa and Future Behind.','https://twitter.com/joao_pmlima','https://uk.linkedin.com/in/joaomarqueslima','EJ5rZIsHeOMzjsYYRdCkVtGBuT2lCnLMPVVnNNz8.jpg',1,'2022-12-30 17:02:16','2023-02-28 00:01:09',92),(56,5,'Barry Gross','BCLP','Partner','Barry is co-leader of Bryan Cave Leighton Paisner’s global practice for the Data Centres and Digital Infrastructure Team. The BCLP team has acted for operators, funders, investors and corporates on a range of investment, leasing and M&A transactions and in the last two years has closed over 2GW of data centre leasing transactions globally.\r\n\r\nBarry has experience advising on data centre acquisitions, the management and disposal of data centre sites, data centre leasing, forward funding arrangements and more. His clients include developers of, investors in and operators and funders of data centres. Barry is a regular participant in DCDI panels on diverse topics including the future of data centre investment and financing, Data Centres as an infrastructure investment opportunity and the challenges of ESG in the data centre industry.',NULL,'https://www.linkedin.com/in/barrygross/','sA1D2wDXE5rpxytetWHtYkUBrFrA3z1Nblt4hwrj.jpg',1,'2022-12-30 17:04:19','2023-01-04 18:01:30',55),(57,5,'Victoria Newbold','BCLP','Partner','Victoria is a partner in the Antitrust & Competition group in Bryan Cave Leighton Paisner\'s (BCLP) London office. Prior to joining BCLP, Victoria was competition counsel at Bloomberg, responsible for providing support on competition law matters globally. Victoria has extensive experience in antitrust/competition law, having worked in private practice and industry, internationally and within the UK. \r\n\r\nVictoria holds a post-graduate qualification in competition law from Kings College, London. She advises on merger control, complex behavioural investigations and antitrust counselling and has represented clients on some of the most high profile cases before the European Commission, Competition & Markets Authority, Financial Conduct Authority and other national competition agencies around the world. \r\n\r\nShe has particular expertise in the technology, financial services and retail sectors. Victoria is recommended in the Legal 500 as a “rising star”, “very proactive to client needs, giving solid, commercially focussed advice” (Legal 500, 2018). \r\n\r\nVictoria is described by clients as “knowledgable”, “very professional” and “fast thinking” (Legal 500, 2017).',NULL,'https://www.linkedin.com/in/victoria-newbold-04a68854/','zrtL2oa0JyFTMGKkxb8RtnHCC6cQUvou5QpDu3ee.jpg',1,'2023-01-03 16:49:47','2023-01-26 20:29:08',70),(58,5,'Jinal Shah','BCLP','Partner','Jinal is a prolific deal-maker and advises private and public companies, funds and investors on high-value cross border M&A, private equity, joint ventures and strategic investments.\r\n\r\nHe represents clients on a wide range of commercial agreements and often helps multinational businesses navigate the complex regulatory environments of the different jurisdictions in which they operate.\r\n\r\nHis clients span a variety of sectors, including infrastructure, food & agriculture, retail, technology, media, entertainment, manufacturing and financial services. Jinal regularly advises on cross-border matters, particularly in emerging markets.\r\n\r\nJinal is ranked as a leading individual in M&A by the legal directories, with clients noting in Chambers UK that he is “excellent - thorough, responsive and flexible” and with Legal 500 noting that he is “very good under pressure and in putting people at ease\" and a “source of a great deal of market knowledge and practice”.',NULL,NULL,'tmBrKrCeEotwTXzpstXIU6XHOYXBJeUjyjJgiRNE.jpg',1,'2023-01-04 18:00:51','2023-02-28 00:01:09',81),(59,4,'Michael Tobin OBE','CRYSTAL PEAK ACQUISITION','CO-FOUNDER & EXECUTIVE CHAIRMAN','Michael is a highly successful serial technology entrepreneur & pioneer with over 30 years’ experience in the telecoms & technology sector.\r\n\r\nAs Chief Executive, Michael Tobin OBE led TelecityGroup plc, a leading FTSE250 Technology company from 2002 to 2014. \r\n\r\nHe joined Redbus in 2002 delisting it from the main market to AIM, & then took it private, winning the London Business Awards “Business Turnaround of the Year” award in 2005. After engineering the merger with Telecity, & the acquisition of Globix he successfully re-listed TelecityGroup in October 2007 winning the accolade of UK Innovation Awards IPO of the year 2008 & the techMARK Personality of the year in the same year.\r\n\r\nSubsequently he grew the business organically & acquired businesses in Manchester, Helsinki, Dublin, Sofia, Istanbul & Warsaw transforming the company from £6m market cap in 2002 to being a top performer in the FTSE250 worth over £2.5Bn, being recognized as Britain’s Most admired Tech Company in 2012.\r\n\r\nPrior to joining TelecityGroup, Tobin headed-up Fujitsu’s e-Commerce operations in Frankfurt, Germany. Before that, he ran ICL’s Danish outsourcing subsidiary out of Copenhagen Denmark. He also held several senior positions based in Paris for over 11 years including Business Development Director at International Computer Group coordinating global distribution of IT infrastructure.\r\n\r\nAs a Non Exec Director, Tobin was instrumental in transforming PACNET in Hong Kong from a Sub Sea Cable operator to a successful Datacenter operator culminating in its sale in 2015 to Telstra for $800m. In 2017 he was the key driver of the sale of Itconic in Spain to Equinix generating over 7x money for Carlyle in just 19 months, and as a NED oversaw the sale of Datapipe in New York to Rackspace and Basefarm in Norway to Orange on behalf of Abry Partners.\r\n\r\nTobin has been involved in multiple PE backed Datacentre transactions around the world including Teraco in South Africa, ITConic in Spain, Basefarm in Norway and Datapipe in the USA. He currently holds numerous Technology Non-Exec Directorships around the world & is the Chair of AIM listed Audioboom plc and BigBlu Broadband plc.\r\n\r\nMr Tobin is Chairman of the Friends of The Loomba Trust supporting widows in India, a Patron and Founders Circle Member of The British Asian Trust, Founder of the CEO Sleepout event for Action for Children & has sat on fundraising boards of the Princes Trust, Cooperation Ireland & the Make-a-Wish Foundation. Mr Tobin’s charitable focus is primarily the education, welfare & empowerment of young people & children around the world.   \r\n\r\nIn 2016 Mr Tobin slept in the streets to raise money and awareness for Action for Children, completed his Duke of Edinburgh Diamond Award, and raised over £100k running 40 Marathons in 40 consecutive days for the 40th anniversary of the Princes Trust. In 2020 Tobin trekked to the South Pole raising over £500k for the Brain Tumour Charity\r\n\r\nMichael’s business & thought leadership have been widely recognized. He was named ‘UK IT Services Entrepreneur of the Year’ by Ernst & Young in 2009, 2010 & 2011; PWC Tech CEO of the Year 2007; London Chamber of Commerce \'Business Person of the Year’ for 2009 & 2010; In 2009 was named techMARK ‘Personality of the Year’; In 2007 & 2009 he was the winner of the DCE Outstanding Leader of the Year, & in 2008 won ‘Data Centre Business Person of the Year’ at the Data Centre Leaders awards. He was awarded ‘Outstanding Contribution to the Data Centre Industry’ at the Data Centre Europe awards & in 2011 received a Lifetime Achievement Award for services to the industry.\r\n\r\nIn 2005 he was named number 31 of Britain’s Top 50 Entrepreneurs & in 2014 he was honoured in the Queens New Years Honours List with the Order of the British Empire (OBE) medal for Services to the Digital Economy.\r\n\r\nIn 2016 he received business awards for Outstanding Non Executive Director of the year in the Best Business Awards 2016 and the Global Business Excellence Awards 2016, and Chairman of the Year at the Stevie Awards in the USA. In 2017 he was recognized as Datacentre and Cloud Influencer of the Decade in Monaco at the Broadgroup Industry Awards and named in Smith and Williamson’s Top 25 Power Individuals of Industry.\r\n\r\nMichael has many motivational & Inspirational speaking engagements & in 2014 he launched his first book, “Forget Strategy, Get Results” to great acclaim, and his second book, ”Live, Love, Work, Prosper” was released in 2018. His third book, “Lifting the Floor” was released in 2020.','https://twitter.com/Michael_Tobin_','https://www.linkedin.com/in/michael-tobin-obe-098179/','XWgLGj6Li6R0i74jRtMs1rXYC8fZXwzy2tps9QrM.jpg',1,'2023-01-09 02:57:27','2023-01-09 03:13:30',60),(60,4,'Robin Brown','HSBC','Managing Director','Coming soon...',NULL,'https://www.linkedin.com/in/robinckbrown/','4wqdZxqLJISlCxXaKTydZ1XDF7wOVm470XefsOlX.jpg',1,'2023-01-09 03:00:02','2023-01-30 14:10:11',63),(61,4,'Vijay Mistry','VIPA DIGITAL','Partner','An established figure in the Data Centre Industry with over 25+ years’ experience in Financial Services, Infrastructure and Data Centre Environments. Prior to VIPA Digital, Vijay was the Operations, VP at Digital Realty, responsible for the company\'s portfolio of Data Centres across Europe.\r\n\r\nVijay also spent 20 years at Morgan Stanley where he held a number of senior leadership positions including the European Head of Enterprise Computing, Global Head of Data Centre Portfolio Management and European Head of Enterprise Data Centres, where he transformed the team into a world class organisation, earning numerous industry accolades .\r\n\r\nVijay holds a BSc in Information Systems Design, and sits on a number of advisory boards within the DC Industry.',NULL,'https://www.linkedin.com/in/mistryvijay/','mOKcwcucJDIjVfNoO6zE3DAq1XM6kXackbiAshfe.jpg',1,'2023-01-09 03:01:49','2023-02-18 19:46:53',71),(62,4,'David Liggitt','DATACENTER HAWK','FOUNDER & CEO','David is the Founder and Chief Executive Officer of datacenterHawk. David started the company in 2014 with the vision to help customers make better decisions about data center real estate. His 15 years of industry experience and leadership have helped create a global platform trusted and depended on by the world’s largest data center owners, investors, consultants and users of digital infrastructure. He has been active in the data center industry since 2007.\r\n\r\nDavid also started the datacenterHawk Podcast, an industry focused video and audio experience exploring relevant digital infrastructure topics. He frequently hosts other CEO’s and senior leaders from data center companies to provide thought leadership on the future of the space. He also highlights key trends with analytics and data found only on the datacenterHawk platform.\r\n\r\nPrior to starting datacenterHawk, David was a leader in CBRE’s Data Center Solutions Group and assisted clients with their digital infrastructure needs. His time at CBRE was instrumental in allowing him to understand the challenges and solutions needed to help companies grow their data center infrastructure.\r\n\r\nDavid currently lives in Dallas with his wife and two boys. He is a proud graduate of Baylor University and is actively involved in coaching youth sports, his neighborhood and his church.','https://twitter.com/d_liggitt','https://www.linkedin.com/in/davidliggitt/','lYMtUWGZl6MYyDT82GosAjdHZsk9UiUQEsi0NYwT.jpg',1,'2023-01-09 03:03:12','2023-02-18 19:46:53',84),(63,4,'Ronnie Preiskel','Preiskel & Co','Co-Founder & Managing Partner','Ronnie is a co-founder of Preiskel & Co and has over 20 years experience working in the telecoms, internet and technology sectors in a wide variety of roles. His broad and in-depth understanding of the TMT sectors and inside knowledge of the operations of telcos and startups allow Ronnie to provide clients with practical, result orientated advice and solutions to their corporate, regulatory and commercial issues.  He has been ranked for many years as one of the leading telecoms lawyer by Chambers & Partners, Legal 500 and WhoswhoLegal.\r\n\r\nRonnie has the benefit of having worked for many years within the industry including for British Telecommunications PLC, a Vodafone JV and a mobile services start-up.\r\n\r\nHe has advised the Governments of the Falkland Islands and of The Bahamas on the introduction of new communications law and on the privatization of The Bahamas incumbent operator.  He also advises a Satellite Regulator and a range of MNOs, MVNOs and service providers on a variety of corporate, commercial and regulatory issues\r\n\r\nRonnie also advises a leading payment services provider, the largest independent data centre in Russian and on various telecoms projects in Africa.\r\n\r\nIn addition to his work in the TMT sector, Ronnie also advises a number of retail and leisure businesses on fund raising, franchising and commercial matters.\r\n\r\nRonnie has an MA in Economics and Law from Cambridge University, an MBA from INSEAD and speaks four languages.',NULL,'https://www.linkedin.com/in/ronnie-preiskel-378294/','JRi1OSggLCxJWZx7ECrXqRc1I5TbflJu7JkI6stO.jpg',1,'2023-01-09 03:06:31','2023-02-18 19:46:53',86),(64,4,'Karen Bach','Head Judge','CEO, IX ACQUISITION CORP.','Details to follow shortly...',NULL,'https://www.linkedin.com/in/karen-bach/','ABv7TuAD1NkA26RYOiuWM8zDxnCpwOezzPPUUYqj.jpg',1,'2023-01-09 03:08:07','2023-02-07 14:56:58',59),(65,4,'Roxanna Plinsky','GLOBAL DATA CENTERS & PARTNERS, INC.','FOUNDER','Roxanna Plinsky joined Start Campus in December 2022 as Chief Growth Officer to help to grow a truly green data center platform in Southern Europe and support global enterprise customers with their Data Center initiatives and ultimate goals. Additionally, she is a Founder and CEO of Global Data Centers & Partners, a consulting firm for Data Center Operators, Investors interested in expanding into new markets. \r\n\r\nShe has 18 years of telecommunication, data center, and cloud experience. Roxanna has built an extensive global network of industry leaders via partnerships with high-growth multinational corporations by working and living abroad for many years. Roxanna has held several senior management roles with organizations in the United States, Singapore, and Europe. \r\n\r\nShe relocated from Sweden to San Francisco in 1998. She completed her Science Studies in Sweden and later received a B.A. in Marketing and Account Planning from the University of Art, San Francisco. Additionally, she is on the Advisory Board of Big Data, San Francisco State University, speaks three languages, and holds U.S. and Swedish citizenship.',NULL,'https://www.linkedin.com/in/roxanna/','Zk6Avn6EznlxF4yEsuJLRxqwP4KuXpLcLdLnuvGy.jpg',1,'2023-01-09 03:09:18','2023-02-18 19:46:53',85),(66,4,'Canan Anli','PMP Strategy','Senior Advisor','Canan is a strategy consultant, investor and advisor. Canan has been an investor in the Digital Infrastructure and Technology space in the last 11 years working for Mubadala Investment Company. She has led and negotiated several deals for Mubadala in the digital infrastructure, telecoms, software and services space in the US, Europe, the Middle East, and Asia. Canan is currently supporting PMP Strategy with their principal investor business focusing on digital infrastructure and enterprise software. Previously, Canan also worked for McKinsey. Canan holds a MSc in Earthquake Engineering from Bogazici University and an MBA from INSEAD',NULL,'https://www.linkedin.com/in/canan-anli-681b19/','V282EqJs4JWRQ6UXIQxZqYlGnxPc93DssbgedbX6.jpg',1,'2023-01-09 03:11:38','2023-01-30 14:10:11',62),(67,4,'Fundiswa Nkuta','Investment Associate, AIIM','TTC\'s Under 35 Winner 2022','Fundiswa is currently pursuing her MBA at London Business School. Prior to her MBA, she was an Investment Associate at African Infrastructure Investment Managers which focuses on infrastructure equity investments and development assets across Africa. She was primarily responsible for analysing new investment opportunities, structuring and executing transactions as well as asset management.\r\n\r\nFundiswa has worked across various banking roles, where she was part of the advisory team supporting large and mid-sized corporations, private equity firms, entrepreneurs and governments on executing sell-side and buy-side mandates. She also served her articles at Nedbank on the CA training programme which included rotations across various areas of the corporate and investment bank.\r\n\r\nFundiswa holds a Bachelor of Business Science Honours degree and a Post-Graduate Diploma in Accounting from the University of Cape Town as well as a Post-Graduate Diploma in the Drafting & Interpretation of Contracts from the University of Johannesburg. She qualified as a Chartered Accountant in 2017 and is an Audit & Risk committee member on the board of Equal Education. She is also the first-ever winner of The Tech Capital\'s 35 Under 35 Award (2022).',NULL,'https://www.linkedin.com/in/fundiswa-nkuta-pelle/','TxCmYmC08CPV1B3dAVAdZorvcTub1GV6R1chPPJs.jpg',1,'2023-01-09 03:13:13','2023-02-18 19:46:53',72),(68,5,'Deborah Greenwood','BCLP','Consultant','Deborah is a partner in the Projects Department who specialises in global finance, energy and infrastructure development. She regularly advises financial institutions, multinational corporations and government agencies developing power, oil and gas and infrastructure projects in emerging markets and other regions worldwide. \r\n\r\nHer experience includes both representing clients in relation to commercial contracts and also structuring, drafting and negotiating complex project financings. She is a member of the firm\'s Renewables Focus Group and does much of her work in the renewables sector. \r\n\r\nRecent renewables work has included acquisitions and financings of several portfolios of wind, biomass and landfill gas generation assets.',NULL,'https://www.linkedin.com/in/deborah-greenwood-7b6a634/?originalSubdomain=uk','txbnuj8x2iyNxb8XM6sugp6k8PrdmFtaJZHYNpUv.jpg',1,'2023-01-09 17:56:35','2023-02-28 00:01:09',77),(69,5,'Kenneth Addly','BCLP','Associate Director','Kenneth has extensive experience in structuring, negotiating and drafting complex energy infrastructure and service contracts across generation, transmission, distribution and supply.\r\n\r\nHe regularly advises developers, utilities, contractors and funders on the components required to create robust project income streams ranging from power purchase agreements, contracts for difference, heat offtakes, price setting arrangements and Government subsidy regimes.\r\n\r\nKenneth works in all utility sectors both in and outside the UK and increasingly advises on “behind the meter” energy solutions, energy efficiency schemes and district/community heating projects.',NULL,NULL,'6jA9Ddj5MwdpMId8hlQLantjbnh9BTNj5SVlIuE8.jpg',1,'2023-01-09 17:57:43','2023-02-28 00:01:09',83),(71,4,'Claude Achcar','Actel Consulting','Founder & Managing Partner','Claude Achcar is the Founder and Managing Partner of Actel Consulting, a highly specialized Tech advisory firm.  The company, founded in 2002, differentiates through independent, deep-dive, and hands-on guidance to deliver implementable advisory.  Clients include investors, innovators, corporates, telecoms, service providers, and regulators.\r\n\r\nClaude has over 30 years of ICT experience. He began his career as an AI Research Associate followed by eleven years in various engineering, marketing, and operations roles with Nortel.  Prior to Actel Consulting, Claude was Managing Director and VP Asia at Ciena.\r\n\r\nClaude is an engineer by training, holding B.Eng. & M.Eng. (Speech Recognition) degrees from Ecole Polytechnique, and an MBA from McGill University, both in Montreal, Canada.',NULL,'https://www.linkedin.com/in/claudeachcar/','gzq1mu90BcgOegmvrmj7SjTkGUMkYf3LvAvFlil3.jpg',1,'2023-01-09 18:23:17','2023-02-18 19:46:53',87),(72,4,'Barry Gross','BCLP','PARTNER','Barry is co-leader of Bryan Cave Leighton Paisner’s global practice for the Data Centres and Digital Infrastructure Team. The BCLP team has acted for operators, funders, investors and corporates on a range of investment, leasing and M&A transactions and in the last two years has closed over 2GW of data centre leasing transactions globally.\r\n\r\nBarry has experience advising on data centre acquisitions, the management and disposal of data centre sites, data centre leasing, forward funding arrangements and more. His clients include developers of, investors in and operators and funders of data centres. Barry is a regular participant in DCDI panels on diverse topics including the future of data centre investment and financing, Data Centres as an infrastructure investment opportunity and the challenges of ESG in the data centre industry.',NULL,'https://www.linkedin.com/in/barrygross/','Iuegasb6mw5xF4kjMecHLlibLobiTLxZKnBWi6Hj.jpg',1,'2023-01-09 18:24:45','2023-02-18 19:46:53',88),(73,5,'Emma Fryer','ERM','Partner','Emma is a Partner in ERM’s EMEA Technology Team, specialising in data centre sustainability and resilience, policy and regulation.  Before joining ERM she spent over a decade providing a collective voice for data centre operators in matters of policy, compliance and reputation at techUK.  \r\n\r\nDuring this time she led the UK policy dialogue on behalf of the sector, monitored regulatory developments, responded to consultations and produced sector-specific guidance on multiple legislative instruments ranging from data protection to air quality.   She has a comprehensive understanding of the challenges facing this growing sector - from power provisioning to public perception.  \r\n\r\nShe has produced over 200 publications ranging from industry positions to infographics and has established a reputation for thought leadership, readability and clarity of expression.  \r\n\r\nIn 2021 she was elected to the Board of the Climate Neutral Data Centre Pact and appointed to the Infrastructure Masons Advisory Council.  She is a regular speaker at industry events and a judge on international panels.',NULL,'https://www.linkedin.com/in/emma-fryer-1271ba12/','3NDrWcWL29k7VK6rSo6AwVFroGW0jWg5vQ4A8VWl.jpg',1,'2023-01-10 16:24:53','2023-01-26 20:29:08',69),(74,5,'John Wilson','SMBC Group','Director, Data Centre & TMT Financing','John is a Director in SMBC specialising in Data Centre Funding. Experience to date is providing structured debt and financing solutions to operators in the sector, and transactions include those to Hyperscale, Wholesale and Retail Data Centre Operators as well as to Managed Service Providers. As one of world\'s leading investment banks, SMBC is ideally placed to support investors in the DC sector, having a market leading presence across EMEA, APAC and the Americas.',NULL,'https://www.linkedin.com/in/john-wilson-79b035116/','OVIXnrrSfoj1RTGRtCjRyXqL3yRYtXL0xqOtPKzs.jpg',1,'2023-01-10 16:27:17','2023-02-28 00:01:09',76),(75,5,'Anne Foster','QUINBROOK INFRASTRUCTURE PARTNERS','GLOBAL HEAD OF ESG','Ms Anne Foster is a director with over 15 years’ experience across investment, financial advisory, asset management and investment banking focused on infrastructure and global energy. Ms. Foster is responsible for leading the firm’s ESG and Sustainability activities including Vice President for the CEI division at Capital Dynamics Group between 2010 and 2014, supporting investment analysis, fundraising and investment transaction project management.\r\n\r\nShe previously worked in Asset Management for Deutsche Bank Asset Management Infrastructure, Grant Samuel M&A and Investment Banking at Credit Suisse.\r\n\r\nMs Foster as completed postgraduate studies at MIT in Digital Transformation (Blockchain, IoT, Cryptocurrencies, AI and Cybersecurity), holds a Master of Applied Finance from the Securities Institute of Australia, a Bachelor of Science (specialising in Environmental Science) from the University of New South Wales, Australia with First Class Honours and has also studied under scholarship at the University of California, Santa Barbara in the Bren School of Environmental Science and Management.',NULL,'https://www.linkedin.com/in/anne-foster-810b4225/','AelvzQADBvQf9lZR8H984nSaOYpTzp4QrTdnFnqB.jpg',1,'2023-01-10 16:32:55','2023-01-10 16:33:40',57),(76,5,'Michael Winterson','Chairperson, EUDCA','MD, Equinix','Michael Winterson joined Equinix in September 2007 through the acquisition of IXEurope. During his time at Equinix, Michael held the positions of both Vice President of Marketing and Vice President of Sales, before moving into his current role as Managing Director Equinix (Services). He created the EMEA Business Development team to align with Equinix’s Strategy, Services and Innovation division.\r\n\r\nBefore working in Equinix, Michael was part of the start-up management team of IXEurope, which began in 2000. He brings over nearly two decades of data center services experience and held various senior positions in-country management, sales and marketing.\r\n\r\nBefore IXEurope, Michael was involved in two other technology start-ups in Europe that were eventually sold to the US and Japanese companies.\r\n\r\nHe holds a Bachelor’s Degree in Economics and French from Northwestern University and a Master’s Degree in International Economics from the Graduate Institute – Geneva.\r\n\r\nMichael is a board member of the European Datacentre Association (EUDCA) and Director of their Policy Committee. He also is a board member of the charity group New Life Nyambene.',NULL,'https://www.linkedin.com/in/michaelwinterson/','Sh066znL9cuxpyr3yMEMFkDCLQvFT8NW4Knj1lOa.jpg',1,'2023-01-10 16:41:44','2023-02-23 18:12:26',73),(77,5,'Tom Glover','JLL','EMEA Head of Data Centre Transactions','Tom Glover is a seasoned data center expert, currently Head of Data Centre Transactions, EMEA at JLL where he leads JLL’s transactional services for occupier, operator and developer clients in the date centre sector.',NULL,'https://www.linkedin.com/in/glovnergrowth/','0sLaWbjwKQXiaRzhVhb2Es1er5lC6YtHl1H27NyO.jpg',1,'2023-01-11 07:33:32','2023-01-26 20:29:08',68),(78,4,'Andrew Jay','CBRE','Head of Data Centre Solutions - EMEA Advisory','Details to follow shortly...',NULL,'https://www.linkedin.com/in/andrewjay1/','Ivj4T964CsRMlEUpsF9hlphi5YN9O3adgP9fv2n0.jpg',1,'2023-01-11 21:01:57','2023-02-18 19:46:53',89),(79,4,'Michalis Grigoratos','Infrapartners LLC','Managing Partner','Details to follow shortly...',NULL,'https://www.linkedin.com/in/mgrigoratos/','9xzBOGYaor27TaTwO12HiEnWSEu3dYkHdtmOXLxA.jpg',1,'2023-01-11 21:04:09','2023-02-18 19:46:53',78),(80,5,'David Bloom','Partner, Noé Group','Founder, Goldacre','David founded Goldacre in 2012, which is now part of the Noé Group. He is responsible for the Noé Group’s digital infrastructure and venture capital investments. David has a wide-ranging background with over 17 years’ experience in the Technology, Media and Telecommunications industry as an investor, founder and investment manager. He has personally overseen the deployment of more than £500m of equity investment.\r\n\r\nDavid is a serial founder, having founded IPVision in 2007 and Kao Data within Goldacre in 2013. He is a skilled people manager, commercial negotiator, strategist, forecasting and budget manager and presenter.David has a keen interest in education having been a youth director and school governor, he is also on the board of PaJeS, who provide services, support and strategy to schools across the UK, and is Chair of Jewish Interactive, the educational technology charity.',NULL,'https://www.linkedin.com/in/david-bloom-6264955/','RDKGitB3Nuk55ieGfq34FnkPfP80wu7HVqYvpOze.jpg',1,'2023-01-13 17:55:11','2023-01-26 20:29:08',74),(81,5,'Paul Lewis','Principal Asset Management','Director European Data Centers','Paul joined Principal Real Estate Europe in May 2021 to be Principal’s Director for European Data Centres responsible for data centre asset and transaction management for the Principal European Data Centre Fund I.\r\n\r\nPaul has 14 years of experience in the data centre sector. Prior to joining Principal Paul was Director Group Data Centres at SEGRO with responsibility for SEGRO’s 30 asset £900m data centre portfolio.\r\n\r\nPaul joined SEGRO in 2000 undertaking a variety of roles including Corporate Acquisitions Manager, Group Business Development Manager and Regional Director for SEGRO’s £1.7bn Thames Valley portfolio with responsibility for its 6 million sq ft of accommodation and 350 customers. During his time in this role Paul was responsible for transforming the Group’s largest asset, the Slough Trading Estate into Europe’s preeminent data centre hub.\r\n\r\nPaul originally qualified as a Chartered Surveyor with Vail Williams, spending 10 years with the firm undertaking commercial agency work before specialising in Landlord and Tenant and valuation.',NULL,'https://www.linkedin.com/in/paul-lewis-65031219/','pWvVKI5lhZUTX61r5Wt5yCaxgqAOYWjZKwg6UNsH.jpg',1,'2023-01-19 19:44:07','2023-02-28 00:01:09',80),(82,5,'Oliver Bradley','Macquarie Capital','Managing Director, Digital Infra Investing','Oliver Bradley is Managing Director, Digital Infrastructure Investing at Macquarie Capital, the advisory, capital markets and principal investment arm of Macquarie Group Limited. The Digital Infrastructure team invests directly in and supports the growth of companies that are facilitating the increasing data consumption of businesses and consumers, including fibre networks and data centres.\r\n\r\nSince returning to Macquarie in 2019 (he previously worked at the firm from 2005-15), Oliver has led Macquarie Capital’s investment into Voneus, a UK rural Fixed Wireless to Fibre broadband developer and Onivia, a new SPV Macquarie established to acquire Fibre to the Home networks in Spain, creating Spain’s first wholesale only FTTH network with a footprint in excess of 2m homes.\r\n\r\nPrior to re-joining Macquarie, Oliver was Corporate Finance Director at CityFibre, the wholesale FTTx business and largest UK Altnet. Before CityFibre, Oliver was a commercial specialist at the Infrastructure and Projects Authority, part of the UK government. There he advised ministers on digital infrastructure policy and was responsible for the Digital Infrastructure Investment Fund, which saw the UK government commit £400m, matched by private sector investors on the same terms, to invest in UK fibre.',NULL,'https://www.linkedin.com/in/oliver-bradley-1115a620/','Z0RNmSX48A8rsRptOQcMPcrCYjeGl9guwcQbMtLR.jpg',1,'2023-01-26 20:24:38','2023-01-26 20:29:08',58),(83,5,'Derek Webster','Andget','Managing Director','Derek Webster is a Data Centre sector consultant, advisory, client principle & advocate and Speaker. He has over 30+years sector experience. He spans the gambit working with clients from funding rounds, pre-budget business case, DC strategy, market positioning, to country & site selection, design & build to delivery. Former Board Member Green Mountain AS (Norway.)\r\n\r\nHe has led teams delivering global digital infrastructure, strategy and solutions. He has worked with Hyperscalers, Global brands, Telecoms and enterprises. Helped governments & development agencies to align and review their Foreign Direct Investors (FDI), attractiveness, ‘Value Propositions’ to their National offers. Worked with land owners, SPVs, PE in find the value of pre-investment strategy.',NULL,'https://www.linkedin.com/in/derek-webster-4b034a13/','2XxruwnLtgZyM35sJl157yQ40NJHtBoyTnpvDsru.jpg',1,'2023-01-26 20:31:45','2023-02-28 00:01:09',82),(84,4,'William Barney','Asian Century Equity','Founder & CEO','During his 25-year tenure as an investor, board member and CEO in Asia, Bill Barney was fortunate to assemble and manage some of the strongest performing management teams in the region. These teams consistently achieved the industry\'s highest growth rates for both ebitda and revenue growth. \r\n\r\nAcross the telecom and technology sectors, Bill has been an advocate for regulatory and industry change and a major proponent of Cloud Computing and Open networks. He regularly participates in industry meetings and keynoted major conferences including the Pacific Telecommunications Council and CommunicAsia, \r\n\r\nIn 2008 Bill was named CEO of the Year by TelecomAsia. Bill was voted Best Asia Pacific Telecom Executive by readers of CommsDay in 2009. Finally in 2017 Bill was given the Data Center Achievement Award at the annual the Data Cloud Asia Awards and was later recognized as one of the \"100 Most Influential CEO\'s in Telecom\" . In 2018 Bill was recognized by the Economic Times as the Top CEO to work for in India and was given the prestigious Broad Group award for Thought Leadership in Data Centers in 2019. In 2023 Bill was recognized by the PTC for his Leadership with the Richard Barber Lifetime Achievement Award.',NULL,'https://www.linkedin.com/in/william-barney-99b07063/','AHExTFAdp9zGK8IVLDBv4iZSzxm4pTVMow98SMDf.jpg',1,'2023-01-30 14:09:38','2023-01-30 14:10:11',61),(85,4,'Brian Moon','Pacific Telecommunications Council','CEO','Brian Moon is CEO of the Pacific Telecommunications Council (PTC). Prior to joining PTC, he held a variety of roles over a span of 15 years at the Consumer Technology Association (CTA). He was the vice president of sales and business development at CTA, where he led the sales and business development team for CTA and CES, driving growth and industry engagement for the world’s most influential technology event. Previously he was vice president of international sales from 2014 to 2020 and national accounts manager from 2003 to 2009.\r\n\r\nIn addition to his two tenures at CTA, Brian was also vice president of sales, convention and allied membership with the National Restaurant Association, and manager of industry relations and exhibits at the Association of Women’s Health, Obstetric, and Neonatal Nurses. \r\n\r\nBrian holds a Bachelor of Science degree in Professional and Technical Communication with a concentration in Marketing from Rochester Institute of Technology. He is a member of the International Association of Exhibition and Events (IAEE) and is certified in exhibition management (CEM).','https://twitter.com/_BrianMoon','https://www.linkedin.com/search/results/all/?fetchDeterministicClustersOnly=false&heroEntityKey=urn%3Ali%3Afsd_profile%3AACoAAAE53wsB5-RcJZfDKRqs5oCfsIMGdLm4U1E&keywords=brian%20moon&origin=RICH_QUERY_SUGGESTION&position=0&searchId=c182402f-a254-4fd2-be56-c711455dfe9c&sid=0Ju','PjMuY2kYDvLSxrg9FoIGRDTjXFxW3p2vm3BmbFAj.jpg',1,'2023-01-31 09:21:42','2023-02-18 19:46:53',90),(86,4,'Dr. Dmitriy Antropov','Partners Group','MANAGING DIRECTOR','Dr. Dmitriy Antropov is Co-Head of the Private Infrastructure Partnership Investments business unit, based in Zug. He is a member of the Private Infrastructure Investment Committee. Dmitriy is leading Partners Group datacenter thematic globally and has been involved in multiple digital infrastructure investments in the US, Europe and Asia. He has been with Partners Group since 2008 and has 18 years of industry experience.\r\n\r\nPrior to joining Partners Group, he worked at UniCredit Group, L.E.K. Consulting and Apax Partners. He holds a PhD in world economics from Financial University, Moscow and Master’s in European Business from ESCP Europe. He is also a Financial Risk Manager.',NULL,'https://www.linkedin.com/in/dantropov/','XCcl8zQLzWvWrNgPMlpc4OooOL3MJD77j21TezSR.jpg',1,'2023-02-07 12:14:39','2023-02-18 19:46:53',91),(87,4,'Dharman Sury','Brookfield Asset Management','Head of Datacenter Development - Europe','Dharman Sury has an atypical and versatile profile as an Indian born in France and having grown up in India, the US and France, and worked in the UK and several Asian countries. \r\n\r\nHis expertise is centered on TMT, Finance and hi-growth markets, initially with Orange in both B2C and B2B and more recently with Data 4 bringing an insider understanding of the market dynamics at play in digital infrastructure.\r\n\r\nHis earlier experiences relate to a fast-track senior civil servant with the French Administration. Initially with the French Treasury and subsquently at a political level as a close aid and senior advisor to Gilles de Robien, Minister of Education and Research designing and implementing structural changing policies in R&D and Innovation.\r\n\r\nDharman has an outstanding academic background, as a member of the elite Corps des Mines and as a graduate of Ecole des Mines de Paris.\r\n\r\nHe was nominated Top10 CFO for 2017 by DAF Magazine and ranked in the Top50 Global Leaders in Data Center Finance in 2019 by Data Economy. He was awarded Chevalier des Palmes Académiques in 2007 for his contribution to France\'s Research. He has been elected as Conseiller du Commerce Extérieur de la France and mentors SMEs on their international expansion.',NULL,'https://www.linkedin.com/in/dharmansury/','46DQ50jaFctuG5sOl3uZ6eFfpfUEqwy1MiOreCBl.jpg',1,'2023-02-07 14:56:01','2023-02-16 00:29:12',65),(88,4,'Calvin Chu Yee Ming','Eden Strategy Institute, LLP','Managing Partner','Calvin Chu Yee Ming is a Managing Partner at Eden Strategy Institute, an award-winning strategy consulting firm focusing on social innovation and sustainability. Eden has advised over a hundred Fortune 500 clients in more than 20 countries, including multinational organizations such as Bell Labs, DBS Bank, General Electric, Medtronic, and Samsung; multilateral organisations such as UNDP, UNESCO, UNGC, UNICEF, and UN Women; as well as the governments in Singapore, Indonesia, Malaysia, New Zealand, and Saudi Arabia.\r\n\r\nCalvin has served as a Board Member of Bettr Lives, BioFourmis, Conjunct Consulting, New Energy Nexus Ventures, Rotary Club, and the World Toilet Organisation, as well as President of the Chicago Booth Alumni Club of Singapore. Before founding Eden, Calvin was Vice-President of Business and Strategy Development at the Singapore Exchange (SGX), and Business Group Director leading the Singapore office of a London-listed global consulting firm. He was recognised as a NetImpact Change-maker in 2014 and inducted into the International Who’s Who of Professionals in 2009.',NULL,'https://www.linkedin.com/in/chuyeeming/','IE5VEZQ4FSmYGL2Ej0fd8ITaPDfMb2wXe1ik2IYu.jpg',1,'2023-02-14 17:50:55','2023-02-18 19:46:53',79),(89,4,'Olga Bezlyudova','CIBC','Director of Energy, Infrastructure & Energy Transition','Olga is the Director at Energy, Infrastructure, and Energy Transition Group in the CIBC Investment Banking team based in NYC and responsible for the origination and execution of M&A mandates across energy and infra sectors, including digital infra.\r\n\r\nShe has over 15 years of buy-side experience across various infrastructure subsectors and geographies, including Europe, CIS, and the US. Prior joining CIBC, Olga spent several years as Director in Mubadala managing $6 billion investment mandate in Russia and CIS and and led the latest capital raise for IXcellerate, the largest private data center in Russia, and a few other deals with data centers. \r\n\r\nDuring her experience Olga closed numerous cross-border private equity and project finance transactions and personally managed asset portfolio representing over $8 billion of enterprise value. She has also served as a board member for IXcellerate data centres, Western High Speed Diameter toll road, Ust-Luga LPG and light oils transhipment terminal and others. \r\n\r\nOlga holds an MBA with distinction from Warwick Business School and Master’s degree in Economics from the State University – Higher School of Economics. She is fluent in English and Russian and conversational in German.',NULL,'https://www.linkedin.com/in/olga-bezlyudova-793b013/','SAfiY4HLurAMMErcgeQSK1PFLWKW3QizmTAsDSbM.jpg',1,'2023-02-16 00:28:57','2023-02-17 15:08:15',64),(90,4,'Tara Giunta','Paul Hastings LLP','Partner, Co-Chair, ESG','Tara K. Giunta, a partner in the Litigation Department of Paul Hastings, is Co-Chair of its ESG Risk, Strategy and Compliance Group and a Member of the firm’s Investigations and White Collar Defense practice, which is routinely recognized by the Global Investigations Review (GIR) as a leading investigations practice and one of a handful of global \"elite\" practice groups. Ms. Giunta is a recognized risk, strategy and compliance expert and advisor to global companies on corporate governance and enterprise risk management. She advises C-suites and boards in identifying and mitigating risks, developing and enhancing compliance programs, investigating and remediating wrongdoing and/or internal control weaknesses, conducting compliance-related due diligence in M&A and other commercial transactions, and developing reporting and disclosure frameworks.\r\n\r\nHer work has spanned the globe, performing risk assessments, conducting investigations and rolling out comprehensive compliance programs in Africa, the Middle East, South America, and Asia.\r\n\r\nMs. Giunta was recognized by GIR in its inaugural Women in Investigations list, which recognized 100 women across the globe who are “achieving great things in a competitive and notoriously tough area of law.” She is also Co-Chair of the firm’s Global Diversity Council and Chair of the firm’s Women’s Initiative. Ms. Giunta is Founder and Editor of the firm’s publication, Breaking the Glass Ceiling: Women in the Boardroom, now in its Fifth Edition, and speaks often on corporate governance, ESG compliance and risk. Ms. Giunta was a recipient of Corporate Counsel’s 2019 Women, Influence & Power in Law Awards under the Thought Leadership category.',NULL,'https://www.linkedin.com/in/tara-giunta-4a05871a/','gx4ZPU14piYMueUFQUZdWLoLOqn33fUitGkNxLUH.jpg',1,'2023-02-16 00:33:22','2023-02-16 00:36:55',66),(91,4,'Laurence Hainault','CREDIT SUISSE','MANAGING DIRECTOR','Laurence G. Hainault is a Managing Director in the Capital Markets & Advisory division, based in Paris.\r\n\r\nShe is a Senior Member of the Client Advisory Group, Head of EMEA Telecoms as well as responsible for covering Telecom, Media and Technology clients in France. She has also been leading the dedicated Telecom Infrastructure Initiative.\r\n\r\nMs. Hainault joined Credit Suisse First Boston in October 2000 through the merger with Donaldson, Lufkin & Jenrette (“DLJ”) where she was an Associate in the Mergers & Acquisitions team. She started her career in 1997 as a member of the DLJ Media & Telecom team, based in New York to then work in the M&A team in London in 2000. In the same year, she joined the Credit Suisse TMT team, based in London until 2009.\r\n\r\nMs. Hainault holds 24 years of experience working for TMT clients on a wide range of assignments including M&A, ECM, HY and DCM.\r\n\r\nMs. Hainault holds a Magistère degree in \"Bank-Finance-Insurance\" and a DEA-Research Master in International Economics and Finance from the University of Paris Dauphine as well as a Master degree in Business Law from the University of Paris Pantheon Sorbonne.',NULL,'https://www.linkedin.com/in/laurence-hainault-1b1a40167/','RXLdQ4gIvEhHuHqardT9uRUJm70YfIrnCHEhx5Vk.jpg',1,'2023-02-18 19:46:37','2023-02-18 19:46:53',67),(92,5,'Sujoy Roy','Shinsei International Limited','Head of Financial Advisory','Sujoy joined Shinsei International Limited, a subsidiary of SBI Shinsei Bank, Limited in 2019, having previously worked at Santander Bank. At Shinsei International, Sujoy is responsible for the Bank\'s deal sourcing, advising and international syndication & distribution activities in the renewables, infrastructure, real estate, aircraft and shipping sector. In this role, he was instrumental in the development of the Bank’s international investments platform and originate to distribute model.\r\nOver ten years of experience in project finance, both debt advisory and arranging renewables and infrastructure transactions. For the past six years, much of his focus has been on the UK and European renewables and infrastructure sector. While working alongside many major sponsors, developers, infrastructure funds as well as with a variety of commercial banks, export credit agencies and institutional investors, he has built a strong experience in the debt syndication, structuring, advising and negotiations of large and complex project finance transactions globally.',NULL,'https://www.linkedin.com/in/sujoy-roy-08574137/','2f0Vrc4FS8WnvROfxGBRwwsvXNP7Oqe9dJVSWAjx.jpg',1,'2023-02-28 00:00:13','2023-02-28 00:01:09',75),(93,10,'Pierre Maitre','EDGECONNEX','CHIEF CORPORATE STRATEGY EXECUTIVE','Coming Soon...',NULL,NULL,'MxtDFoVZRPaFH5J2eAPlXlTUmXC3cPfSjPG5GHBz.jpg',1,'2023-10-02 09:13:17','2023-10-02 09:13:17',93),(94,10,'Stefanus Ade Hadiwidjaja','Indonesia Investment Authority','Chief Investment Officer','Stefanus Ade Hadiwidjaja is INA\'s Chief Investment Officer and one of Indonesia’s leading investment executives with regional investing experience.\r\n\r\nPrior to joining INA, he was with Creador, a leading Southeast Asian private equity firm, where he was the Managing Director and Country Head of Indonesia and Singapore and a member of the firm’s Investment Committee.\r\n\r\nHe led and executed a wide range of investments in the healthcare, consumer, and financial service industries. He has a proven track record in turning around and improving the value of firms’ investments, including acting as CEO and board member of investee companies.\r\n\r\nHe spent a few years working at a global consulting firm, the Boston Consulting Group (BCG), serving clients in financial services and telecommunications industries, across both private and state-owned enterprises. Prior to that, he worked at management consulting firms, Arghajata and Skha Consulting, and spent a year with IBM Indonesia as Territory Services Leader.\r\n\r\nHe earned an MBA in Finance from Wharton School, the University of Pennsylvania as a Fulbright-Sampoerna Scholar and a Bachelor’s degree in Industrial Engineering from the University of Pelita Harapan.',NULL,'https://www.linkedin.com/in/stefanusade/','GGY8QynutuhEZAwovMaHlM5mt8IPTbTvkAqfyi5s.png',1,'2023-10-02 09:18:04','2023-10-02 09:18:04',94),(95,10,'Charles Cosgrove','ARCH Capital','President','Charles Cosgrove is the co-Founder and Executive Chairman for Digital Halo. He is the principal architect behind the formation of Arch Capital.\r\n\r\nWith over three decades’ experience in global telecommunications, real assets and infrastructure over a distinguished career with Singapore Telecom, Ayala Corporation and Arch Capital Management, Charles was instrumental in key strategic transactions for Singtel, including Globe Telecom, NetCom AS and Stjarn TV, and has served on boards for the aforementioned companies as well as Yorkshire Cable and Cambridge Cable. He also oversaw significant parts of Singtel’s business development and investment programmes in fixed network, cable television and wireless networks.\r\n\r\nHe is a graduate of Stanford University and Georgetown Law School, and a retired member of the New York State Bar.',NULL,'https://www.linkedin.com/in/charles-cosgrove-683386aa/?originalSubdomain=sg','cgNhFrTsZcCSshW0JuiySlPohAEk5ifoqml0NlEp.jpg',1,'2023-10-02 09:19:25','2023-10-02 09:19:25',95),(96,10,'Erik Koenen','Oliver Wyman','Partner','Erik is a partner based in Oliver Wyman\'s Jakarta office. He has rich experience and passion for helping companies innovate and compete globally.\r\n\r\nHe has been deeply involved in the financial services sector in Indonesia for the last 16 years, holding senior roles in top tech conglomerates, consulting firms, and banks, most notably as general manager for transformation at the Commonwealth Bank of Australia in its headquarters and in Indonesia.\r\n\r\nErik has collaborated with diverse Indonesian financial services clients, from state-owned enterprises to privately held firms, on retail and corporate banking programs, digital strategy, public policy, multi-national operations, and onshore investments. One of his proudest achievements is being part of the team that drove the consolidation and electronification of payments in Indonesia.',NULL,'https://www.linkedin.com/in/ekoenen/','csdI7qUAYz7FMTHW4rN9S786qku4voB6LRB1YGJ4.png',1,'2023-10-02 09:20:53','2023-10-02 09:20:53',96),(97,10,'Connell O\'Neill','Gibson, Dunn & Crutcher LLP','Partner','Connell O’Neill, a registered foreign lawyer (NSW) in Hong Kong and a partner of Gibson, Dunn & Crutcher LLP, head of the firm’s technology practice in Asia, advises clients throughout APAC and the Middle East on corporate and commercial transactions, privacy and cybersecurity, product counselling, and commercial intellectual property matters in the information technology, media and telecommunications sectors.  Connell has been a key advisor on many major matters across APAC and the Middle East, including in China, Hong Kong, the Philippines, Myanmar, Thailand, Indonesia, UAE and elsewhere, and has provided strategic commercially-sensitive advice to clients on a range of complex and emerging topics.\r\n\r\nConnell regularly advises emerging and established businesses on major transformative transactions and assists his clients on navigating legal complexity when pursuing digital strategies whether as a traditional industry incumbent or disruptive challenger.  This focus has seen Connell advise on many market firsts in the areas of blockchain, autonomous vehicle technologies, information infrastructure and digital marketplaces.  He is also very active across the fintech ecosystem and has assisted clients on the launch of many innovative fintech platforms.\r\n\r\nConnell has been listed as a leading lawyer for his work in the TMT sector by Chambers Asia Pacific and is now also listed as a leading lawyer in the inaugural Chambers Greater China Region released in 2022, in which a client praised his “commercial acumen” and was quoted saying he is “very proactive in recommending solutions.”  He is also recognized by Legal 500 Asia Pacific which notes Connell’s practice is “unique as they have a deep understanding and knowledge on acquisition, implementation, maintenance and managed services for technology.”  One client was quoted saying “Connell O’Neill is a knowledgeable professional with excellent work ethics,” with another saying, “I find him to be an expert in terms of technology acquisition, implementation, maintenance and managed services consulting. He has deep knowledge, is passionate and very innovative. He has a deep understanding of risks involved and its mitigations.”\r\n\r\nConnell’s counselling practice focuses on complex and emerging topics such as cybersecurity and data privacy, where he is able to draw on his technical computer science background to quickly deliver valuable client insights and identify risk.  In the 2021 edition of Global Data Review’s GDR 100 Elite, a list of the world’s top 20 data practices, it was noted that “Gibson, Dunn & Crutcher appears to have the strongest practice overall,” with Connell listed as a leading individual in the Asia Pacific region.\r\n\r\nConnell graduated from the Australian National University in 2007 with a Bachelor of Information Technology (Computer Systems) and a Bachelor of Laws (with Honors).  He received a Graduate Diploma in Legal Practice of the College of Law, Sydney in 2008.',NULL,'https://www.linkedin.com/in/connelloneill','hCLtrZ5I1LHR3QczrmesHD79Qdpjvxwypr1fywbL.jpg',1,'2023-10-02 09:22:08','2023-10-02 09:22:08',97),(98,10,'Devashish Gupta','ESR','CHIEF INVESTMENT OFFICER','Dev Gupta joined ESR in May 2019 to spearhead the creation of the Data Centre Vertical. As Chief Investment Officer for ESR Data Centres, he is responsible for the development of the DC strategy, Acquisitions, Investment Management and Customer / Operator Partnerships. He has successfully received commitments for a dedicated APAC Data Centre development fund, acquired 8 assets with a total development potential of 560MW facility load across 6 countries in the region, and set-up a 20 member dedicated team for Data Centre design and development.\r\n\r\nPrior to joining ESR, Dev was Director Investments, Allianz Real Estate, where he was responsible for development of new investment strategies across new APAC markets including Digital Infrastructure and Modern Logisitcs.\r\n\r\nHe has twenty six years of experience in strategy creation, starting businesses, and asset acquisitions/ DD/ financial analysis/ deal structuring across real estate, digital infrastructure, technology, and renewable assets in APAC.\r\n\r\nDev holds a Bachelor’s of Engineering and Masters of Business Administration.',NULL,'https://www.linkedin.com/in/devashishgupta/','fofzKUzPZNkVHnQ8IaCM5ftaWe9EdybTwWdlWYAC.jpg',1,'2023-10-02 09:23:05','2023-10-02 09:23:05',98),(99,10,'Waleed Saraf','IFC, World Bank Group','Principal Investment Officer & APAC TMT','To follow shortly...',NULL,'https://www.linkedin.com/in/waleedsaraf/','yqjGjBKLlYolzXj2xlWRg6as7VrAcK4DetahsXxb.jpg',1,'2023-10-02 09:24:27','2023-10-02 09:24:27',99),(100,10,'Kok Chye Ong','GAW CAPITAL','MD - HEAD OF IDC PLATFORM, ASIA (EX-CHINA)','Mr. Ong joined Gaw Capital in 2021 as Managing Director – Head of IDC Platform, Asia (Ex-China). He spearheads Internet Data Centre (IDC) platform investments for Gaw Capital Partners outside of the China region.\r\n\r\nPrior to joining Gaw Capital Partners, Mr. Ong worked in the Keppel Group of companies for 10 years in a number of roles including being a Senior Vice President and since 2014, as the Head of Strategy and Global Investments at Keppel Data Centres, a regional data centre owner and operator with over 25 data centres spread across the APAC and European regions. He has over 20 years of international experience in data centres, telecom and submarine cable development projects. He has strong track record in fundraising, growing data centre businesses in key markets in Asia and Europe, and leading investment teams to acquire data centres in Australia, Malaysia, Indonesia, Singapore, Hong Kong, Germany and in the Netherlands. He was ranked by Data Economy in 2018 as one of the world’s top 25 finance deal makers in the data centre and cloud industry.\r\n\r\nMr. Ong received his Bachelor of Accounting degree from the Nanyang Technological University in Singapore and graduated from the Sloan Fellows Program at Stanford University with a Master of Science in Management from the Graduate School of Business in 2007. He is a Chartered Accountant (CA) in Singapore and Fellow of CPA Australia (FCPA) and a member of the Institute of Singapore Chartered Accounts (ISCA) and CPA Australia.',NULL,NULL,'xTNQDAnswn1nHG2TbVpE2nfMnmU7nlPvHYc7iHLv.jpg',1,'2023-10-02 09:25:10','2023-10-02 09:25:10',100),(101,10,'Enda Hardiman','Hardiman Telecommunications','Managing Partner','Enda Hardiman is the founder and Managing Partner of Hardiman Telecommunications Ltd., (“HTL”), which he established in 1994.  HTL advises major investment banks, private equity funds and telecommunications carriers on Company Valuations, Flotations, Mergers and Acquisitions, Performance Optimisation, Competitive Strategy, Market Entry, Market Positioning, Operations, Licensing, Service Development, Service Positioning, and Technology Management and Transition.  \r\n\r\nFrom facilities in London, Singapore and Hong Kong, the company\'s expertise spans the Americas, Western Europe, Central / Eastern Europe, Africa, the Middle East, Asia and the Pacific Rim. As measured by transaction value and volume, HTL is the leading telecommunications consultancy active in emerging markets worldwide.\r\nMr. Hardiman graduated in Mathematical Sciences from Trinity College Dublin in 1978, and is a Chartered Engineer, a Fellow of the Institute of Physics, a Fellow of the Institution of Electrical Engineers and a Fellow of the Institution of Mechanical Engineers.  \r\n\r\nPrior to establishing HTL, Mr. Hardiman worked with Raytheon Corporation, Westinghouse Electric Corporation, Ericsson and Siemens in the UK, France and the U.S., successively in engineering, sales, international business development, divisional management and general management.  He is fluent in English and French.',NULL,'https://www.linkedin.com/in/endahardiman','VuXuYAIaEqJS07xULrRCUfhYpViCBOIH4E1yLmDe.jpg',1,'2023-10-02 09:25:58','2023-10-02 09:25:58',101),(102,10,'Chris Street','JLL','Managing Director','Bio to follow shortly...',NULL,'https://www.linkedin.com/in/chrisstreet/','wCLxBLqvC46fgOciSZ50A4IxSilscpcXe0wn8s9a.jpg',1,'2023-10-02 09:26:47','2023-10-02 09:26:47',102),(103,10,'Narendra Sen','RACKBANK','FOUNDER & CEO','Narendra Sen is the Founder and Director of RackBank DataCenters Pvt Ltd. He is a pioneering mind who at first led the digital marketing expertise in Central India back in 2006 followed by founding the region’s first green data center.',NULL,NULL,'r2bmY3VpS2tHFJkQKyfpV0YOCXE7t4KpWpmHIBd0.jpg',1,'2023-10-02 09:27:43','2023-10-02 09:27:43',103),(104,10,'Kai Goh','Digital Halo','Co-Founder and Chief Investment & Operating Officer','Kai Goh is the co-Founder and Chief Investment Officer / Chief Operating Officer for Digital Halo. He will lead and build up the platform and is responsible for investment and asset management.\r\n\r\nKai is an industry veteran with over 15 years’ experience across digital infrastructure and real estate private equity. Prior to co-founding DH, Kai was with Keppel Group where he held senior positions at Keppel Data Centres and Keppel Capital. As Head M&A and Strategic Initiatives at Keppel Data Centres, he led their corporate development, M&A, strategy and decarbonisation initiatives. He was also Portfolio Manager for the US$1 billion Alpha Data Centre Fund at Keppel Capital, where he was instrumental in establishing and raising the investment vehicle; and the investment and asset management of its data centre portfolio across the Asia-Pacific.\r\n\r\nKai graduated with a M.Sc in Management Science & Engineering from Stanford University and magna cum laude with a B.Sc in Mechanical & Aerospace Engineering from Cornell University. In college, he participated in the redesign of the thermal protection system of the space shuttle under a NASA sponsored initiative. He holds the CFA and FRM charters.',NULL,'https://www.linkedin.com/in/gohchuenkai/?originalSubdomain=sg','PhNsR7DAWOe0k719LkRDYZX9YFxOFNh7whzp7NjI.jpg',1,'2023-10-02 09:30:01','2023-10-02 09:30:01',104),(105,10,'Herson Suindah','Sinar Mas – DSS','SVP, Special Projects & Investments - Chairman’s Office','Mr. Herson Suindah is a Senior Vice President for Special Projects & Investments in the Chairman’s Office of Sinar Mas – DSS. He focuses on investing in digital infrastructure and other “New Economy” infrastructure platforms.\r\n\r\nPrior to Sinar Mas, he was the founder and Managing Partner of Blackstar Asia Capital, an investment platform focusing on the “New Economy” real estate sector.  \r\n\r\nPrior to founding Blackstar, Mr. Suindah was a Managing Director and Member of the Investment Committee at Ancora Capital (Singapore) where he led a real estate private equity fund that invested in residential projects in Indonesia. \r\n\r\nBefore embarking on his investment career in Asia, Mr. Suindah spent 11 years on Wall Street as an investment banker in rising positions at Merrill Lynch, Bank of America, Deutsche Bank and Zelman & Associates covering the real estate, industrials and private equity sectors. He started his professional career as an engineer for Mercedes-Benz Group in the United States. \r\n\r\nMr. Suindah received an MBA from The University of Chicago Booth School of Business and a Bachelor of Science degree (with honors) in Industrials & Manufacturing Engineering from Oregon State University.',NULL,'https://www.linkedin.com/in/herson-suindah-7971192/','YCBNYSmiVrBkOhZHq5UyyWiGXoI2JW42valWEHYY.jpg',1,'2023-10-02 09:30:50','2023-10-02 09:30:50',105),(106,10,'Alex Budiyanto','Indonesia Cloud Computing Association','Chairman','Alex Budiyanto  founded the Indonesian Cloud Computing Community (CloudIndonesiA) on April 23 2012 which was the forerunner of the Indonesian Cloud Computing Association. He once worked as Education & Community Manager at Sun Microsystems, one of his achievements was making the Sun Microsystems community in Indonesia the largest in Asia Pacific. Active in various IT communities in Indonesia such as the Indonesian Linux User Group (KPLI), Microsoft User Group Indonesia (MUGI), Java User Group Indonesia (JUGI) etc. He has been a Microsoft Student Partner, Microsoft Student Ambassador and Nokia Developer Champion.',NULL,'https://www.linkedin.com/in/alexbudiyanto/','MRlx59BsHnKupiQDrTWIeGcwv5YTXtPDCImLf8dG.jpg',1,'2023-10-02 09:31:36','2023-10-02 09:31:36',106),(107,10,'Claude Achcar','ACTEL CONSULTING','FOUNDER & MANAGING PARTNER','Claude Achcar is the Founder and Managing Partner of Actel Consulting, a highly specialized Tech advisory firm. The company, founded in 2002, differentiates through independent, deep-dive, and hands-on guidance to deliver implementable advisory. Clients include investors, innovators, corporates, telecoms, service providers, and regulators.\r\n\r\nClaude has over 30 years of ICT experience. He began his career as an AI Research Associate followed by eleven years in various engineering, marketing, and operations roles with Nortel. Prior to Actel Consulting, Claude was Managing Director and VP Asia at Ciena.\r\n\r\nClaude is an engineer by training, holding B.Eng. & M.Eng. (Speech Recognition) degrees from Ecole Polytechnique, and an MBA from McGill University, both in Montreal, Canada.',NULL,NULL,'GE7Mim4YPo3lARLkwXS9Op7AweTIsIbj2vhruqN0.jpg',1,'2023-10-02 09:32:20','2023-10-02 09:32:20',107),(108,10,'Fred Fitzalan Howard','Knight Frank','Associate Director','Fred Fitzalan Howard is the Associate Director, Data Centres Lead, Asia Pacific at Knight Frank. He oversees the division’s works in the region covering the full spectrum of data centre market services specialising in investment, site transactions and occupier advisory, in addition to valuation, consultancy and research.',NULL,'https://www.linkedin.com/in/frederick-fitzalanhoward/','Nv6ec8vjqTTk1aDegCe4zNLFqsupEDOWfv1Z8yOq.jpg',1,'2023-10-02 09:33:09','2023-10-02 09:33:09',108),(109,10,'Patrick Chan','Uptime Institute','Vice President, Asia','Patrick Chan serves as the Vice President of South Asia at Uptime Institute. Based in Malaysia, he is responsible for all commercial and service delivery activities in the region.',NULL,'https://www.linkedin.com/in/patrick-chan-0858533a/','OrJOP8JFRbbhAvOw48UvicVZTVuOnwGSbz4VycrW.jpg',1,'2023-10-02 09:33:51','2023-10-02 09:33:51',109),(110,10,'Philbert Shih','Structure Research','Managing Director','Philbert Shih is the Founder and Managing Director of Structure Research, an independent Toronto and Singapore-based research and consulting firm devoted to the cloud and data centre infrastructure services markets with a specialization in the hyperscale value chain.\r\n\r\nMr. Shih is based in Toronto and has covered the infrastructure services space for over 20 years. His coverage of the sector is global in scope and extends across the broader Internet infrastructure value chain. He is the conference chair for the annual infra / STRUCTURE summit and heads up the Structure Research consulting practice, which has advised and provided subject matter expertise for transactions across data centre, cloud and managed hosting, with over $3b in value.\r\n\r\nMr. Shih is a regular speaker at industry events and has been quoted in various publications such as The South China Morning Post, The Deal, Data Economy, The Globe and Mail, IT World Canada, National Post, The Cube, Computerworld, InfoWorld, Bizjournals, Data Center\r\n\r\nKnowledge, Light Reading, eWeek, Miami Herald, San Antonio Express News and Forbes.\r\n\r\nPrior to founding Structure Research in 2011, Mr. Shih was the first hosting infrastructure analyst hired after Tier1 Research was sold to The 451 Group (2005) and spent six years as Senior Analyst for managed hosting and cloud. In this role, Mr. Shih helped launch Tier1’s coverage of hosting and cloud in international markets and was the lead and contributing author to all of the company’s quarterly and bi-annual hosting infrastructure sector reports.\r\n\r\nPrior to joining Tier1 Research, Mr. Shih spent more than four years covering the web hosting industry – three of them as Senior Staff Writer for The Web Host Industry Review’s online and print publications. At theWHIR, Mr. Shih covered companies in the SMB and enterprise hosting, cloud and colocation segments.\r\n\r\nMr. Shih holds an MA in Political Science from the University of British Columbia with a specialization in political economic development.',NULL,'https://www.linkedin.com/in/philbertshih/','f32LfyPIJAAEhzSkZSSRHyIVNrQfWt9FMpFVNND1.png',1,'2023-10-02 09:34:39','2023-10-02 09:34:39',110),(111,10,'João Marques Lima','The Tech Capital','Managing Editor','João is the founder and editor of The Tech Capital. Winner of the Professional Publishers Association (PPA) 30 Under 30 media award and the Infrastructure Masons IM100 Award 2022, he owns a real passion for the media and has experience across online, print and broadcast. He has reported from over 30 countries worldwide, filming interviews with CEOs of big tech companies and government figures, amongst others. He is the founder and host of the Great Business Minds Podcast and prior to that, João has experienced the reporting industry at Data Economy, which he created for BroadGroup and where he also invented the Finvest Summit (all acquired by Euromoney Institutional Investor Plc in 2017), Capacity Media, Computer Business Review/Tech Monitor, the Daily Mail, Channel 4 News, Channel 4, The Guardian, Antena Lusa and Future Behind.','https://twitter.com/joao_pmlima','https://uk.linkedin.com/in/joaomarqueslima','9Hjszfp5mYFbc0CSIrvxkZjrQnvRe4tKBjyjdpJl.jpg',1,'2023-10-02 09:35:28','2023-10-02 09:35:28',111),(112,10,'New Speakers','Added','Regularly','As we get closer to The Tech Capital\'s Asia Finance Forum 2023, please check this page for the latest speaker faculty updates.',NULL,NULL,'VA3pkGZVflvdgwjdyTNqLxB8YC5jdfdRhTqffiTD.jpg',1,'2023-10-02 09:36:08','2023-10-02 09:36:08',112),(113,3,'João Marques Lima','The Tech Capital','Editor','João is the founder and editor of The Tech Capital. Winner of the Professional Publishers Association (PPA) 30 Under 30 media award and the Infrastructure Masons IM100 Award 2022, he owns a real passion for the media and has experience across online, print and broadcast. He has reported from over 30 countries worldwide, filming interviews with CEOs of big tech companies and government figures, amongst others. He is the founder and host of the Great Business Minds Podcast and prior to that, João has experienced the reporting industry at Data Economy, which he created for BroadGroup and where he also invented the Finvest Summit (all acquired by Euromoney Institutional Investor Plc in 2017), Capacity Media, Computer Business Review/Tech Monitor, the Daily Mail, Channel 4 News, Channel 4, The Guardian, Antena Lusa and Future Behind.','https://twitter.com/joao_pmlima','https://uk.linkedin.com/in/joaomarqueslima','vAJXafN5IRhlkamNdlg6mEvIaVO5drunp84ttXJ6.jpg',1,'2023-03-16 23:24:13','2023-05-22 14:22:47',145),(114,3,'Philbert Shih','Structure Research','Managing Director','Philbert Shih is the Founder and Managing Director of Structure Research, an independent Toronto and Singapore-based research and consulting firm devoted to the cloud and data centre infrastructure services markets with a specialization in the hyperscale value chain.\r\n\r\nMr. Shih is based in Toronto and has covered the infrastructure services space for over 20 years. His coverage of the sector is global in scope and extends across the broader Internet infrastructure value chain. He is the conference chair for the annual infra / STRUCTURE summit and heads up the Structure Research consulting practice, which has advised and provided subject matter expertise for transactions across data centre, cloud and managed hosting, with over $3b in value.\r\n\r\nMr. Shih is a regular speaker at industry events and has been quoted in various publications such as The South China Morning Post, The Deal, Data Economy, The Globe and Mail, IT World Canada, National Post, The Cube, Computerworld, InfoWorld, Bizjournals, Data Center\r\n\r\nKnowledge, Light Reading, eWeek, Miami Herald, San Antonio Express News and Forbes.\r\n\r\nPrior to founding Structure Research in 2011, Mr. Shih was the first hosting infrastructure analyst hired after Tier1 Research was sold to The 451 Group (2005) and spent six years as Senior Analyst for managed hosting and cloud. In this role, Mr. Shih helped launch Tier1’s coverage of hosting and cloud in international markets and was the lead and contributing author to all of the company’s quarterly and bi-annual hosting infrastructure sector reports.\r\n\r\nPrior to joining Tier1 Research, Mr. Shih spent more than four years covering the web hosting industry – three of them as Senior Staff Writer for The Web Host Industry Review’s online and print publications. At theWHIR, Mr. Shih covered companies in the SMB and enterprise hosting, cloud and colocation segments.\r\n\r\nMr. Shih holds an MA in Political Science from the University of British Columbia with a specialization in political economic development.',NULL,'https://www.linkedin.com/in/philbertshih/','V32CllOGXuzweD9xesHjWcS0obz4sXVMmEKRxNGt.jpg',1,'2023-03-16 23:26:05','2023-05-22 14:22:47',142),(115,3,'Tara Giunta','Paul Hastings LLP','Partner','Tara K. Giunta, a partner in the Litigation Department of Paul Hastings, is Co-Chair of its ESG Risk, Strategy and Compliance Group and a Member of the firm’s Investigations and White Collar Defense practice, which is routinely recognized by the Global Investigations Review (GIR) as a leading investigations practice and one of a handful of global \"elite\" practice groups. Ms. Giunta is a recognized risk, strategy and compliance expert and advisor to global companies on corporate governance and enterprise risk management. She advises C-suites and boards in identifying and mitigating risks, developing and enhancing compliance programs, investigating and remediating wrongdoing and/or internal control weaknesses, conducting compliance-related due diligence in M&A and other commercial transactions, and developing reporting and disclosure frameworks.\r\n\r\nHer work has spanned the globe, performing risk assessments, conducting investigations and rolling out comprehensive compliance programs in Africa, the Middle East, South America, and Asia.\r\n\r\nMs. Giunta was recognized by GIR in its inaugural Women in Investigations list, which recognized 100 women across the globe who are “achieving great things in a competitive and notoriously tough area of law.” She is also Co-Chair of the firm’s Global Diversity Council and Chair of the firm’s Women’s Initiative. Ms. Giunta is Founder and Editor of the firm’s publication, Breaking the Glass Ceiling: Women in the Boardroom, now in its Fifth Edition, and speaks often on corporate governance, ESG compliance and risk. Ms. Giunta was a recipient of Corporate Counsel’s 2019 Women, Influence & Power in Law Awards under the Thought Leadership category.',NULL,'https://www.linkedin.com/in/tara-giunta-4a05871a/','LKMGm2VP67FxOGMGcHHzz4f8ZeNR8xQ3EWIcsOMf.jpg',1,'2023-03-16 23:27:35','2023-05-22 14:22:47',115),(116,3,'Miles Loo, Jr.','Newmark','Vice Chairman','Miles Loo Jr., CRE, FRICS, joined Newmark Valuation & Advisory in 2017 in the Downtown Los Angeles office, where he serves as a Vice Chairman and the Global Lead for Newmark Valuation & Advisory’s Data Centers & Life Science group.\r\n\r\nMiles is well recognized as the industry’s leading appraiser of data center properties. His experience includes advising private equity funds, institutional investors, large pension funds, Fortune 500 companies, cloud companies and Global IT conglomerates on investments in all types of data centers, including mission critical, disaster recovery data centers, colocation facilities, carrier hotels, internet gateways and life science properties. These assignments have involved data centers owned and/or operated by Fortune 500 companies across numerous industries as well as Uptime Institute Site Certified Tier III and Tier IV facilities; U.S. Green Building Council (USGBC) LEED Platinum, Gold and Silver buildings; and state and federal disaster recovery data centers. Miles has led valuations of large individual and portfolio valuations spanning multiple countries across six continents (NA, EMEA, APAC, LATAM and African regions) and has consulted on a number of the world’s largest data centers.',NULL,'https://www.linkedin.com/in/miles-loo-jr-8266821','68SZZxJkxwQlMOZWyqERsw4j1ktAzdCZkOAuRoMK.jpg',1,'2023-03-16 23:33:20','2023-05-22 14:22:47',114),(117,3,'Michalis Grigoratos','Infrapartners LLC','Managing Partner','Michalis Grigoratos is the Co-founder & Managing Partner of Infrapartners LLC, a Vertically Integrated pre-fabricated Data Center business.',NULL,'https://www.linkedin.com/in/mgrigoratos/','GovPNwlWaET0Irf93HemmZd0bVOTe13RSxseSl8K.jpg',1,'2023-03-16 23:35:38','2023-05-22 14:22:47',123),(118,3,'Claude Achcar','Actel Consulting','Founder & Managing Partner','Claude Achcar is the Founder and Managing Partner of Actel Consulting, a highly specialized Tech advisory firm. The company, founded in 2002, differentiates through independent, deep-dive, and hands-on guidance to deliver implementable advisory. Clients include investors, innovators, corporates, telecoms, service providers, and regulators.\r\n\r\nClaude has over 30 years of ICT experience. He began his career as an AI Research Associate followed by eleven years in various engineering, marketing, and operations roles with Nortel. Prior to Actel Consulting, Claude was Managing Director and VP Asia at Ciena.\r\n\r\nClaude is an engineer by training, holding B.Eng. & M.Eng. (Speech Recognition) degrees from Ecole Polytechnique, and an MBA from McGill University, both in Montreal, Canada.',NULL,'https://www.linkedin.com/in/claudeachcar/','aeaMtN9ARInIwzeUmn4DwaSg2Qky1lf4fdpYrdWK.jpg',1,'2023-03-16 23:38:15','2023-05-22 14:22:47',143),(119,3,'Steve Wallage','Danseb Consulting','Managing Director','Steve Wallage is the Managing Director for Danseb Consulting, the leading provider of strategic consulting and commercial due diligence to the data centre, co-location, IaaS and telecoms markets.\r\n\r\nHe has over 25 years experience in the industry, including six years as a Principal Analyst at Gartner Group, and then more than ten years leading BroadGroup Consulting.\r\n\r\nSome of his strategic consulting projects include work for operators, vendors and users, ranging from market entry to detailed market analysis to business and financial/business modelling.\r\n\r\nWork for investors ranges from market analysis to full commercial due diligence. He has been involved in over 35 commercial due diligence projects in recent years.\r\n\r\nWallage is also an experienced speaker and presenter, regularly chairing, facilitating and speaking at major industry events, webinars, roundtables and dinners.',NULL,'https://www.linkedin.com/in/steve-wallage-55847/','ThA7hPRySZWBR2GJqYPCNTVoT2RnxFMsAffyT1b3.jpg',1,'2023-03-16 23:42:32','2023-05-22 14:22:47',141),(120,3,'Jan Willem van Roggen','NIBC','Managing Director Infrastructure','Jan Willem van Roggen is a seasoned banker who has a successful career in the financial services industry. With over three decades of experience in banking, Jan Willem is currently heading the Commercial Real Estate and Infrastructure teams at NIBC, which operate extensively across Europe. His teams possess extensive knowledge of the latest market trends and financing opportunities, allowing them to offer valuable insights and solutions to clients.',NULL,'https://www.linkedin.com/in/jan-willem-van-roggen-4997b75/','hTpXV5MXUZp5O5T3i7UlICsefytlh6oerdGO1iQv.png',1,'2023-03-21 11:07:11','2023-05-22 14:22:47',124),(121,3,'Germán Cufré','IFC, World Bank Group','Global Head','Germán Cufré is Global Manager for Telecom, Media and Technology investments at the International Finance Corporation (IFC). IFC—a member of the World Bank Group—is the largest global development institution focused on the private sector in emerging markets.  \r\n\r\nGerman joined IFC in 2006 and has been part of the investment team focused on telecommunications infrastructure since 2008. German is currently responsible for helping develop IFC’s business in the sector, supporting equity and debt transactions in emerging markets across all telecom infrastructure subsectors including broadband, data centers, small cells and DAS, independent tower operators, IoT, TESCO and MNO\'s.  \r\n\r\nBefore joining IFC, Mr. Cufre led an acquisitions turnaround team at a distressed asset fund out of Argentina and worked as a strategy/ turnaround consultant with Booz Allen & Hamilton based in Chicago (USA), Sao Paulo (Brazil) and Buenos Aires (Argentina).  He holds a B.A. from Universidad de San Andres and an MBA from Kellogg Graduate School of Management. \r\n\r\nIFC—a member of the World Bank Group—is the largest global development institution focused on the private sector in emerging markets. We work in more than 100 countries, using our capital, expertise, and influence to create markets and opportunities in developing countries. In fiscal year 2020, we invested $22 billion in private companies and financial institutions in developing countries, leveraging the power of the private sector to end extreme poverty and boost shared prosperity.',NULL,'https://www.linkedin.com/in/germancufre/','oHFdg7kjLbbww4KkpuYqLiqa3iqbn7jj122SWXty.jpg',1,'2023-03-21 12:59:53','2023-05-22 14:22:47',117),(122,3,'Heather Paduck','STACK Americas','CFO','Heather Paduck is the Chief Financial Officer of STACK Infrastructure and has more than 25 years of experience developing, executing, and leading financial strategy and operations. Utilizing her extensive and unique background building finance organizations and overseeing capital raises at rapidly growing businesses, Mrs. Paduck ensures a focus on impactful funding and technology initiatives to drive responsible and forward-looking growth. \r\n\r\nPrior to STACK, Mrs. Paduck was CFO of Northwood Investors, a global, vertically integrated real estate private equity firm with over $7 billion in assets under management. She previously served as CFO of Pembroke Real Estate, a Fidelity Investments subsidiary, which manages over 7.5 million square feet in direct real estate investments in the United States, Europe, and Asia/Pacific. Mrs. Paduck’s experience also includes six years at PricewaterhouseCoopers, where she managed financial statement audits for public and private real estate companies. \r\n\r\nIn 2021, she was honored with the Leading Allies Of Data Centers & The Cloud’s DEI Trailblazer Award for her tireless efforts advancing diversity in the workplace. In 2022, Mrs. Paduck was awarded the Outstanding Women in Business Award from the Denver Business Journal, Private Company CFO of the Year Award from Northern Virginia Technology Council, and inclusion in the Tech Capital’s CFO 50 list. \r\n\r\nMrs. Paduck received a B.S. in Accounting and International Business from Indiana University, and an M.B.A. in Finance at the Sawyer Business School at Suffolk University.',NULL,'https://www.linkedin.com/in/heather-paduck-6270917a/','nY5E4AjOGxUFdhzQALyTttq91tSE3Dcki0C7ctLl.jpg',1,'2023-03-21 20:45:12','2023-05-22 14:22:59',2),(123,3,'Simon Rozas','DIF Capital Partners','Head of European Digital Infrastructure','Simon Rozas is the Head of European Digital Infrastructure at DIF Capital Partner. He leads the origination and investments in digital infrastructure across Europe. Previously, he worked at Cube Infrastructure Managers, where he led greenfield fiber projects across Europe for the Connecting Europe Broadband Fund. \r\n\r\nSimon’s career includes over two decades of experience in investing, lending and investment banking at the EBRD, Citigroup and HSBC. He started his studies in Vilnius University and holds a B.A. and an M.A. in Economics and Finance from Brandeis University in Massachusetts.\r\n\r\nDIF Capital Partners is an independent infrastructure fund manager, with more than EUR 15 billion of AUM. DIF was founded in 2005 and has built a leading position in managing mid-market investments, primarily in Europe, North America and Australia.',NULL,'https://www.linkedin.com/in/simonrozas/','sCcVxsSEuTbrVxCMCsAn9oWLvL9lwLmEhAastWib.jpg',1,'2023-03-23 14:35:45','2023-05-22 14:22:47',131),(124,3,'Jan Weismüller','KfW IPEX-Bank','Head of Infrastructure, London','Details to follow shortly...',NULL,'https://www.linkedin.com/in/janweismueller/','PQzCap2jie8sCbuYoTptgCrryYqBzugdyY5xqm9f.png',1,'2023-03-23 14:37:47','2023-05-22 14:22:47',134),(125,3,'Charlie Evans','Guggenheim Partners','Vice President','Details to follow shortly...',NULL,'https://www.linkedin.com/in/charlie-evans-035ba345/','wHjweO8mp5TSduTCSFsep3yf44R7ECWvEi2vMyd7.jpg',1,'2023-03-28 19:26:04','2023-05-22 14:22:47',122),(126,3,'Vincent Gerritsen','H.R.L. Morrison & Co','Partner & Head of UK/Europe','Vincent is Head of UK and Europe, based in London.\r\n\r\nHe oversees Morrison & Co’s European activities and leads the origination of European investments on behalf of the firm\'s clients. \r\n\r\nVincent has over 20 years\' experience in infrastructure investing, investment management, M&A and business development in the social infrastructure, telecom, utilities, renewable energy, transport and midstream sectors. \r\n\r\nBefore joining Morrison & Co in 2019, Vincent was a partner at Ancala Partners. Previously, he was a senior investment manager infrastructure at PGGM responsible for sourcing large core European investments, leading execution and asset management. He also worked in the real estate investment management arm of ABN AMRO, where he managed the establishment of its Paris office, and he has worked at Rabobank and KPMG Corporate Finance.   \r\n\r\nHe is a Director on the boards of Galileo Green Energy, Fore Freedom and Kao Data.\r\n\r\nVincent holds a Master of Financial Business Economics from Erasmus University Rotterdam and is a Chartered Financial Analyst.',NULL,'https://www.linkedin.com/in/vgerritsen/','I4Vt4V7BJXDCVtbRfzkp4dSA8fhK6GqPdS6yn82J.png',1,'2023-03-28 19:28:09','2023-05-22 14:22:59',105),(127,3,'Andrei Milekhin','Nomura','Managing Director','Andrei Milekhin is a Managing Director and Global Head of Digital Infrastructure Investment Banking at Nomura Greentech based in London. Andrei focuses on a variety of digital infrastructure and telecommunications markets and businesses globally and in Europe, in particular.\r\n\r\nAndrei joined Nomura in July 2016 following two years at VimpelCom (now Veon) in Amsterdam, where he was responsible for origination / execution of M&A transactions as well as spearheading the efforts with respect to defining portfolio strategy for the Group. Prior to joining VimpelCom, Andrei was a Director in the TMT Investment Banking team at UBS in London.\r\n\r\nNotable recent transactions include advising PGGM and EDF Invest on acquisition of a minority stake in Norlys Tele in Denmark, GIC on acquisition of a minority stake in CETIN, Ardian on acquisition of Adamo in Spain, Allianz Capital Partners on acquisition of a minority stake in American Tower Europe (c.€1bn) and a 50/50 partnership with Telefonica to roll-out FTTH network in rural Germany (€5bn), as well as sale of Towertel to Phoenix Tower International and sale of Retelit to Asterion Industrial Partners (c.€700m).\r\n\r\nAndrei holds a degree in Economics from Moscow State University for International Relations (MGIMO).',NULL,'https://www.linkedin.com/in/amilekhin/','aTgJHlpcIFo5ps1qR8rZQAW1yHLMGs3ksVE1RF4L.jpg',1,'2023-03-30 21:09:54','2023-05-22 14:22:47',112),(128,3,'Mark Reynolds','Cassava Technologies','VP & Head of Investor Relations','Mark is the Vice President and Head of Investor Relations at Cassava Technologies. Mark, who is based in London, joined Liquid Intelligent Technologies in October 2020 as Head of Investor Relations. He started his career in the IT industry and subsequently spent much of his career in the telecommunications sector, undertaking senior finance positions across Europe at Vodafone before joining Telefonica O2 UK.\r\n\r\nIn 2015, Mark was asked to run Investor Relations at the newly merged Dixons Carphone, now Currys PLC, a UK-listed electrical and telecommunications retailer, and more recently at ConvaTec Group PLC, a medical products and technologies company.\r\n\r\nMark is a business graduate from Royal Holloway, University of London, and a qualified Chartered Management Accountant.',NULL,'https://www.linkedin.com/in/mark-reynolds-32974b25/','6i4sBM55Fk860pKuTWgAUrpLw4kA4Urh9o2gowEC.jpg',1,'2023-04-03 13:34:00','2023-05-22 14:22:59',100),(129,3,'Alex Bornyakov','Ukraine Government','Deputy Minister of Digital Transformation','Alex Bornyakov is a Deputy Minister of Digital Transformation of Ukraine on IT industry development. His main goal in this position is to turn Ukraine into the largest IT Hub in Europe. \r\n\r\nAmong Alex’s projects is the introduction of a unique tax and legal space for the IT industry Diia.City. It combines favorable tax conditions with effective tools that allow companies to build a transparent corporate structure, attract foreign investment, and use additional mechanisms to protect intangible assets. Alex also places a great deal of emphasis on developing the Ukrainian startup ecosystem, as he aims to bring Ukraine to the TOP-5 countries with the highest number of startups per capita in Europe. As part of the support initiatives in this area, The IT Generation project was launched. It offers free training in IT specialties for switchers. \r\n\r\nAlex has an MBA (University of New Brunswick), an MPA (Columbia University) and more than ten years of experience in IT management. He founded and managed a number of successful companies and startup incubators, including the American video monetization platform Adtelligent and the outsourcing company Intersog, which was included in the TOP 5 App Developers in Chicago according to Clutch. In 2015, he became Best CEO / COO - IT BIZ AWARDS 2015, and in 2016 he was included in the ranking of 25 trailblazing business leaders in Ukraine.',NULL,'https://www.linkedin.com/in/abornyakov/','mwpKP8NZRcgmKSJJz4gg1phMQTZ76lPJL9LlQZxu.png',1,'2023-04-03 20:03:05','2023-05-22 14:22:59',1),(130,3,'David Kippen','Cordiant Capital Inc., Cordiant Digital Infrastructure Ltd','Managing Director','David Kippen has a 25+ year background in M&A, corporate finance and private investing in the Telecom Media Technology (TMT) sectors, as well as energy and other sectors. He has worked on over 40 M&A transactions valued at over US$30 billion during this time.\r\n\r\nIn addition, he has worked on numerous private and public debt and equity financings in the TMT/Digital sectors and has been a board member of growth stage and digital businesses. He was a colleague of Benn Mikula in JPMorgan’s Technology/TMT Investment Banking Group and subsequently moved to UBS before moving to a family office where he has overseen direct Private Equity investments. Mr Kippen holds a BA from McGill University and a Masters from Johns Hopkins/SAIS.',NULL,'https://www.linkedin.com/in/david-kippen-035546/','Zp7kRSNHsMCzaO5g77GlGucSF5LAcosZI5nQW23z.jpg',1,'2023-04-04 15:56:01','2023-05-22 14:22:47',119),(131,3,'Ronald Philip','Agility Logistics Parks','Senior Director','Ronald Philip leads strategic planning for Agility\'s logistics parks business globally. Agility Logistics Parks is a leading developer of logistics and industrial real estate in the Middle East, Africa and South Asia. He joined Agility from McKinsey & Company where he spent 6 years serving CxOs and Ministers in the transport, logistics, infrastructure and real estate sectors in emerging markets on topics of strategy, large capital investment decisions and performance improvement. Prior to McKinsey, Ronald held roles with the World Economic Forum, PwC\'s infrastructure finance practice, GE and the World Bank in the US and Asia. Ronald holds a MPP from the Harvard Kennedy School of Government and an MBA from the Indian Institute of Management (IIM) Kozhikode.',NULL,'https://www.linkedin.com/in/ronaldphilip/?originalSubdomain=ae','XLAEudceJUriN1DbTqgWYHOrKxSCrIznMJprVEli.jpg',1,'2023-04-04 16:59:58','2023-05-22 14:22:47',139),(132,3,'Simon Sharp','Global Ventures','Partner','Simon joined Global Ventures as a Principal in early 2020, and has over five years of investment experience across venture capital and corporate finance. Before joining Global Ventures, Simon worked in the investment team at Committed Capital, a venture capital fund based in London which focused on early stage technology investments. Simon is a Chartered Accountant with the ICAEW, a Member of the Chartered Institute for Securities and Investments and holds a BSc in Mathematics from the University of Warwick.',NULL,'https://www.linkedin.com/in/simon-sharp-1458a645/','F9pDRw4YqgD1GJE7DLUlSAQyzX0aj3PZyC8kgQcZ.png',1,'2023-04-04 19:31:03','2023-05-22 14:22:47',137),(133,3,'Stephen Hall','CEO, Crown Hosting','Ark Data Centres','Steve is an engineer by profession. He has had a highly successful career in both selling and service delivery. He was formerly the UK Public Sector Sales Director at HP.  During his time at HP, Steve held a number of roles and was responsible for UK public sector sales, UK Defence sales, and Middle East, Mediterranean and Africa businesses, covering all sectors of the Enterprise Service business. He led the transformation of the go to market operation in this undeveloped area of business and delivered a sound growth strategy for the next three years.\r\n\r\nPrevious to HP, he held a number of positions with senior-level responsibility at EDS, successfully leading the companies’ strategic bids, re-pitching of existing contracts, new business and incremental growth. At EDS he established and led the service management organisation, including two major service centres and a support regime to deliver IT services to the MoD as part of Europe’s largest ever IT contract (circa 300,000 users in over 450 locations worldwide). Steve joined the technology industry having completed 19 years of distinguished service in Her Majesty’s Royal Navy as an aeronautical engineer officer.',NULL,'https://www.linkedin.com/in/steve-hall-3a152159/?originalSubdomain=uk','rLRFzEmDwbuL1w9I2f9WkdTRuzXNsWIKCULDaNBs.jpg',1,'2023-04-06 11:03:48','2023-05-22 14:22:47',130),(134,3,'Canan Anli','PMP STRATEGY','SENIOR ADVISOR','Canan is a strategy consultant, investor and advisor. Canan has been an investor in the Digital Infrastructure and Technology space in the last 11 years working for Mubadala Investment Company. She has led and negotiated several deals for Mubadala in the digital infrastructure, telecoms, software and services space in the US, Europe, the Middle East, and Asia. Canan is currently supporting PMP Strategy with their principal investor business focusing on digital infrastructure and enterprise software. Previously, Canan also worked for McKinsey. Canan holds a MSc in Earthquake Engineering from Bogazici University and an MBA from INSEAD.',NULL,'https://www.linkedin.com/in/canan-anli-681b19/','m2iMLVxm6ZrGYCfLa71rCKYiSalKF8y6AH8PgWU7.jpg',1,'2023-04-12 10:18:26','2023-05-22 14:22:47',140),(135,3,'Devashish Gupta','ESR Group','Chief Investment Officer','Dev Gupta joined ESR in May 2019 to spearhead the creation of the Data Centre Vertical. As Chief Investment Officer for ESR Data Centres, he is responsible for the development of the DC strategy, Acquisitions, Investment Management and Customer / Operator Partnerships. He has successfully received commitments for a dedicated APAC Data Centre development fund, acquired 8 assets with a total development potential of 560MW facility load across 6 countries in the region, and set-up a 20 member dedicated team for Data Centre design and development.\r\n\r\nPrior to joining ESR, Dev was Director Investments, Allianz Real Estate, where he was responsible for development of new investment strategies across new APAC markets including Digital Infrastructure and Modern Logisitcs.\r\n\r\nHe has twenty six years of experience in strategy creation, starting businesses, and asset acquisitions/ DD/ financial analysis/ deal structuring across real estate, digital infrastructure, technology, and renewable assets in APAC.\r\n\r\nDev holds a Bachelor’s of Engineering and Masters of Business Administration.',NULL,'https://www.linkedin.com/in/devashishgupta/','dTxr9mgTDxsHC1YKQnTk7FxSpVOqp65QuYAK4lpQ.jpg',1,'2023-04-14 15:32:08','2023-05-22 14:22:47',107),(136,3,'Stephanie Liston','Digital Connectivity Forum','Chair','Stephanie Liston became Chair of DCF in March 2021. She specialises in providing international strategic, legal and regulatory advice in relation to a variety of types of projects and commercial transactions across multiple jurisdictions and industry sectors.\r\n\r\nAs a dual American and British citizen who has lived and worked in the US, UK and British Virgin Islands, Stephanie has extensive knowledge and experience of international and emerging markets.\r\n\r\nStephanie is an acknowledged international expert in a wide range of technologies and has been a leading partner in the most respected communications law firms. She has significant experience in helping businesses navigate their marketing and communications strategies to address the broadest and most valuable markets.\r\n\r\nShe served as an Independent Member of the BT Equality of Access Board from 2013 to 2018, as Chief Legal Advisor to the Telecommunications Regulatory Commission in the British Virgin Islands from 2015 to 2017, as a non-executive Director of Ofcom and as a member of its Audit Committee from 2005 to 2008, an advisory board member of Orga Systems GmbH from 2010 to 2014, a Director of the European Competitive Telecommunications Association from 2000 to 2005, and co-Chairman of the Communications Committee of the International Bar Association from 2004-2006.\r\n\r\nCurrently, Stephanie is Chair of the UK Digital Connectivity Forum, Senior Advisor to Frontier Economics; Chief Executive Officer of Sequoia Way Limited; Associate Director of Innovation Advisors and Founder of Women in Telecoms and Technology.”',NULL,'https://www.linkedin.com/in/stephanieliston/','7mZEmQkUYyMBW9JWvsFbo28J8zpSyBoRmkkq21qH.jpg',1,'2023-04-15 17:12:47','2023-05-22 14:22:47',109),(137,3,'Krupal Raval','Equinix','Managing Director','Krupal Raval joined Equinix in May 2019. He currently serves as Managing Director for the xScale team. with nearly 20 years of financial services and REIT industry experience.  Since joining, the xScale team has announced several multi-billion dollar joint ventures, with nearly $8.0 billion committed to projects in the Americas, EMEA and APAC.\r\n\r\nPreviously, Krupal was Chief Financial Officer, Asia Pacific for Digital Realty. In that role, he oversaw a range of financial functions in Asia Pacific region, including forming the Joint Venture partnership with Mitsubishi Corporation in Japan. He also served as the regional Portfolio Manager, overseeing a portfolio of nearly 2.0 million square feet, which grew nearly 3x during Krupal’s tenure in APAC, while NOI increased nearly 4x.\r\n\r\nKrupal also previously served as the Vice President, Capital Markets at Alexandria Real Estate Equities.  Here, he was responsible for designing and executing financial strategy, balance sheet management and corporate functions, including financial reporting, corporate finance, and investor relations and marketing.  During his tenure at Alexandria, the firm raised $2.1 billion of equity and debt capital. Prior to this, Krupal served as a Research Analyst for Fidelity Management and Research, where he coordinated asset allocation with the firm’s portfolio managers, resulting in over $4 billion new capital invested in publicly traded real estate companies. Krupal started his career at the top-ranked Citi REIT Equity Research team.\r\n\r\nKrupal received a Bachelor of Science degree from Cornell University, where he was a Meinig Family National Scholar (awarded to less than 2% of each class). In his free time, Krupal spends time with his family.',NULL,'https://www.linkedin.com/in/krupalraval/','KL7S6FIxxTVUIsC4tVaK5qgn3FpDPqNis8EsFM6n.jpg',1,'2023-04-18 07:06:51','2023-05-22 14:22:59',55),(138,3,'Matt Barker','GI Partners','Managing Director','Matt Barker is a Managing Director and Head of GI Data Infrastructure Europe. Prior to joining GI Partners, Mr. Barker was a Partner at 3i Infrastructure PLC where he led multiple digital infrastructure investments. Previously, Mr. Barker was an investment professional in the infrastructure funds business of Macquarie.',NULL,'https://www.linkedin.com/in/matt-barker-a7b66a22/','svTJ8dyLIUYXFGNAiDi9jW1ELQ1Ay5xgSk23cmZA.jpg',1,'2023-04-18 08:26:19','2023-05-22 14:22:47',110),(139,3,'Fabio Fontana','CEO, ZeroPoint DC','Chief Growth Officer, Tonomus.NEOM','More than 25 years exposure to some of the world’s fastest moving and digitally advanced technologies has left Fabio Fontana uniquely placed as Chief Growth Officer Executive Director and Head of Technology and Digital Compute & Innovation at Tonomus.NEOM . Fabio is also the newly appointed CEO of ZeroPoint DC. Fontana’s work is fundamental to the successful delivery of NEOM’s next generation Hyperscale Hybrid Data Center, which uses 100% renewable energy and water-cooling technology.\r\n\r\nFontana and his team are also embarking on full-scale technology ventures at NEOM,harnessing the power of the ‘Connect, Compute, Platform and Innovation’ to deliver end-to-end solutions where humans and machines harmonize, inspired by nature and sustainability. Prior to joining NEOM, Fontana worked in in a variety of senior executive and managerial positions, including at Hewlett-Packard (HP) and Hewlett-Packard Enterprise (HPE). Most recently as Managing Director for HPE in the Middle East and Africa, Fontana was responsible for market growth across the entire HPE portfolio of products, solutions and services. In addition, he has worked globally for a range of different HP business segments, with international postings in Hong Kong, Rome and San Francisco amongst others. Fontana was also a founding member of the U.S. - U.A.E. Business Council.\r\n\r\nWith a postgraduate in computer sciences and artificial intelligence from Italy’s University of Pisa, Fontana studied business management at the Massachusetts Institute of Technology’s (MIT) Sloan School of Management and Stanford University. In 1999, he won a patent for developing the ‘Real Time Banking System,’ a joint project between HP, Verifone and Huntington Bank.',NULL,'https://www.linkedin.com/in/fabio-fontana/','kqVwxPen0PHkoMVLB7xXlHYxjw3I4qUePq1nY82z.jpg',1,'2023-04-19 17:33:55','2023-05-22 14:22:59',101),(140,3,'Pierre Maitre','EdgeConneX','Chief Corporate Strategy Executive','Coming soon...',NULL,'https://www.linkedin.com/in/harar/','n1xH1pLBoyMa3mJLt3mkRxvCU8IcOuiPr4ebNh31.jpg',1,'2023-04-20 00:42:03','2023-05-22 14:22:59',96),(141,3,'Antoine Lepagnot','Santander Corporate & Investment Banking','Head of Digital Infrastructure','Details to follow shortly...',NULL,'https://www.linkedin.com/in/antoine-lepagnot-66436220/','NgdZl0tYEC4hvaBYhCzSr2W9usbotnwrqR6dNtUp.jpg',1,'2023-04-20 11:55:48','2023-05-22 14:22:47',125),(142,3,'Michael Elias','TD Cowen','Senior Equity Research Analyst','Michael Elias is a Senior Equity Research Analyst at TD Cowen covering the Communications Infrastructure sector including Data Centers and Content Delivery Networks (CDN’s) and has been a member of the Communications Infrastructure team since 2017. \r\n\r\nPrior to joining TD Cowen, Mr. Elias worked as an equity analyst at Xanthus Capital Management. Mr. Elias received his B.S. in Industrial Engineering and Operations Research: Engineering Management Systems at Columbia University’s School of Engineering and Applied Sciences.',NULL,'https://www.linkedin.com/in/michael-elias/','9HWTqnKExhDdiiRdK0tUeC5MZF1ofS3yCnmYM0Rr.jpg',1,'2023-04-25 12:41:57','2023-05-22 14:22:59',102),(143,3,'Christina Sgardeli','Arcus Infrastructure Partners LLP','Investment Director','Details to follow shortly...',NULL,'https://www.linkedin.com/in/christina-sgardeli-203a4560/','dctcL2uWFoFYgUpRN9q9yYPsMirhEscTiIFN45Ik.jpg',1,'2023-04-27 12:32:47','2023-05-22 14:22:47',138),(144,3,'Marco Angelino, MBA','Raxio Group','Group CFO & MD','Marco is CFO of Raxio Group. He has 15 years of experience in Energy, Infrastructure and Banking. His expertise covers the entire investment value chain across several asset classes (renewable energy, toll roads, railways) and geographies (Africa, Europe, USA, LA).',NULL,'https://www.linkedin.com/in/marco-angelino/','rT4LTWUFAPsubVLEXNvTJxTUV1UXCDHbU5A3KTpQ.jpg',1,'2023-05-02 19:37:24','2023-05-22 14:22:47',108),(145,3,'Robin Brown','HSBC','Managing Director','Details to follow shortly...',NULL,'https://www.linkedin.com/in/robinckbrown/','h7E7QX59Qr0VSUQE3wtxmzaTM3a8pNnmiFyuhELt.jpg',1,'2023-05-03 09:17:06','2023-05-22 14:22:47',121),(146,3,'Ulises R. Pin','Morgan, Lewis & Bockius LLP','Partner','Ulises R. Pin represents US and foreign communications and technology companies on corporate, financial, and regulatory matters. He also advises private equity firms, venture capital funds, and financial institutions on investments in the telecommunications, media, and technology (TMT) sectors. Ulises represents clients before the Federal Communications Commission and government agencies in Mexico, Latin America, Europe, and Asia. He has experience in cross-border transactions with particular emphasis on foreign investment and national security issues, including securing approvals by the Committee on Foreign Investment in the United States (CFIUS).\r\n\r\nUlises R. Pin represents US and foreign communications and technology companies on corporate, financial, and regulatory matters. He also advises private equity firms, venture capital funds, and financial institutions on investments in the telecommunications, media, and technology (TMT) sectors. Ulises represents clients before the Federal Communications Commission and government agencies in Mexico, Latin America, Europe, and Asia. He has experience in cross-border transactions with particular emphasis on foreign investment and national security issues, including securing approvals by the Committee on Foreign Investment in the United States (CFIUS).\r\n\r\nUlises frequently counsels clients on foreign investment, national security, export controls, international trade, nd embargo issues before CFIUS, the Office of Foreign Assets Control (OFAC) of the Department of Treasury, and the Departments of Commerce, State, Defense, Homeland Security, and Justice. In this area, he has substantial experience negotiating complex mitigation agreements. He has also represented institutional, high-yield, and distressed debt investors in complex workout and insolvency matters in domestic and cross-border financial restructurings.\r\n\r\nUlises is a member of the Morgan Lewis CFIUS working group. He is a native Spanish speaker.',NULL,'https://www.linkedin.com/in/ulises-pin-a265b5/','p5nuoGjCu1vvZ2ocQzGyKT9limnfpcB5OamS6lbB.jpg',1,'2023-05-03 16:49:05','2023-05-22 14:22:47',116),(147,3,'Adam Levine','Data4 Group','Chief Commercial Officer','Adam Levine has 18 years of experience at the highest levels in the domain of IT hosting.\r\nHe began his career in the real estate sector with HRO before specialising in the IT hosting sector with such major industry groups as CBRE.\r\n\r\nIn 2007, Adam Levine was appointed VP Sales, then VP Business Development and Strategic Alliances (EMEA), at Digital Realty Trust, a global operator of Data Center solutions, where he worked for 7 years in direct collaboration with major IT and telecommunications sector players such as IBM, Atos Origin, Capgemini, Equinix and Orange Business Services.\r\n\r\nAdam Levine joined Data4 as Group Chief Commercial Officer in 2014, in charge of the group’s organic growth as well as new market development strategy.',NULL,'https://www.linkedin.com/in/adamdavidlevine/','rr2UEiGunfjHuc9OX7SpzoTM4YIHvchhVgKJNhMB.jpg',1,'2023-05-04 14:24:07','2023-05-22 14:22:59',98),(148,3,'Martin Bouchard','QScale','President, Chairman & Co-founder','Details to follow shortly...',NULL,'https://www.linkedin.com/in/martin-bouchard-1a9940210/','SwwmB3Lnlertxi8VXX01dbEi9RPdv0IIWFL42yQX.png',1,'2023-05-05 14:11:50','2023-05-22 14:22:47',126),(149,3,'Sicco Boomsma','ING','Managing Director TMT','Sicco has been a member of the SFTMT team since 2005, and historically focused on providing structured finance solutions for companies active in the mobile and satellite sectors.\r\n\r\nAfter joining as Management Trainee, he quickly decided to pursue a more specialized career in the TMT sector. Sicco worked on various transaction ranging from syndicated facilities, club deals, project and leverage financings to bilateral loans for strategic as well as Private Equity investors across EMEA, CEE and CIS. Within TMT, he currently focuses on the technology sector.\r\n\r\nSicco holds a MSc degree in Business Economics (highest honours). Sicco also participated in a number of corporate, project and leveraged finance training programs.',NULL,'https://www.linkedin.com/in/siccoboomsma/','yLBSrH6RjOXKBY3V6xKoofkiiFhodq9ui7cgxZjd.png',1,'2023-05-05 14:14:25','2023-05-22 14:22:47',132),(150,3,'John Anderson','Quantum Loophole, Inc.','Chief Legal Officer, General Counsel & Secretary','John comes to Quantum Loophole with a wealth of experience in the data center, real estate and telecommunications sectors.   He has served as managing attorney in private practice and as in-house counsel for technology companies. John’s experience includes representing OEMs, SaaS and IaaS providers, content providers and technology infrastructure companies.  In addition to his work as an attorney, John has held positions in operations and engineering departments where he was responsible for managing business relationships with some of the largest telecommunications companies in the world.\r\n\r\nAs a private attorney, John was entrusted with transformational corporate transactions that impacted the breadth and scope of his client’s technology businesses.  He also served as first-chair litigation counsel in obtaining favorable jury verdicts and negotiating complicated settlements in bet-the-company litigation. \r\n\r\nJohn’s tenure as in-house counsel encompassed both the dot-com bubble and the bust. He was the in-house lead attorney for a nationwide fiber-optics network, served as primary legal support for financial operations and served on several corporate transaction teams. As lead in-house bankruptcy counsel in the aftermath of the dot-com bust, John was responsible for managing claims and outside counsel, served on unsecured creditors’ committees and found himself testifying in the WorldCom Bankruptcy.',NULL,'https://www.linkedin.com/in/johnandersonmt/','tUUyfyoybkt947fZjp66Ep5dwjksfOvg8KfNotsu.jpg',1,'2023-05-05 14:17:53','2023-05-22 14:22:47',128),(151,3,'Rick Piket','CITIGROUP','VP, INVESTMENT BANKING','Rick Piket is a Vice President within Citigroup’s TMT Investment Banking group, where he specializes in Digital Infrastructure. Since joining Citi in 2016, Rick has focused on executing M&A and Capital markets transactions globally across data centers, fiber and towers.',NULL,'https://www.linkedin.com/in/rick-piket-9a462141/','lP3nYF129cugbmPOXqDYABCxHUFivyilr0iGjACf.jpg',1,'2023-05-08 14:00:08','2023-05-22 14:22:47',136),(152,3,'Gabriel Silva','Vinson & Elkins LLP','Partner','Gabriel’s principal area of practice is corporate finance. He works with a variety of public and private companies as well as private equity investors and their portfolio companies in connection with mergers, acquisitions, dispositions, and securities offerings. \r\n\r\nHis practice has a global reach, spanning Latin America, the U.S., Europe, and Asia, and involves extensive experience advising a multinational client base of leading corporations and financial sponsors on complex, cross-border transactions. \r\n\r\nIn particular, Gabriel has significant experience in transactions in the digital infrastructure sector, such as telecom towers, data centers and fiber.',NULL,'https://www.linkedin.com/in/gabriel-c-de-paula-e-silva-198a1951/','bKPphysaZLBBWDIp9LTKQuBujQcCC1XS0UyFLFsr.jpg',1,'2023-05-08 19:18:42','2023-05-22 14:22:47',113),(153,3,'Fundiswa Nkuta','TTC\'S UNDER 35 WINNER 2022','FORMER INVESTMENT ASSOCIATE, AIIM','Fundiswa is currently pursuing her MBA at London Business School. Prior to her MBA, she was an Investment Associate at African Infrastructure Investment Managers which focuses on infrastructure equity investments and development assets across Africa. She was primarily responsible for analysing new investment opportunities, structuring and executing transactions as well as asset management.\r\n\r\nFundiswa has worked across various banking roles, where she was part of the advisory team supporting large and mid-sized corporations, private equity firms, entrepreneurs and governments on executing sell-side and buy-side mandates. She also served her articles at Nedbank on the CA training programme which included rotations across various areas of the corporate and investment bank.\r\n\r\nFundiswa holds a Bachelor of Business Science Honours degree and a Post-Graduate Diploma in Accounting from the University of Cape Town as well as a Post-Graduate Diploma in the Drafting & Interpretation of Contracts from the University of Johannesburg. She qualified as a Chartered Accountant in 2017 and is an Audit & Risk committee member on the board of Equal Education. She is also the first-ever winner of The Tech Capital\'s 35 Under 35 Award (2022).',NULL,'https://www.linkedin.com/in/fundiswa-nkuta-pelle/','PlTyNsvpp7s8HpzQupguWOwtXJtPvkwnqXXBfn96.jpg',1,'2023-05-08 20:35:50','2023-05-22 14:22:47',144),(154,3,'Matt Evans','DigitalBridge','Head of Europe','Matt Evans is a Managing Director, Head of Europe at DigitalBridge Investment Management. Mr. Evans is based in London and focuses on European Investments and opportunities.  He is an accomplished and a highly experienced global infrastructure investor, bringing more than two decades of relevant industry and transaction expertise to DigitalBridge.\r\n\r\nPrior to joining DigitalBridge, Mr. Evans served as Global Head of Digital Infrastructure, Co-Head of Origination and Co-Head of Europe at AMP Capital. During his tenure, he was responsible for the firm’s successful investments including Axion, Expedient, Everstream Solutions, eNet and Towercom. Before joining AMP Capital in 2013, Mr. Evans spent 14 years at Macquarie Capital Advisors in various roles of increasing responsibility, most recently as Managing Director of the Telecoms, Media, Entertainment and Technology Group in EMEA.\r\n\r\nMr. Evans has a Bachelor of Science degree and a Bachelor of Arts with Honours from the University of Waikato in New Zealand.',NULL,'https://www.linkedin.com/in/mattjevans/?originalSubdomain=uk','046zUEnvbJRM1eWCKeU2fqG1GUTH1tzDcwWpNqUr.jpg',1,'2023-05-08 21:52:07','2023-05-22 14:22:59',97),(155,3,'Dr Lara Stoimenova','Sigma Economics','Managing Director','Dr. Lara launched Sigma Economics on the back of over 20 years’ of experience as a competition and regulatory policy expert. \r\n\r\nShe has direct experience of influencing regulatory decisions at the highest level and understating what matters most to decision makers. Currently, she serves as NED on the boards of the Jersey Competition Regulatory Authority (a regulatory body) and Portsmouth Water (a regulated commercial entity).\r\n\r\nPrior to launching Sigma Economics, Dr. Lara worked as a Partner and Co-lead of the Competition and Regulatory practice at Flint Global. She has also worked in senior roles at the UK’s competition authority (CMA) and Ofcom.\r\n\r\nLara has also recently cofounded Simulnova Software to develop next generation digital twin software applications to assist firms with their biggest challenges (the so called ‘unknown unknowns’).',NULL,'https://www.linkedin.com/in/dr-lara-stoimenova/','pRChFYuOyozeBAKHK6x1HXmYMRnxFXuLIIg7rKtZ.jpg',1,'2023-05-09 11:28:23','2023-05-22 15:46:10',120),(156,3,'Phil Spyropoulos','Eversheds Sutherland','Partner','Phil advises asset managers and securities services firms on regulation, market practice, and market developments relating to investment fund structures, regulatory initiatives (both domestic and European) and commercial agreements.\r\n\r\nPhil is a specialist in investor disclosure and this work increasingly sees him advising on the implementation of forthcoming regulatory initiatives, particularly in the areas of ESG and sustainable/responsible investing where he leads on our Financial Services work and acts as chair of an industry working group.\r\n\r\nPhil’s private practice experience has been supplemented by a series of industry secondments, including a role with the Financial Conduct Authority’s Fund Authorisations team. Phil maintains a substantial industry network, acting as an expert advisor to the Investment Association and TISA as well as holding a committee position with the Confederation of British Industry.',NULL,'https://www.linkedin.com/in/philspyro/','jgStjrqcbtHhRR727rNU8U9gGgjCa0cEom6wCECP.jpg',1,'2023-05-10 11:09:38','2023-05-22 14:22:47',118),(157,3,'Marcos Peigo','Co-Founder & CEO, Scala Data Centers','Operating Partner, DigitalBridge','Marcos Peigo is an Operating Partner of DigitalBridge and the CEO and a Board Member of Scala, the Latin American hyperscale data center platform of DigitalBridge. Mr. Peigo is based in São Paulo, Brazil, and provides critical insight into the Latin American data center and IT markets. He is a seasoned leader with over 20 years of experience working with technology and infrastructure-focused firms in Brazil. \r\n \r\nMr. Peigo has significant executive management experience in Latin America, including, most recently, Vice President of Value Creation at IBM Latin America, where he was responsible for Industry Solutions and Business Development, Architecture and Innovation teams across the region; Chief Executive Officer of Solvo S/A, an IT infrastructure services company focused on complex solutions; Chief Operating Officer of UOLDIVEO, including the management of their data center and managed services business based in Sao Paulo, Brazil; and a Partner and Board Member of Automatos International Ltd, a company providing automation and management for IT assets.  Previously, Mr. Peigo was also the Founder of Lemniscata Ventures, a Brazilian privately held advisory and investment firm focused on companies that have intensive use of technology as its core. \r\n \r\nMr. Peigo studied Electrical Engineering and Economics at Pontifícia Universidade Católica de São Paulo and is Certified in ISO20000, ITIL (v1-2-3) and Cobit. In 2017, he was awarded as Executive of the Year - IT Services, by KornFerry/ITMidia.',NULL,'https://www.linkedin.com/in/marcospeigo/','rSolOgjS7DNyVjWwmPhOX5RRuM6skygJsOOjsq6m.jpg',1,'2023-05-10 11:51:10','2023-05-22 14:22:59',99),(158,3,'Derek Neil','BDO LLP','Partner','Derek is a partner in the Transaction Services team, specialising in acquisition due diligence for corporate and financial buyers, vendor assistance and vendor due diligence. Derek has been advising on transactions since 1998, joining BDO in 2004, having been with PwC in the UK and Australia.\r\n\r\nIn 2011 Derek was seconded to Lyceum Capital, where he was responsible for originating, evaluating, structuring and executing investment opportunities, as well as portfolio development. He has particular experience in technology and consumer businesses.',NULL,'https://www.linkedin.com/in/derekneil/','AeNoDsigSPDp66RQ7k4VvmXrEONcrb1VqIhc2O6G.png',1,'2023-05-11 17:37:47','2023-05-22 14:22:47',133),(159,3,'Michael Suppan, CFA','Deutsche Bank','Managing Director','Michael Suppan is a Managing Director in Deutsche Bank’s Infrastructure & Energy financing team, based in London.\r\n\r\nHe has more than 16 years of extensive experience in financing transactions in the broader infrastructure sectors (digital, energy transition, core and core+ infrastructure). \r\n\r\nWithin the team, Michael is responsible for digital infrastructure financings (data centres, fibre and mobile towers) and has a particular focus on special situations lending. \r\n\r\nPrior to Deutsche Bank, he started his career in the asset finance team at Citigroup (London). Michael holds a Masters degree from WU Vienna and is a CFA charterholder.',NULL,'https://www.linkedin.com/in/michael-suppan-cfa-3255684/','85NkdWKpVAECN4a73TmGbc0jIef1pwdSmlm0xHYP.jpg',1,'2023-05-12 09:43:33','2023-05-22 14:22:47',129),(160,3,'Anne Foster','Quinbrook Infrastructure Partners','Senior Director & Global Head of ESG','Ms. Anne Foster is a Director with over 15 years’ experience across investment, financial advisory, asset management and investment banking focused on infrastructure and global energy\r\n\r\nMs. Foster is responsible for leading Quinbrook Infrastructure Partners’s ESG and Sustainability activities.\r\n\r\nPrior to joining Quinbrook, she served as Vice President for the CEI division at Capital Dynamics Group between 2010 and 2014, supporting investment analysis, fundraising and investment transaction project management\r\n\r\nPreviously, Ms. Foster worked in Asset Management for Deutsche Bank Asset Management Infrastructure, Grant Samuel M&A and Investment Banking at Credit Suisse\r\n\r\nMs. Foster has completed postgraduate studies at MIT in Digital Transformation (Blockchain, IoT, Cryptocurrencies, AI and Cybersecurity), holds a Master of Applied Finance from the Securities Institute of Australia, a Bachelor of Science (specialising in Environmental Science) from the University of New South Wales, Australia with First Class Honours and has also studied under scholarship at the University of California, Santa Barbara in the Bren School of Environmental Science and Management.',NULL,'https://www.linkedin.com/in/annefoster08/','L8C481PnkGt7D7jzBIN3lw6jwM9L9E3fQCRq6Sl2.jpg',1,'2023-05-12 10:13:50','2023-05-22 14:22:47',127),(161,3,'Will Innes','NTT Ltd.','SVP - Head of Strategy & Corporate Development, Global Data Centers','Will has over 18 years of experience investing in real estate and digital infrastructure asset classes and currently oversees NTT GDC’s global investment strategy and transactions functions. Prior to joining NTT in 2018 he has held a number of roles with institutional investment groups and advisers, including AXA Investment Managers, Waypoint Capital and JLL.',NULL,'https://www.linkedin.com/in/will-innes-66450912/','T1hNHlrukZq81GOpFWsquu0d1ziZwpGpcfdhikj8.jpg',1,'2023-05-16 15:07:12','2023-05-22 14:22:47',135),(162,3,'Philippe Vogeleer','Vodafone Group','Global Head of Corporate Business Development','Philippe Vogeleer is Vodafone Group’s Global Head of Business Development. He is based in London. His role consists in building alliances, partnerships, and serving as special envoy of the company in the 100+ countries where it delivers services. \r\n\r\nPhilippe and his 303 strong team recently won a license to start operating telecom services in Ethiopia, after a two years long competitive race. This win puts an end to a 126 years monopoly and gives Vodafone access to a high growth market of 112m people. This is the biggest win of Vodafone in emerging markets in the last 23 years. \r\n\r\nIt will allow Vodafone, Vodacom, Safaricom, Sumitomo, the UK CDC, the US DFC, and 75 local partners to boost data coverage from 6% today to 98% in two years via a combo of terrestrial mobile and low orbit satellite networks, to create 1 to 1.5m jobs, and ultimately to lift dozens of millions of people economically. \r\n\r\nPrior to joining Vodafone, Philippe held senior positions for Ooredoo (Qatar), for Orange (France), and for Deloitte. He has lived in 10 countries so far and worked in 74. \r\n\r\nHe holds a Master\'s degree in Law; a Master\'s degree in Media & Comms; and an (Executive) MBA.',NULL,'https://www.linkedin.com/in/philippevogeleer/?originalSubdomain=uk','KW5WFHQSVYBYBYKcYhB02X7eRIk7gQZ8Xoh5TFjM.jpg',1,'2023-05-18 15:35:05','2023-05-22 14:22:59',104),(163,3,'Chester Reid','Yondr Group','CFO','Details to follow shortly....',NULL,'https://www.linkedin.com/in/chester-reid-b1635456/','WqPjKMjcPyF3YYJ1dfn0GRUtKsYbyc5ogSjmfAzf.jpg',1,'2023-05-22 14:22:16','2023-05-22 14:23:00',106);

--
-- Table structure for table `sponsors`
--

CREATE TABLE `sponsors` (
  `id` bigint unsigned NOT NULL AUTO_INCREMENT,
  `page_id` bigint unsigned NOT NULL,
  `name` varchar(100) CHARACTER SET utf8mb4 COLLATE utf8mb4_unicode_ci NOT NULL,
  `bio` text CHARACTER SET utf8mb4 COLLATE utf8mb4_unicode_ci NOT NULL,
  `url` varchar(200) CHARACTER SET utf8mb4 COLLATE utf8mb4_unicode_ci NOT NULL,
  `filename` varchar(200) CHARACTER SET utf8mb4 COLLATE utf8mb4_unicode_ci DEFAULT NULL,
  `status` tinyint unsigned NOT NULL,
  `created_at` timestamp NULL DEFAULT NULL,
  `updated_at` timestamp NULL DEFAULT NULL,
  `relationship` varchar(100) CHARACTER SET utf8mb4 COLLATE utf8mb4_unicode_ci NOT NULL,
  `sort_order` int NOT NULL,
  PRIMARY KEY (`id`),
  KEY `sponsors_page_id_foreign` (`page_id`),
  KEY `sponsors_status_index` (`status`),
  CONSTRAINT `sponsors_page_id_foreign` FOREIGN KEY (`page_id`) REFERENCES `pages` (`id`)
) ENGINE=InnoDB AUTO_INCREMENT=114 DEFAULT CHARSET=utf8mb4 COLLATE=utf8mb4_unicode_ci;

--
-- Dumping data for table `sponsors`
--

INSERT INTO `sponsors` VALUES (1,1,'Structure Research','Structure Research is an independent research and consulting firm with a specific focus on the cloud and data centre segments within the Internet infrastructure market. We are devoted to understanding, tracking and projecting the future of infrastructure service providers.\r\n\r\nOur mission is to publish the best research and analysis, and supply the most comprehensive data sets, about the Internet infrastructure services market. We provide the information and perspective necessary to make accurate strategic decisions.','https://structureresearch.net/','APx7yAICPXRo2icCKJ1KJbpoONhMphcyliEh2ABP.jpg',1,NULL,'2022-06-07 23:34:45','Strategic Partner',14),(2,1,'Great Business Minds Podcast','From idea to scale, we live in a new entrepreneurial age where leadership thinking needs to cut through the noise to deliver on a vision and blueprint to success. The Great Business Minds podcast goes inside the business with the leaders, inventors, investors, executives, trendspotters and visionaries of today to explore what it really takes to build a brand beyond conventional wisdom and disrupt the marketplace with the next big leap in entrepreneurship innovation. Seize the moment with host João Marques Lima, journalist and former editor-in-chief of FTSE 250 tech publications.','https://www.greatbusinessminds.com/','8cLJonhYPiSaLrh0x40gHSNzwfG2D5rkmDP2AayG.jpg',1,NULL,'2022-06-07 23:34:45','Media Partner',20),(3,1,'CBRE','Our lifecycle data center service offering consolidates your data center real estate, facilities and technology systems into a single operational and financial model. \r\n\r\nWhether you are looking to develop, build, buy, sell or manage and modernize a single data center or an entire portfolio, we’re experts in solving complex challenges for one of the industry’s most dynamic asset types. By pairing market expertise with local intelligence, we deliver comprehensive solutions that keep you ahead of relevant trends and technologies.','https://www.cbre.com/en/services/property-types/data-center','RNHUHpgyb82J5PjHSjTRm1N5aAITiwE68S4txQAN.jpg',1,NULL,'2022-03-28 09:01:14','Host Sponsor',1),(4,2,'CBRE','Our lifecycle data center service offering consolidates your data center real estate, facilities and technology systems into a single operational and financial model. \r\n\r\nWhether you are looking to develop, build, buy, sell or manage and modernize a single data center or an entire portfolio, we’re experts in solving complex challenges for one of the industry’s most dynamic asset types. By pairing market expertise with local intelligence, we deliver comprehensive solutions that keep you ahead of relevant trends and technologies.','https://www.cbre.com/en/services/property-types/data-center','6dqTVTKYniSDgyyA3HQJUj9FS2BuJlm5yLTGvORB.jpg',1,'2022-03-25 18:58:04','2022-03-28 09:06:04','Host Sponsor',4),(5,2,'Great Business Minds Podcast','From idea to scale, we live in a new entrepreneurial age where leadership thinking needs to cut through the noise to deliver on a vision and blueprint to success. The Great Business Minds podcast goes inside the business with the leaders, inventors, investors, executives, trendspotters and visionaries of today to explore what it really takes to build a brand beyond conventional wisdom and disrupt the marketplace with the next big leap in entrepreneurship innovation. Seize the moment with host João Marques Lima, journalist and former editor-in-chief of FTSE 250 tech publications.','https://www.greatbusinessminds.com/','lOtjeoTERXsvxjXOuYsEhqLtiuKM63WtTGXPz8R1.jpg',1,'2022-03-28 09:06:32','2022-05-24 13:32:23','Media Partner',18),(6,1,'Digital Infrastructure Advisers Ltd','Digital Infrastructure Advisors Ltd (DIAL) is an International Advisory firm providing Commercial and Technical services to Investors, Funds, Developers, Corporates, Owners and Operators in the data centre market and the wider digital infrastructure arena.\r\nDIAL is part of Keysource Group Limited, the global specialist with more than 40 years’ experience in the design, build, maintenance and operation of data centres and critical environments.\r\n\r\nThe founders have unrivalled sector experience developing assets and operating companies in the industry, bringing together multi-disciplined global talent through an extensive network, expert community and partners.\r\nWe adopt a ‘strategy first’ approach, to allow us to better understand our customers business drivers, together with a ‘hands on’ approach, we aim to align resources to deliver against business objectives creating the right balance between meeting timelines, addressing unpredictable workloads, and building project teams. \r\nOur Advisory Board, of recognised leaders, have worked in concert in this sector for many years delivering continuity of approach, governance, and oversight through deep understanding of the full Data Centre life cycle and market.\r\nWe undertake long and short-term projects and assignments providing strategic advice, Due Diligence, audit, transaction & development management, technical services and acting as the Owners Representative.','https://www.digitalinfrastructureadvisors.com/','D8SmwSBvpLW58u0AG2s8FEvPYhVYUBfvBf6SM6dW.jpg',1,'2022-03-28 09:16:12','2022-06-07 23:34:45','Show Sponsor',10),(7,1,'PTC','PTC’s Annual Conference is a strategic springboard for the global communications industry, providing all attendees with a four-day platform to focus on planning, networking, and discovering what lies ahead for the ICT industry. Start the new year off right and join us in Honolulu, Hawaii on January 15-18, 2023, for the Pacific Rim’s premier telecommunications event, PTC’23.','https://www.ptc.org/ptc23/','aTINtadrmKLepVmqqoIZyVzMQET12X2bTPWjygz4.jpg',1,'2022-04-21 11:26:46','2022-06-07 23:34:45','STRATEGIC PARTNER',15),(8,2,'PTC','PTC’s Annual Conference is a strategic springboard for the global communications industry, providing all attendees with a four-day platform to focus on planning, networking, and discovering what lies ahead for the ICT industry. Start the new year off right and join us in Honolulu, Hawaii on January 15-18, 2023, for the Pacific Rim’s premier telecommunications event, PTC’23.','https://www.ptc.org/ptc23/','u18EeQR42s81sSocksLcLX8GhhZ6g3i04M6ipXBY.jpg',1,'2022-04-21 11:32:48','2022-05-24 13:32:23','STRATEGIC PARTNER',16),(9,1,'VIPA Digital','With an extensive sector knowledge, VIPA Digital is uniquely positioned to support Investors, Developers, Operators and Consumers of Data Centre Infrastructure as they navigate complex business decisions. The team has first-hand experience in ‘cradle-to-grave’, lifecycle assessment, for Retail, Wholesale and Hyperscale platforms in both established and emerging markets. \r\nOur ‘Connected Thinking’ approach ensures end-to-end evaluation that optimises investment criteria with site selection, construction management, market intelligence, sales engineering and customer service levels. With a track record of delivery across a wide range of local, regional and international organisations with the common objective of operating profitably and providing the best end-user experience.','https://www.vipadigital.com/','yZspimPu2kcUq1KYKyIXDiMIrPYxJ7OTYGJy0xuM.png',1,'2022-05-06 16:56:41','2022-06-07 23:34:45','Show Sponsor',9),(10,1,'Jaymie Scotto & Associates (JSA)','Jaymie Scotto & Associates (JSA) is the preeminent provider of Public Relations, Marketing and Event Planning services to the telecom, data center and tech industries. Awarded ‘Most Outstanding Telecoms PR Agency’ by LiveWire for two years.  Our success is attributed to our skilled JSA team, innovative tools, established media and industry relationships. We deliver outreach and brand awareness services, the latest lead generation inbound marketing tactics done in a timely integrated marketing plan, offering optimal and measurable ROI.','https://www.jsa.net/','HaLrNahexjQ9fKyRS6cTImqdsNERjjRYoSbqovpK.jpg',1,'2022-05-06 17:01:16','2022-06-07 23:34:45','Media Partner',19),(11,2,'VIPA Digital','With an extensive sector knowledge, VIPA Digital is uniquely positioned to support Investors, Developers, Operators and Consumers of Data Centre Infrastructure as they navigate complex business decisions. The team has first-hand experience in ‘cradle-to-grave’, lifecycle assessment, for Retail, Wholesale and Hyperscale platforms in both established and emerging markets.​Our \'Connected Thinking\' approach ensures end-to-end evaluation that optimises investment criteria with site selection, construction management, market intelligence, sales engineering, and customer service levels. With a track record of delivery across a wide range of local, regional and international organisations, with the common objective of operating profitably and providing the best end-user experience.','https://www.vipadigital.com/','coJbYttcfSSTPjuFpVBVCmfep7mqehOGEDtFKJqs.png',1,'2022-05-06 17:02:32','2022-05-06 17:03:27','Show Sponsor',5),(12,2,'Jaymie Scotto & Associates (JSA)','Jaymie Scotto & Associates (JSA) is the preeminent provider of Public Relations, Marketing and Event Planning services to the telecom, data center and tech industries. Awarded ‘Most Outstanding Telecoms PR Agency’ by LiveWire for two years.  Our success is attributed to our skilled JSA team, innovative tools, established media and industry relationships. We deliver outreach and brand awareness services, the latest lead generation inbound marketing tactics done in a timely integrated marketing plan, offering optimal and measurable ROI.','https://www.jsa.net/','jbLKZn6BvYcrFsYg7pP0wwnRi9wdj9W5eQ30LCdJ.jpg',1,'2022-05-06 17:03:19','2022-05-24 13:39:17','Media Partner',17),(13,1,'BCLP','Bryan Cave Leighton Paisner brings enduring value to client relationships. By combining the practice experience, industry knowledge and market connections of more than 1,200 lawyers in North America, Europe, the Middle East and Asia, with our recognized leadership in applying legal service and technology innovation, we deliver commercial advantage to clients.','https://www.bclplaw.com/en-US/','gYnVorii9KdoPE3H9b5QB893ThfCB2iW1xBsfAjl.jpg',1,'2022-05-24 13:20:36','2022-05-24 13:20:54','Industry Sponsor',2),(14,1,'PMP Strategy','PMP Strategy is an international management consultancy with deep functional expertise and a long history of advising companies, investors and financial institutions in the telecom, media and technology (TMT) space.  From its offices in London, Paris, Montreal, Brussels and Casablanca the firm advises businesses and investors as they consider the dynamic issues impacting the TMT, energy, transportation, financial services and retail sectors.','https://pmpstrategy.com/en/','uEuGIcAPWkuobjCP3Mly791x9WivviVTQ825zy49.jpg',1,'2022-05-24 13:22:32','2022-06-07 23:34:45','Show Sponsor',13),(15,1,'Portman Partners','Portman Partners is a unique International Executive Search firm dedicated to finding leaders in this world of Digital Infrastructure. We work with clients around the world in the Internet and Cloud Infrastructure sector from investors to hyperscale operators, regional colos, designers, construction firms and plant & equipment manufacturers, helping to find the talent and experience required to fill a wide range of “C”-level and leadership positions.','https://www.portmanpartners.com/','aCeyq1KOdtJrIHF2A9j0GmfuTqSrXZRTCMIVYIQI.jpg',1,'2022-05-24 13:24:51','2022-06-07 23:34:52','Executive Sponsor',7),(16,2,'Portman Partners','Portman Partners is a unique International Executive Search firm dedicated to finding leaders in this world of Digital Infrastructure. We work with clients around the world in the Internet and Cloud Infrastructure sector from investors to hyperscale operators, regional colos, designers, construction firms and plant & equipment manufacturers, helping to find the talent and experience required to fill a wide range of “C”-level and leadership positions.','https://www.portmanpartners.com/','bTZrKDlo88knsOl4PsteVUviO52xQ9DzpVcTE37k.jpg',1,'2022-05-24 13:28:05','2022-05-24 13:30:04','Category Sponsor',8),(17,2,'Digital Infrastructure Advisers Ltd','Digital Infrastructure Advisors Ltd (DIAL) is an International Advisory firm providing Commercial and Technical services to Investors, Funds, Developers, Corporates, Owners and Operators in the data centre market and the wider digital infrastructure arena. DIAL is part of Keysource Group Limited, the global specialist with more than 40 years’ experience in the design, build, maintenance and operation of data centres and critical environments. The founders have unrivalled sector experience developing assets and operating companies in the industry, bringing together multi-disciplined global talent through an extensive network, expert community and partners. We adopt a ‘strategy first’ approach, to allow us to better understand our customers business drivers, together with a ‘hands on’ approach, we aim to align resources to deliver against business objectives creating the right balance between meeting timelines, addressing unpredictable workloads, and building project teams. Our Advisory Board, of recognised leaders, have worked in concert in this sector for many years delivering continuity of approach, governance, and oversight through deep understanding of the full Data Centre life cycle and market. We undertake long and short-term projects and assignments providing strategic advice, Due Diligence, audit, transaction & development management, technical services and acting as the Owners Representative.','https://www.digitalinfrastructureadvisors.com/','z6BTRCxHswVM9nUEwcTSCAGq0kDA4Kk6mUbG6h8H.jpg',1,'2022-05-24 13:29:53','2022-05-24 13:30:07','Category Sponsor',11),(18,2,'Structure Research','Structure Research is an independent research and consulting firm with a specific focus on the cloud and data centre segments within the Internet infrastructure market. We are devoted to understanding, tracking and projecting the future of infrastructure service providers. Our mission is to publish the best research and analysis, and supply the most comprehensive data sets, about the Internet infrastructure services market. We provide the information and perspective necessary to make accurate strategic decisions.','https://structureresearch.net/','tEVE47GOjvvBfUuMOQQR6Uw0RduWVqC0isJFCNRY.jpg',1,'2022-05-24 13:32:12','2022-05-24 13:32:23','STRATEGIC PARTNER',12),(19,1,'Pull the Chute','Pull the Chute, LLC is the leading provider of Business Coaching, Executive Coaching and Leadership Coaching. Focusing on the premise if you grow your people, you will grow your company. People are your company’s greatest asset and it is important that you develop a culture that enables them to contribute, be heard and feel appreciated; it all begins when you Pull the Chute. This allows you to see where you are and where you want to go. With over 30+ years of coaching experience, Pull the Chute has been helping small to medium size businesses take their company to the next level.','https://www.pullthechute.net/','S7ITDQmhi5ijVcbDM6TsQBUDNYqpOIlSNkI5ADx7.jpg',1,'2022-05-31 19:13:36','2022-06-07 23:34:45','Business Partner',21),(20,1,'Mondego Media Group','Providing specialised news solutions and other media and events services, Mondego Media Group (MMG) focuses on the tailored offering of intelligence and experiences for digital leaders, investors, and stakeholders. Our brands include The Tech Capital, the centre of breaking news for digital infrastructure.','https://thetechcapital.com/about-us/','bekTWKBkyhmcxIQLBJ2pssfirZRUl7Q8UE4mNypr.jpg',1,'2022-05-31 19:30:10','2022-06-07 23:34:45','Business Partner',22),(21,1,'Schneider Electric','Schneider’s purpose is to empower all to make the most of our energy and resources, bridging progress and sustainability for all. At Schneider, we call this Life Is On.\r\n\r\nWe believe access to energy and digital is a basic human right. Our generation is facing a tectonic shift in energy transition and industrial revolution catalyzed by accelerated digitization in a more electric world. Electricity is the most efficient and best vector for decarbonization; combined with circular economy approach, we will achieve climate-positive impact as part of the United Nations Sustainable Development Goals.','https://www.se.com/uk/en/','mwI6TpTCLU9LkHQsODkRHy6H6IB9vWJDZfgcxyQu.jpg',1,'2022-06-07 23:32:21','2022-06-07 23:34:52','Industry Sponsor',6),(22,1,'DigitalBridge','DigitalBridge (NYSE: DBRG) is a leading global digital infrastructure firm. With a heritage of over 25 years investing in and operating businesses across the digital ecosystem including cell towers, data centers, fiber, small cells, and edge infrastructure, the DigitalBridge team manages a $47 billion portfolio of digital infrastructure assets on behalf of its limited partners and shareholders. Headquartered in Boca Raton, DigitalBridge has key offices in New York, Los Angeles, London, and Singapore. For more information, visit: www.digitalbridge.com','https://www.digitalbridge.com/','Xe4mHCxdkwFJR7YwR5Qkf5ar0InSvX2CrBku3bm8.jpg',1,'2022-06-07 23:34:28','2022-06-07 23:34:52','Industry Sponsor',3),(27,5,'BCLP','Bryan Cave Leighton Paisner brings enduring value to client relationships. By combining the practice experience, industry knowledge and market connections of more than 1,200 lawyers in North America, Europe, the Middle East and Asia, with our recognized leadership in applying legal service and technology innovation, we deliver commercial advantage to clients.','https://www.bclplaw.com/en-US/','ZfU2I5FirVYgJvvAx6BCilMYJmPIk0gI9yBT80Z0.jpg',1,'2022-12-30 17:08:47','2022-12-30 17:08:47','Hosting Partner',27),(28,5,'Great Business Minds','From idea to scale, we live in a new entrepreneurial age where leadership thinking needs to cut through the noise to deliver on a vision and blueprint to success. The Great Business Minds podcast goes inside the business with the leaders, inventors, investors, executives, trendspotters and visionaries of today to explore what it really takes to build a brand beyond conventional wisdom and disrupt the marketplace with the next big leap in entrepreneurship innovation. Seize the moment with host João Marques Lima, journalist and former editor-in-chief of FTSE 250 tech publications.','https://www.greatbusinessminds.com/','VPOVUEvp3dFtD5Z15j0J3leq7UjeAXq738DtvhHM.jpg',1,'2022-12-30 17:11:22','2023-01-09 01:44:30','Media Partner',28),(29,5,'Mondego Media Group','Providing specialised news solutions and other media and events services, Mondego Media Group (MMG) focuses on the tailored offering of intelligence and experiences for digital leaders, investors, and stakeholders. Our brands include The Tech Capital, the centre of breaking news for digital infrastructure.','https://thetechcapital.com/about-us/','ud6ELR7IRzwzzKz5g8VDiGGVy5JrvK8fLT1mR7a9.jpg',1,'2022-12-30 17:16:42','2023-01-09 01:46:02','Business Partner',29),(45,10,'EdgeConneX','Backed by EQT Infrastructure, part of the global investment organization EQT, EdgeConneX provides a full range of sustainable data center solutions worldwide. We work closely with our customers to offer choices in location, scale, and type of facility, from Hyperlocal to Hyperscale. \r\n\r\nEdgeConneX is a global leader in anytime, anywhere, and any scale data center services for a diverse portfolio of industries, including Content, Cloud, Networks, Gaming, Automotive, SaaS, IoT, HPC, Security, and more. With a mission predicated on taking care of our customers, our people, and our planet, EdgeConneX strives to Empower Your Edge.  \r\n\r\nFor more information, please visit edgeconnex.com.','https://www.edgeconnex.com/','Uy83ZpivtuYKUXuYCQclPPmu26OwMvJhprJ8wx8e.jpg',1,'2023-10-02 10:36:19','2023-10-02 10:36:19','Carbon Offset Sponsor',45),(46,10,'Gaw Capital','Gaw Capital Partners is a uniquely positioned private equity fund management company focusing on real estate markets in Asia Pacific and other high barrier-to-entry markets globally.\r\n\r\nSpecializing in adding strategic value to under-utilized real estate through redesign and repositioning, Gaw Capital runs an integrated business model with its own in-house asset management operating platforms in commercial, hospitality, property development, logistics, IDC and education. The firm’s investments span the entire spectrum of real estate sectors, including residential development, offices, retail malls, serviced apartments, hotels, logistics warehouses and IDC projects.\r\n\r\nGaw Capital has raised seven commingled funds targeting the APAC region since 2005. The firm also manages value-add/opportunistic funds in the US, a Pan-Asia Hospitality Fund, a European Hospitality Fund, a Growth Equity Fund and it also provides services for credit investments and separate account direct investments globally.\r\n\r\nGaw Capital has raised equity of US$23 billion since 2005 and commands assets of US$36 billion under management as of Q1 2023.','https://www.gawcapital.com','jtNcHKsC158pmZXeF8QtlJE3WAIEXPLPMD0qKmSs.jpg',1,'2023-10-02 10:38:05','2023-10-02 10:38:05','Gold Sponsor',46),(47,10,'DigitalBridge','DigitalBridge (NYSE: DBRG) is a leading global digital infrastructure firm. With a heritage of over 25 years investing in and operating businesses across the digital ecosystem including cell towers, data centers, fiber, small cells, and edge infrastructure, the DigitalBridge team manages a $69 billion portfolio of digital infrastructure assets on behalf of its limited partners and shareholders. Headquartered in Boca Raton, DigitalBridge has key offices in New York, Los Angeles, London, Luxembourg and Singapore.','https://www.digitalbridge.com/','Z9JgV0ks5rFE8A5qDjWHYXnJlHNT8s1Oj6ToOQff.jpg',1,'2023-10-02 10:38:58','2023-10-02 10:38:58','Bronze Sponsor',47),(48,10,'VIPA Digital','With an extensive sector knowledge, VIPA Digital is uniquely positioned to support Investors, Developers, Operators and Consumers of Data Centre Infrastructure as they navigate complex business decisions. The team has first-hand experience in ‘cradle-to-grave’, lifecycle assessment, for Retail, Wholesale and Hyperscale platforms in both established and emerging markets.\r\n\r\nOur ‘Connected Thinking’ approach ensures end-to-end evaluation that optimises investment criteria with site selection, construction management, market intelligence, sales engineering and customer service levels. With a track record of delivery across a wide range of local, regional and international organisations with the common objective of operating profitably and providing the best end-user experience.','https://www.vipadigital.com/','18602pJZwySUzDFf5ddXIkqPokW1ZtKLFa6eEQyN.png',1,'2023-10-02 10:39:40','2023-10-02 10:39:40','BRONZE SPONSOR',48),(49,10,'Structure Research','Structure Research is an independent research and consulting firm with a specific focus on the cloud and data centre segments within the Internet infrastructure market. We are devoted to understanding, tracking and projecting the future of infrastructure service providers. Our mission is to publish the best research and analysis, and supply the most comprehensive data sets, about the Internet infrastructure services market. We provide the information and perspective necessary to make accurate strategic decisions.','https://structureresearch.net/','6Ftu3gJW7vaz7XRBjWOOXuu4GKwH8HXKVvG73lDw.jpg',1,'2023-10-02 10:40:30','2023-10-02 10:40:30','Strategic Partner',49),(50,10,'Indonesian Cloud Computing Association','The Indonesian Cloud Computing Association, or ACCI is a non-profit organization built to harmonize the development of Cloud Computing technology and improve the quality of human resources to meet industrial needs and increase entrepreneurship in the field of information technology.','https://www.acci.or.id/','KK4V8didhXlUq0MuOWrKMeDcXnruaeWV3y7UFsQ5.png',1,'2023-10-02 10:41:18','2023-10-02 10:41:18','Association Partner',50),(51,10,'Actel Consulting','We are a highly specialized Technology Consulting firm providing deep-dive, hands-on and implementable advisory globally. Our team is made up of 30+ highly qualified Tech industry experts. Each enjoys subject matter expertise, extensive market knowledge, and has garnered \"partner-level\"​ know-how. We take pride that 100% of our consultants hail from industry.\r\n\r\nActel Consulting has achieved significant credentials in terms of new business generation, revenue growth, and strategic alliances formed to 300+ clients across a range of sectors from Private Equity and Growth/VC Fund Technology Investors to Service Providers & Telecoms, Corporates, Innovators, Regulators, Fintech, Big Data & Data Sciences, and Cybersecurity. We offer Comprehensive Tech M&A advisory services, including Technical/Commercial/Financial due diligence, deal valuation, feasibility studies & market analysis, Operating & Financial modelling, risk analysis & mitigation, and value creation, synergy & carve-out realisation.  We bring decades of deep-dive and hands-on tech industry practice to assist investors with broad-based M&A advisory.\r\n\r\nIn addition, we have a proven record of working on Digital Infrastructure projects for telecoms/mobile, Data Center, cloud, fiber, IoT, and hyperconverged infrastructure, with focus on Environmentally Sustainable Design (ESD) and renewables','https://www.actelconsulting.com/','THlKM7tzUXk6UNJMwvE0lamid5MhcQFKWHajVxIC.png',1,'2023-10-02 10:42:06','2023-10-02 10:42:06','Consulting Partner',51),(52,10,'Nomad Futurist Foundation','The Nomad Futurist Foundation is a 501(c)(3) non-profit organization established to demystify the world of digital infrastructure and the related technologies that impact every aspect of our daily lives. Our primary focus is to empower and inspire younger generations through exposure to the underlying technologies that power our digital world. Through the contributions of our supporters, we are launching global programs in partnership with a range of education providers, NGOs and other nonprofit organizations committed to educating children in underprivileged communities.','https://www.nomadfuturist.com/','rtBACZ2Z0DqE42RBfmObRGqEjeXdy2s7Q5fTh0su.jpg',1,'2023-10-02 10:42:47','2023-10-02 10:42:47','STRATEGIC PARTNER',52),(53,10,'Nusantara Academy','Nusantara Academy is created to support the creation of digital ecosystems which will become the major drivers of economic growth, rapidly affecting trade, productivity, and ways of doing business in Indonesia and in the Asia region.\r\n\r\nDifferent sub-academies in our organization are created to address the problems and challenges of digital transformation/ implementation in Indonesia, in the agenda of strengthening Indonesian digital economy and increase Indonesia\'s competitiveness in the Asia region, and ultimately, the world.','https://nusantara-academy.com/','6mEwRlkTDQUeoNFpr0JKObiNXGzvYnVAnqE0zscI.png',1,'2023-10-02 10:43:30','2023-10-02 10:43:30','Education Partner',53),(54,10,'EdgeIR.com','Edge Industry Review (EdgeIR.com) is a news, analysis and industry resource website documenting the changes taking place on the edge of the internet infrastructure market – the present and the future of Edge Computing.\r\n\r\nToday, there are a variety of definitions of Edge Computing. We will cover the debates that are occurring and explain their implications for the network operator, data center operator, cloud provider and the people and investors that are building new services. As part of the discussion, we will also present the viewpoints of the thought leaders of the Edge Internet Economy.\r\n\r\nThe next Internet evolution is upon us and EdgeIR.com will be at the forefront with insightful news and commentary.','https://www.edgeir.com/','GhgntOJoFq20LS6GzgLZRuUTdpMTcnyzffmoOG6d.jpg',1,'2023-10-02 10:55:01','2023-10-02 10:55:01','Media Partner',54),(55,10,'Data Center POST','Data Center POST embraces the stories, solutions, technologies and opportunities available throughout the data center ecosystem. Our number-one driver is ensuring our readers understand the trends, challenges and opportunities facing data center providers, customers and suppliers buying and selling these services. Data Center POST adds new information and content daily to ensure our readers stay informed of the ever-changing data and technology shaping the communications infrastructure space.','https://datacenterpost.com/','K47rc2ju4bQEGjmvZNbcO74AoaBm2B3MVZV0almU.png',1,'2023-10-02 10:55:47','2023-10-02 10:55:47','Media Partner',55),(56,10,'Data Centre News Asia','News, Views and insights about the Data Center and Digital Infrastructure industry across Asia.\r\n\r\nYour place to learn about the fastest growing category of Infrastructure and Real Estate investment in the world.','https://www.linkedin.com/company/dcnewsapac/','eQELhlhoDWOEAl7vYucdaB8lZP7LbFCAzGsQPOGA.png',1,'2023-10-02 10:56:39','2023-10-02 10:56:39','Media Partner',56),(57,10,'Great Business Minds Podcast','From idea to scale, we live in a new entrepreneurial age where leadership thinking needs to cut through the noise to deliver on a vision and blueprint to success. The Great Business Minds podcast goes inside the business with the leaders, inventors, investors, executives, trendspotters and visionaries of today to explore what it really takes to build a brand beyond conventional wisdom and disrupt the marketplace with the next big leap in entrepreneurship innovation. Seize the moment with host João Marques Lima, journalist and former editor-in-chief of FTSE 250 tech publications.','https://www.greatbusinessminds.com/','o39JD1ofTACr7DXsCcguERqVYim521GjEGVovRpt.jpg',1,'2023-10-02 10:57:23','2023-10-02 10:57:23','Media Partner',57),(58,10,'JSA','Jaymie Scotto & Associates (JSA) is the preeminent provider of Public Relations, Marketing and Event Planning services to the telecom, data center and tech industries. Awarded ‘Most Outstanding Telecoms PR Agency’ by LiveWire for two years. Our success is attributed to our skilled JSA team, innovative tools, established media and industry relationships. We deliver outreach and brand awareness services, the latest lead generation inbound marketing tactics done in a timely integrated marketing plan, offering optimal and measurable ROI.','https://www.jsa.net/','o4krYY0Hkfa0y4WH8p4xllXyDfGQiS40V4n61TZV.jpg',1,'2023-10-02 10:58:05','2023-10-02 10:58:05','Media Partner',58),(59,10,'iMiller Public Relations','With over two decades of proven success in media and analyst relations, iMPR takes pride in understanding how media works today enabling clients to achieve their short term and long-term communications goals – taking them to the next level.\r\n\r\nUnderstanding the industries that serve our clients is at the foundation of iMPR.  Enhancing relationships and fostering community development, the firm represents industry-leading companies and associations including NANOG, OPEN-IX Association and NEDAS.  Additionally, to meet the strategic need of its clients, iMPR maintains strategic memberships and affiliations with leading organizations such as the PRSA, Pacific Telecommunications Council, New Jersey Tech Council, Greater New York Chamber of Commerce, Internet Infrastructure Coalition, and more.','https://www.imillerpr.com/','vrfBtQ4ucuVfOX0S9eCPPIwVNmtBTQeVLeuREaZv.png',1,'2023-10-02 10:58:46','2023-10-02 10:58:46','Media Partner',59),(60,10,'International Finance Forum','The International Finance Forum, a The Tech Capital conference portfolio brand, keeps you connected and informed in an uncertain and constantly changing world. As digital infrastructure builds the foundations of all nations\' economies, we use our expertise in the field and the latest intelligence to take our events to global audiences.\r\n\r\nBy connecting the globe\'s foremost executives, investors, regulators, and the real movers and shakers in digital infrastructure, our compelling, in-depth, and multi-session agenda programs, offer a unique platform to ideate, innovate and build new connections amongst peers.','https://events.thetechcapital.com/','1sgPbdkv5gC1EThovY8sCHdtkf02LnWBVxvpXb32.png',1,'2023-10-02 10:59:28','2023-10-02 10:59:28','Production Partner',60),(61,10,'Mondego Media Group','Mondego Media Group (MMG) is a leading provider of specialized news solutions, events, data and other media services. We cater to digital infrastructure leaders, investors, regulators, and stakeholders by offering tailored intelligence and experiences. Our team of experts is dedicated to providing our clients with the latest industry insights and breaking news, helping them stay ahead of the curve. At MMG, we inform, connect and amplify. We pride ourselves on our diverse portfolio of brands, including The Tech Capital and the International Finance Forum (IFF).','https://mondegomediagroup.com/','DfN0GwJRkap5ifpQIjdK44CzZg95dWbZlAPrSVUD.jpg',1,'2023-10-02 11:00:10','2023-10-02 11:00:10','Production Partner',61),(62,12,'Great Business Minds Podcast','From idea to scale, we live in a new entrepreneurial age where leadership thinking needs to cut through the noise to deliver on a vision and blueprint to success. The Great Business Minds podcast goes inside the business with the leaders, inventors, investors, executives, trendspotters and visionaries of today to explore what it really takes to build a brand beyond conventional wisdom and disrupt the marketplace with the next big leap in entrepreneurship innovation. Seize the moment with host João Marques Lima, journalist and former editor-in-chief of FTSE 250 tech publications.','https://www.greatbusinessminds.com/','jESoyu3R9uafwsEdkIe8ctu3WL5p7NFdAaozZEhc.jpg',1,'2023-10-02 12:57:21','2023-10-02 12:57:21','Media Partner',62),(63,12,'Mondego Media Group','Mondego Media Group (MMG) is a leading provider of specialized news solutions, events, data and other media services. We cater to digital infrastructure leaders, investors, regulators, and stakeholders by offering tailored intelligence and experiences. Our team of experts is dedicated to providing our clients with the latest industry insights and breaking news, helping them stay ahead of the curve. At MMG, we inform, connect and amplify. We pride ourselves on our diverse portfolio of brands, including The Tech Capital and the International Finance Forum (IFF).','https://mondegomediagroup.com/','LTsHxnpn6zsvfmBbwzyAaTC4LPGXjVcT8JkMNLpQ.jpg',1,'2023-10-02 12:58:04','2023-10-02 12:58:04','Production Partner',63),(64,6,'Great Business Minds','From idea to scale, we live in a new entrepreneurial age where leadership thinking needs to cut through the noise to deliver on a vision and blueprint to success. The Great Business Minds podcast goes inside the business with the leaders, inventors, investors, executives, trendspotters and visionaries of today to explore what it really takes to build a brand beyond conventional wisdom and disrupt the marketplace with the next big leap in entrepreneurship innovation. Seize the moment with host João Marques Lima, journalist and former editor-in-chief of FTSE 250 tech publications.','https://greatbusinessminds.com','P1vyZkKM0kn0kDjtOX6VrnrmzSxa90OECASXEOQw.jpg',1,'2023-10-02 13:41:33','2023-10-02 13:41:33','Media Partner',64),(65,6,'Mondego Media Group','Mondego Media Group (MMG) is a leading provider of specialized news solutions, events, data and other media services. We cater to digital infrastructure leaders, investors, regulators, and stakeholders by offering tailored intelligence and experiences. Our team of experts is dedicated to providing our clients with the latest industry insights and breaking news, helping them stay ahead of the curve. At MMG, we inform, connect and amplify. We pride ourselves on our diverse portfolio of brands, including The Tech Capital and the International Finance Forum (IFF).','https://mondegomediagroup.com/','FVC0Gv6wAGiimrIjHx6pz33gBjTdUraOWcTmXwco.jpg',1,'2023-10-02 13:42:31','2023-10-02 13:42:31','Production Partner',65),(66,3,'Great Business Minds Podcast','From idea to scale, we live in a new entrepreneurial age where leadership thinking needs to cut through the noise to deliver on a vision and blueprint to success. The Great Business Minds podcast goes inside the business with the leaders, inventors, investors, executives, trendspotters and visionaries of today to explore what it really takes to build a brand beyond conventional wisdom and disrupt the marketplace with the next big leap in entrepreneurship innovation. Seize the moment with host João Marques Lima, journalist and former editor-in-chief of FTSE 250 tech publications.','https://www.greatbusinessminds.com/','LY4IjcgSCTF66A0wwZW9ey6tpm5f6uKljOMv164v.jpg',1,'2022-11-02 03:06:40','2023-05-09 18:47:19','Media Partner',54),(67,3,'Mondego Media Group','Mondego Media Group (MMG) is a leading provider of specialized news solutions, events, data and other media services. We cater to digital infrastructure leaders, investors, regulators, and stakeholders by offering tailored intelligence and experiences. Our team of experts is dedicated to providing our clients with the latest industry insights and breaking news, helping them stay ahead of the curve. At MMG, we inform, connect and amplify. We pride ourselves on our diverse portfolio of brands, including The Tech Capital and the International Finance Forum (IFF).','https://mondegomediagroup.com/','Y1K2PdZD3sBLs4h5oQKFCriutaCdaqVRz0xCenl6.jpg',1,'2022-11-02 03:07:48','2023-05-22 10:41:12','Production Partner',60),(68,3,'VIPA Digital','With an extensive sector knowledge, VIPA Digital is uniquely positioned to support Investors, Developers, Operators and Consumers of Data Centre Infrastructure as they navigate complex business decisions. The team has first-hand experience in ‘cradle-to-grave’, lifecycle assessment, for Retail, Wholesale and Hyperscale platforms in both established and emerging markets.\r\n\r\nOur ‘Connected Thinking’ approach ensures end-to-end evaluation that optimises investment criteria with site selection, construction management, market intelligence, sales engineering and customer service levels. With a track record of delivery across a wide range of local, regional and international organisations with the common objective of operating profitably and providing the best end-user experience.','https://www.vipadigital.com/','VxqBQ2Ysglz9UvpTR2oFEk21CMr785XZvLSkjHn2.png',1,'2023-01-30 14:31:43','2023-05-09 18:47:19','Bronze Sponsor',37),(69,3,'Structure Research','Structure Research is an independent research and consulting firm with a specific focus on the cloud and data centre segments within the Internet infrastructure market. We are devoted to understanding, tracking and projecting the future of infrastructure service providers. Our mission is to publish the best research and analysis, and supply the most comprehensive data sets, about the Internet infrastructure services market. We provide the information and perspective necessary to make accurate strategic decisions.','https://structureresearch.net/','kTc2LWHWM86ask2ItGzYE4gmNbyHpNND6q9EFpmI.jpg',1,'2023-01-30 14:32:13','2023-05-09 18:47:19','Strategic Partner',39),(70,3,'PTC','PTC’s Annual Conference is a strategic springboard for the global communications industry, providing all attendees with a four-day platform to focus on planning, networking, and discovering what lies ahead for the ICT industry. Start the new year off right and join us in Honolulu, Hawaii on January 21-24, 2024, for the Pacific Rim’s premier telecommunications event, PTC’24.','https://events.thetechcapital.com/page/the-tech-capital-awards#','pwMXl96OGaJCxL5y29l7ylP9zQNc753Wr1hdUm93.jpg',1,'2023-01-30 14:32:38','2023-05-09 18:47:19','Strategic Partner',43),(71,3,'EdgeIR','Edge Industry Review (EdgeIR.com) is a news, analysis and industry resource website documenting the changes taking place on the edge of the internet infrastructure market – the present and the future of Edge Computing.\r\n\r\nToday, there are a variety of definitions of Edge Computing. We will cover the debates that are occurring and explain their implications for the network operator, data center operator, cloud provider and the people and investors that are building new services. As part of the discussion, we will also present the viewpoints of the thought leaders of the Edge Internet Economy.\r\n\r\nThe next Internet evolution is upon us and EdgeIR.com will be at the forefront with insightful news and commentary.','https://www.edgeir.com/','IrgBUTfICbDObMfEmgoz7TLZz5oNk06ilTO29pXO.jpg',1,'2023-01-30 14:33:05','2023-05-09 18:47:19','Media Partner',52),(72,3,'JSA','Jaymie Scotto & Associates (JSA) is the preeminent provider of Public Relations, Marketing and Event Planning services to the telecom, data center and tech industries. Awarded ‘Most Outstanding Telecoms PR Agency’ by LiveWire for two years. Our success is attributed to our skilled JSA team, innovative tools, established media and industry relationships. We deliver outreach and brand awareness services, the latest lead generation inbound marketing tactics done in a timely integrated marketing plan, offering optimal and measurable ROI.','https://www.jsa.net/','xuZnkp3obWk31biEFc0iIbZmtG4NhP0CwjxL8bw5.jpg',1,'2023-01-30 14:33:33','2023-05-09 18:47:19','Comms Partner',57),(73,3,'QScale','QScale develops environmentally responsible computing centers specifically designed for high-performance computing (HPC), supercomputing, and machine learning. The company’s Quebec City area campus (QScale Q01) is the first colocation facility in Canada to receive the OCP Ready™ recognition, attesting to its energy efficiency and scalability. QScale\'s technology infrastructures help meet the growing computing needs of global companies while enabling them to achieve their ESG objectives. QScale is a trademark of Fonds QScale S.E.C.','https://www.qscale.com/','qGayqluqHIooTkGZP3K0vBHE1Pc8zsqXd7XyIocx.jpg',1,'2023-02-04 14:21:19','2023-05-09 19:07:28','Silver Sponsor',24),(74,3,'Gulf Data Centre Association','The Gulf Data Centre Association (GDCA) is a trade organisation designed to promote the data centre sector for associated businesses operating in countries comprising the Gulf Cooperation Council (GCC).','https://gulfdca.com/','qHkM0S3NQe9KQo3Xs69y6OxW2JfP9VrKk1SE2cxb.jpg',1,'2023-02-04 14:26:20','2023-05-09 18:47:19','Middle East Partner',41),(75,3,'Nomad Futurist Foundation','The Nomad Futurist Foundation is a 501(c)(3) non-profit organization established to demystify the world of digital infrastructure and the related technologies that impact every aspect of our daily lives. Our primary focus is to empower and inspire younger generations through exposure to the underlying technologies that power our digital world. Through the contributions of our supporters, we are launching global programs in partnership with a range of education providers, NGOs and other nonprofit organizations committed to educating children in underprivileged communities.','https://www.nomadfuturist.com/','fMhAWIlJDaaJdaWwtf4nq8tju3yM7zJ88QrYS1I8.jpg',1,'2023-02-07 14:28:57','2023-05-09 18:47:19','Strategic Partner',49),(76,3,'Women in Datacenters Association','Details to follow soon...','https://www.linkedin.com/company/women-in-datacenters-association-wdca/','PUfg7oQfgFZNz34CBjwrlBM5Wvvr0NolneEGCTL6.png',1,'2023-03-20 10:32:40','2023-05-09 18:47:19','Equality Partner',45),(77,3,'Climate Neutral Data Centre Pact','The Climate Neutral Data Centre Pact brings together over 100 Data Centres operators and providers of cloud infrastructures services and 22 Sector Association across Europe representing the majority of all market actors in Europe. Established with the support of the European Commission and launched by Executive Vice President Timmermans in January 2021, the Pact is an unprecedented initiative by the data centre industry in Europe to proactively define and promote specific measures and targets to achieve climate neutrality across the sector by 2030.','https://www.climateneutraldatacentre.net/','UcRGsp9D8IVpvFf5OfAauVrfPLYEbcIAdeYtwdJR.png',1,'2023-03-20 12:14:35','2023-05-09 18:47:19','Climate Partner',50),(78,3,'CNet Training','International award-winning education company, CNet Training has been designing and delivering professional education programs since 1996. Today, officially the largest education provider dedicated to the digital infrastructure industry, comprising the data centre and network infrastructure sectors, CNet is recognised throughout the world for being the global industry leader and the only industry dedicated education provider to award both internationally recognised qualifications and professional certifications, starting at entry level through to a qualification level 7 Masters Degree program.\r\n\r\nA significant part of CNet’s history is the development of the highly acclaimed Global Digital Infrastructure Education Framework, which offers industry professionals an opportunity to plan data centre and network infrastructure education, qualifications and certifications to meet individual and business needs.\r\n\r\nCNet delivers programs in classroom locations across the world and via live Instructor-led remote attendance classes. So trusted is CNet’s expertise that it also designs and delivers vendor-specific programs for many of the world’s leading manufacturers of data centre and network infrastructure solutions.','https://www.cnet-training.com/','mhEj31fLTaYy1MGIVlDKEIfX3VMxpBiN9UXrfmjB.jpg',1,'2023-04-04 07:17:34','2023-05-09 18:47:19','Education & Skills Partner',46),(79,3,'InfraPartners','InfraPartners is a Data Center Total Solution company, our proprietary Data Center product offers a wide range of benefits. They are designed to reduce costs while delivering maximum performance. By pre-fabricating the data center environment and then installing it on-site, we avoid long installation times and reduce labor costs as well as the sourcing of highly skilled labor in remote locations. \r\n\r\nOur Solution is designed to be energy efficient and provide reliable security minimise waste during construction as well as circularity whilst reducing the carbon footprint against traditional construction methods by up to 75%. \r\n\r\nOur expert in-house design team has spent the past 2 years in research and development side by side with end users to create the most versatile, cost-effective, scalable, and robust Critical IT environment. Rightsizing CapEx, and OpEx as well as removing complexity from On-site installation our Products can be deployed by our in-house team in any location.','https://infrapartners.llc/','eFG5E5kHSEkTIsRGtNGy2LijI2Qw0i9lwL3w06GK.jpg',1,'2023-04-17 13:11:42','2023-05-09 18:47:19','Bronze Sponsor',38),(80,3,'Dutch Data Center Association','Dutch Data Center Association (DDA) is the trade association for data centers in the Netherlands, the bedrock of the Dutch economy. The DDA unites leading data centers in The Netherlands in a common mission: to strengthen the economic growth and awareness of the data center sector to government, media and society. \r\n\r\nThe DDA works from three focus areas: Energy & Sustainability, Education & Employment and Digital Economy & Mainport. We are committed to make the power usage of the industry more sustainable and efficient, and we focus on the reuse of data center residual heat. Furthermore, in close cooperation with education institutions, we create data center courses and enthuse students to choose a career in the data center industry. Lastly, we promote our industry and our position as Digital Gateway to Europe.\r\n\r\nWe also contribute to discussions about technical standards in the sector, and we actively facilitate our members and partners with information about relevant market developments during our (internal) events, publications and media channels.','https://www.dutchdatacenters.nl/en/','hhYSsiSgaDy1RipUesAQ8C6sBsKppR3NjQBvyVjV.jpg',1,'2023-04-17 13:57:52','2023-05-09 18:47:19','Association Partner',40),(81,3,'Schneider Electric','Schneider’s purpose is to empower all to make the most of our energy and resources, bridging progress and sustainability for all. At Schneider, we call this Life Is On.\r\n\r\nWe believe access to energy and digital is a basic human right. Our generation is facing a tectonic shift in energy transition and industrial revolution catalyzed by accelerated digitization in a more electric world. Electricity is the most efficient and best vector for decarbonization; combined with circular economy approach, we will achieve climate-positive impact as part of the United Nations Sustainable Development Goals.','https://www.se.com/uk/en/','31MQuZAqah7PO8HpfEgJJAgpDSNtkWAa0p0ke7Jq.jpg',1,'2023-04-24 12:33:56','2023-05-09 18:47:19','Hospitality Sponsor',35),(82,3,'Santander CIB','Banco Santander (SAN SM, STD US, BNC LN) is a leading commercial bank, founded in 1857 and headquartered in Spain. It has a meaningful presence in 10 core markets in the Europe, North America and South America regions, and is one of the largest banks in the world by market capitalization. Santander aims to be the best open financial services platform providing services to individuals, SMEs, corporates, financial institutions and governments. The bank’s purpose is to help people and businesses prosper in a simple, personal and fair way. Santander is building a more responsible bank and has made a number of commitments to support this objective, including raising €220 billion in green financing between 2019 and 2030. In the first quarter of 2023, Banco Santander had €1.2 trillion in total funds, 161 million customers, 9,000 branches and 210,000 employees.\r\n\r\nSantander Corporate & Investment Banking (Santander CIB) is Santander’s global division that supports corporate and institutional clients, offering tailored services and value-added wholesale products suited to their complexity and sophistication, as well as to responsible banking standards that contribute to the progress of society.','https://www.santandercib.com/','m7RXd9A9EHvgK41FxBiCS6JIfna0JmvUoTvAZGK0.png',1,'2023-05-05 15:40:58','2023-05-19 15:52:00','Bronze Sponsor',36),(83,3,'Spa Communications','At Spa, we believe that communications campaigns should result in positive, tangible outcomes that create influence at every stage of the buying cycle.\r\n \r\nTo achieve this, we use a multi-disciplined and strategic approach that combines creative storytelling with award-winning PR, Content Marketing and Social Media amplification.\r\n\r\nEstablished in 2003, we work with data centre and digital infrastructure businesses to disrupt, transform, and accelerate their market position.','https://spacomms.com/','r5wG6XiP3g03eAbkYodW6UcQMgh0SbaJqgx7wgXw.png',1,'2023-05-07 18:11:23','2023-05-09 18:47:19','Comms Partner',58),(84,3,'DigitalBridge','DigitalBridge (NYSE: DBRG) is a leading global digital infrastructure firm. With a heritage of over 25 years investing in and operating businesses across the digital ecosystem including cell towers, data centers, fiber, small cells, and edge infrastructure, the DigitalBridge team manages a $69 billion portfolio of digital infrastructure assets on behalf of its limited partners and shareholders. Headquartered in Boca Raton, DigitalBridge has key offices in New York, Los Angeles, London, Luxembourg and Singapore.','https://www.digitalbridge.com/','DzTPuypD1fFDs91lMYDNMECyFsEK2OHUD8sdq4aA.png',1,'2023-05-09 18:47:03','2023-05-10 21:54:05','Gold Sponsor',23),(97,4,'Great Business Minds Podcast','From idea to scale, we live in a new entrepreneurial age where leadership thinking needs to cut through the noise to deliver on a vision and blueprint to success. The Great Business Minds podcast goes inside the business with the leaders, inventors, investors, executives, trendspotters and visionaries of today to explore what it really takes to build a brand beyond conventional wisdom and disrupt the marketplace with the next big leap in entrepreneurship innovation. Seize the moment with host João Marques Lima, journalist and former editor-in-chief of FTSE 250 tech publications.','https://www.greatbusinessminds.com/','ca9kzaAwGHzQpQl7H4fvIk29qChrtRotu6dBkSVE.jpg',1,'2022-11-02 03:50:24','2023-05-10 21:56:56','Media Partner',55),(98,4,'Mondego Media Group','Providing specialised news solutions and other media and events services, Mondego Media Group (MMG) focuses on the tailored offering of intelligence and experiences for digital leaders, investors, and stakeholders. Our brands include The Tech Capital, the centre of breaking news for digital infrastructure.','https://thetechcapital.com/about-us/','UR1PcJD16s0Hic0RLZBbdYtKxs5l2hP5lM8DY6s1.jpg',1,'2022-11-02 03:51:31','2023-05-10 21:58:29','Production Partner',62),(99,4,'VIPA Digital','With an extensive sector knowledge, VIPA Digital is uniquely positioned to support Investors, Developers, Operators and Consumers of Data Centre Infrastructure as they navigate complex business decisions. The team has first-hand experience in ‘cradle-to-grave’, lifecycle assessment, for Retail, Wholesale and Hyperscale platforms in both established and emerging markets.\r\n\r\nOur ‘Connected Thinking’ approach ensures end-to-end evaluation that optimises investment criteria with site selection, construction management, market intelligence, sales engineering and customer service levels. With a track record of delivery across a wide range of local, regional and international organisations with the common objective of operating profitably and providing the best end-user experience.','https://www.vipadigital.com/','acSvBjXbR1EvwatiZUp2J488UkLfbVZbuqfYRGSh.png',1,'2023-01-30 14:17:20','2023-05-10 21:56:56','Category Sponsor',30),(100,4,'Structure Research','Structure Research is an independent research and consulting firm with a specific focus on the cloud and data centre segments within the Internet infrastructure market. We are devoted to understanding, tracking and projecting the future of infrastructure service providers. Our mission is to publish the best research and analysis, and supply the most comprehensive data sets, about the Internet infrastructure services market. We provide the information and perspective necessary to make accurate strategic decisions.','https://structureresearch.net/','Jk0co08uZWGBulZskub7ThAPj0pakp3cVU4iQq2D.jpg',1,'2023-01-30 14:19:57','2023-05-10 21:56:56','Strategic Partner',32),(101,4,'PTC','PTC’s Annual Conference is a strategic springboard for the global communications industry, providing all attendees with a four-day platform to focus on planning, networking, and discovering what lies ahead for the ICT industry. Start the new year off right and join us in Honolulu, Hawaii on January 21-24, 2024, for the Pacific Rim’s premier telecommunications event, PTC’24.','https://events.thetechcapital.com/page/the-tech-capital-awards#','5qMBVnySFdcVQPhJgkuT0ACcFflLT2qGlJfs1ml6.jpg',1,'2023-01-30 14:21:10','2023-05-10 21:56:56','Strategic Partner',42),(102,4,'Jaymie Scotto & Associates','Jaymie Scotto & Associates (JSA) is the preeminent provider of Public Relations, Marketing and Event Planning services to the telecom, data center and tech industries. Awarded ‘Most Outstanding Telecoms PR Agency’ by LiveWire for two years. Our success is attributed to our skilled JSA team, innovative tools, established media and industry relationships. We deliver outreach and brand awareness services, the latest lead generation inbound marketing tactics done in a timely integrated marketing plan, offering optimal and measurable ROI.','https://www.jsa.net/','2geKl2OSzeOd12oHYts5O3UiuLdZFYMFbVFjkd7e.jpg',1,'2023-01-30 14:21:50','2023-05-10 21:56:56','Media Partner',56),(103,4,'Edge Industry Review','Edge Industry Review (EdgeIR.com) is a news, analysis and industry resource website documenting the changes taking place on the edge of the internet infrastructure market – the present and the future of Edge Computing.\r\n\r\nToday, there are a variety of definitions of Edge Computing. We will cover the debates that are occurring and explain their implications for the network operator, data center operator, cloud provider and the people and investors that are building new services. As part of the discussion, we will also present the viewpoints of the thought leaders of the Edge Internet Economy.\r\n\r\nThe next Internet evolution is upon us and EdgeIR.com will be at the forefront with insightful news and commentary.','https://www.edgeir.com/','x35A7Gdze5o4GqpnEfZbhKJqdaTguGZ00faHm19W.jpg',1,'2023-01-30 14:26:45','2023-05-10 21:56:56','Media Partner',53),(104,4,'Gulf Data Centre Association','The Gulf Data Centre Association (GDCA) is a trade organisation designed to promote the data centre sector for associated businesses operating in countries comprising the Gulf Cooperation Council (GCC).','https://gulfdca.com/','jzlonO3un6uHpjbAfmURkiftRD0YMTVGRsozGNqS.jpg',1,'2023-02-04 14:29:06','2023-05-10 21:56:56','MIDDLE EAST PARTNER',34),(105,4,'Nomad Futurist Foundation','The Nomad Futurist Foundation is a 501(c)(3) non-profit organization established to demystify the world of digital infrastructure and the related technologies that impact every aspect of our daily lives. Our primary focus is to empower and inspire younger generations through exposure to the underlying technologies that power our digital world. Through the contributions of our supporters, we are launching global programs in partnership with a range of education providers, NGOs and other nonprofit organizations committed to educating children in underprivileged communities.','https://www.nomadfuturist.com/','fklTqUESCldtd2hKoStRVezUTBXvS4FcDyxFFqvn.jpg',1,'2023-02-07 14:30:29','2023-05-10 21:56:56','Strategic partner',48),(106,4,'Climate Neutral Data Centre Pact','The Climate Neutral Data Centre Pact brings together over 100 Data Centres operators and providers of cloud infrastructures services and 22 Sector Association across Europe representing the majority of all market actors in Europe. Established with the support of the European Commission and launched by Executive Vice President Timmermans in January 2021, the Pact is an unprecedented initiative by the data centre industry in Europe to proactively define and promote specific measures and targets to achieve climate neutrality across the sector by 2030.','https://www.climateneutraldatacentre.net/','LQmNaR9R1IY3y18vxZG7Jnh6CO7DR6RyBU8woLBn.png',1,'2023-03-20 12:16:52','2023-05-10 21:56:56','Climate Partner',51),(107,4,'WOMEN IN DATACENTERS ASSOCIATION','Details to follow soon...','https://www.linkedin.com/company/women-in-datacenters-association-wdca/','zC942WKYpUnu3VqDKzqsVT44JjkuVHgMy6zUxjr7.png',1,'2023-03-20 12:17:40','2023-05-10 21:56:56','Equality Partner',44),(108,4,'InfraPartners','InfraPartners is a Data Center Total Solution company, our proprietary Data Center product offers a wide range of benefits. They are designed to reduce costs while delivering maximum performance. By pre-fabricating the data center environment and then installing it on-site, we avoid long installation times and reduce labor costs as well as the sourcing of highly skilled labor in remote locations.\r\n\r\nOur Solution is designed to be energy efficient and provide reliable security minimise waste during construction as well as circularity whilst reducing the carbon footprint against traditional construction methods by up to 75%.\r\n\r\nOur expert in-house design team has spent the past 2 years in research and development side by side with end users to create the most versatile, cost-effective, scalable, and robust Critical IT environment. Rightsizing CapEx, and OpEx as well as removing complexity from On-site installation our Products can be deployed by our in-house team in any location.','https://infrapartners.llc/','VC14Ita4comvrXmEUSEgXDmPft2lvyoEabIeNeL1.jpg',1,'2023-04-17 13:37:09','2023-05-10 21:56:56','Category Sponsor',31),(109,4,'Dutch Data Center Association','Dutch Data Center Association (DDA) is the trade association for data centers in the Netherlands, the bedrock of the Dutch economy. The DDA unites leading data centers in The Netherlands in a common mission: to strengthen the economic growth and awareness of the data center sector to government, media and society. \r\n\r\nThe DDA works from three focus areas: Energy & Sustainability, Education & Employment and Digital Economy & Mainport. We are committed to make the power usage of the industry more sustainable and efficient, and we focus on the reuse of data center residual heat. Furthermore, in close cooperation with education institutions, we create data center courses and enthuse students to choose a career in the data center industry. Lastly, we promote our industry and our position as Digital Gateway to Europe.\r\n\r\nWe also contribute to discussions about technical standards in the sector, and we actively facilitate our members and partners with information about relevant market developments during our (internal) events, publications and media channels.','https://www.dutchdatacenters.nl/en','JdwN5dwZkwYkAwOcBLMpRfWSDyIPR2l7m3U4lTs2.jpg',1,'2023-04-17 13:59:20','2023-05-10 21:56:56','Association Partner',33),(110,4,'Schneider Electric','Schneider’s purpose is to empower all to make the most of our energy and resources, bridging progress and sustainability for all. At Schneider, we call this Life Is On.\r\n\r\nWe believe access to energy and digital is a basic human right. Our generation is facing a tectonic shift in energy transition and industrial revolution catalyzed by accelerated digitization in a more electric world. Electricity is the most efficient and best vector for decarbonization; combined with circular economy approach, we will achieve climate-positive impact as part of the United Nations Sustainable Development Goals.','https://www.se.com/uk/en/','iampz4m4tmcRCC0zsHuNIoA0VT21fe0cBIYistc9.jpg',1,'2023-04-24 12:35:37','2023-04-24 12:35:54','Hospitality Sponsor',25),(111,4,'CNet Training','International award-winning education company, CNet Training has been designing and delivering professional education programs since 1996. Today, officially the largest education provider dedicated to the digital infrastructure industry, comprising the data centre and network infrastructure sectors, CNet is recognised throughout the world for being the global industry leader and the only industry dedicated education provider to award both internationally recognised qualifications and professional certifications, starting at entry level through to a qualification level 7 Masters Degree program.\r\n\r\nA significant part of CNet’s history is the development of the highly acclaimed Global Digital Infrastructure Education Framework, which offers industry professionals an opportunity to plan data centre and network infrastructure education, qualifications and certifications to meet individual and business needs.\r\n\r\nCNet delivers programs in classroom locations across the world and via live Instructor-led remote attendance classes. So trusted is CNet’s expertise that it also designs and delivers vendor-specific programs for many of the world’s leading manufacturers of data centre and network infrastructure solutions.','https://www.cnet-training.com/','tErdwsuDODOnB66sAEkUqF7tfQntolKMJi2rJ2DI.jpg',1,'2023-04-24 14:06:15','2023-05-10 21:56:56','Education & Skills Partner',47),(112,4,'DigitalBridge','DigitalBridge (NYSE: DBRG) is a leading global digital infrastructure firm. With a heritage of over 25 years investing in and operating businesses across the digital ecosystem including cell towers, data centers, fiber, small cells, and edge infrastructure, the DigitalBridge team manages a $69 billion portfolio of digital infrastructure assets on behalf of its limited partners and shareholders. Headquartered in Boca Raton, DigitalBridge has key offices in New York, Los Angeles, London, Luxembourg and Singapore.','https://www.digitalbridge.com/','XYJ0mOdtJmnDkzt2JdcCwH353hciN7JpBUegWnbG.png',1,'2023-05-10 21:56:41','2023-05-10 21:56:56','Category Sponsor',26),(113,4,'Spa Communications','At Spa, we believe that communications campaigns should result in positive, tangible outcomes that create influence at every stage of the buying cycle.\r\n\r\nTo achieve this, we use a multi-disciplined and strategic approach that combines creative storytelling with award-winning PR, Content Marketing and Social Media amplification.\r\n\r\nEstablished in 2003, we work with data centre and digital infrastructure businesses to disrupt, transform, and accelerate their market position.','https://spacomms.com/','NLAZxh8qUZ2XVLzd9rwohIHJM6y16K6QKrlM4GEE.png',1,'2023-05-10 21:58:18','2023-05-10 21:58:29','Media Partner',61);

--
-- Table structure for table `testimonials`
--

CREATE TABLE `testimonials` (
  `id` bigint unsigned NOT NULL AUTO_INCREMENT,
  `page_id` bigint unsigned DEFAULT NULL,
  `name` varchar(100) CHARACTER SET utf8mb4 COLLATE utf8mb4_unicode_ci NOT NULL,
  `quote` text CHARACTER SET utf8mb4 COLLATE utf8mb4_unicode_ci NOT NULL,
  `position` varchar(100) CHARACTER SET utf8mb4 COLLATE utf8mb4_unicode_ci NOT NULL,
  `created_at` timestamp NULL DEFAULT NULL,
  `updated_at` timestamp NULL DEFAULT NULL,
  PRIMARY KEY (`id`),
  KEY `testimonials_page_id_foreign` (`page_id`),
  CONSTRAINT `testimonials_page_id_foreign` FOREIGN KEY (`page_id`) REFERENCES `pages` (`id`) ON DELETE CASCADE
) ENGINE=InnoDB AUTO_INCREMENT=3 DEFAULT CHARSET=utf8mb4 COLLATE=utf8mb4_unicode_ci;

--
-- Dumping data for table `testimonials`
--

INSERT INTO `testimonials` VALUES (1,NULL,'João Marques Lima','At The Tech Capital we want to offer the digital infrastructure community as many opportunities to learn, debate and connect in order to sustainably build this critical sector further.','Founder & Editor at The Tech Capital','2023-09-18 10:38:07','2023-09-18 10:38:07'),(2,6,'Jonathan Morgan','Lorem ipsum dolor sit amet, consectetur adipiscing elit. Donec ut nisl non purus varius lobortis. Morbi et interdum tortor, in porttitor odio. In nulla justo, eleifend et iaculis sed, feugiat eu arcu.','CEO Vivid Servers Ltd','2023-09-18 11:13:59','2023-09-19 11:09:58');

--
-- Table structure for table `to_dos`
--

CREATE TABLE `to_dos` (
  `id` bigint unsigned NOT NULL AUTO_INCREMENT,
  `page_id` bigint unsigned NOT NULL,
  `name` varchar(100) CHARACTER SET utf8mb4 COLLATE utf8mb4_unicode_ci NOT NULL,
  `address` varchar(1000) CHARACTER SET utf8mb4 COLLATE utf8mb4_unicode_ci NOT NULL,
  `map` varchar(200) CHARACTER SET utf8mb4 COLLATE utf8mb4_unicode_ci DEFAULT NULL,
  `description` text CHARACTER SET utf8mb4 COLLATE utf8mb4_unicode_ci NOT NULL,
  `group` varchar(20) CHARACTER SET utf8mb4 COLLATE utf8mb4_unicode_ci NOT NULL,
  `website` varchar(200) CHARACTER SET utf8mb4 COLLATE utf8mb4_unicode_ci DEFAULT NULL,
  `filename` varchar(100) CHARACTER SET utf8mb4 COLLATE utf8mb4_unicode_ci NOT NULL,
  `status` tinyint unsigned NOT NULL,
  `created_at` timestamp NULL DEFAULT NULL,
  `updated_at` timestamp NULL DEFAULT NULL,
  PRIMARY KEY (`id`),
  KEY `to_dos_page_id_foreign` (`page_id`),
  CONSTRAINT `to_dos_page_id_foreign` FOREIGN KEY (`page_id`) REFERENCES `pages` (`id`) ON DELETE CASCADE
) ENGINE=InnoDB AUTO_INCREMENT=3 DEFAULT CHARSET=utf8mb4 COLLATE=utf8mb4_unicode_ci;

--
-- Dumping data for table `to_dos`
--

INSERT INTO `to_dos` VALUES (1,6,'Harry Potter Warner Bros Studio Tour','Studio Tour Dr, Leavesden, Watford, WD25 7LR','https://goo.gl/maps/djFuc8Kg6GTQahyL7','The Harry Potter Warner Bros Studio Tour offers an immersive experience into the magical world of Harry Potter. Visitors explore real sets, costumes and props used in the making of the films. They can discover how the special effects were created, walk down Diagon Alley and even try a Butterbeer! With digital audio guides and interactive elements, the tour is an unforgettable magical adventure.','attractions','https://www.wbstudiotour.co.uk/','B7QGnOQr8pvrBo61fV1mk8nKEujEHd7wB20laJe9.jpg',1,'2023-09-08 13:12:51','2023-09-11 09:11:33'),(2,6,'The London Eye','Riverside Building, County Hall, London SE1 7PB','https://goo.gl/maps/9be8JNdaqtLkscLq6','The London Eye is an iconic attraction on the banks of the River Thames. It provides a special experience, with a unique view of London, from the highest observation wheel in Europe. Visitors can look out over some of the city\'s most famous landmarks, whilst gliding in one of the 32 capsules. Designed to last 125yrs, the Eye is a must see!','attractions','https://www.londoneye.com/','csPEMSKBAD6eByUf0amW7YDuWzag3wvd0NRKWTe8.jpg',1,'2023-09-08 13:18:57','2023-09-11 09:00:02');

--
-- Table structure for table `transactions`
--

CREATE TABLE `transactions` (
  `id` bigint unsigned NOT NULL AUTO_INCREMENT,
  `registration_id` bigint unsigned NOT NULL,
  `reference` varchar(100) CHARACTER SET utf8mb4 COLLATE utf8mb4_unicode_ci NOT NULL,
  `gateway` varchar(20) CHARACTER SET utf8mb4 COLLATE utf8mb4_unicode_ci NOT NULL,
  `amount` decimal(10,2) NOT NULL,
  `created_at` timestamp NULL DEFAULT NULL,
  `updated_at` timestamp NULL DEFAULT NULL,
  PRIMARY KEY (`id`),
  KEY `transactions_registration_id_foreign` (`registration_id`),
  CONSTRAINT `transactions_registration_id_foreign` FOREIGN KEY (`registration_id`) REFERENCES `registrations` (`id`) ON DELETE CASCADE
) ENGINE=InnoDB AUTO_INCREMENT=2 DEFAULT CHARSET=utf8mb4 COLLATE=utf8mb4_unicode_ci;

--
-- Dumping data for table `transactions`
--

INSERT INTO `transactions` VALUES (1,321,'ab12345','stripe',100.00,'2023-09-14 07:41:38','2023-09-14 07:41:38');

--
-- Table structure for table `travel`
--

CREATE TABLE `travel` (
  `id` bigint unsigned NOT NULL AUTO_INCREMENT,
  `page_id` bigint unsigned NOT NULL,
  `name` varchar(100) CHARACTER SET utf8mb4 COLLATE utf8mb4_unicode_ci NOT NULL,
  `description` text CHARACTER SET utf8mb4 COLLATE utf8mb4_unicode_ci NOT NULL,
  `website` varchar(200) CHARACTER SET utf8mb4 COLLATE utf8mb4_unicode_ci DEFAULT NULL,
  `icon` varchar(20) CHARACTER SET utf8mb4 COLLATE utf8mb4_unicode_ci NOT NULL,
  `status` tinyint unsigned NOT NULL,
  `created_at` timestamp NULL DEFAULT NULL,
  `updated_at` timestamp NULL DEFAULT NULL,
  PRIMARY KEY (`id`),
  KEY `travel_page_id_foreign` (`page_id`),
  CONSTRAINT `travel_page_id_foreign` FOREIGN KEY (`page_id`) REFERENCES `pages` (`id`) ON DELETE CASCADE
) ENGINE=InnoDB AUTO_INCREMENT=4 DEFAULT CHARSET=utf8mb4 COLLATE=utf8mb4_unicode_ci;

--
-- Dumping data for table `travel`
--

INSERT INTO `travel` VALUES (1,6,'By Air','Lorem ipsum dolor sit amet, consectetur adipiscing elit. Suspendisse pretium mattis quam, at commodo purus. Integer non lectus tincidunt, rutrum lorem vel, pretium nibh. Vestibulum gravida lectus eget est tincidunt tristique. Donec facilisis diam nec lectus pharetra hendrerit.','https://heathrow.com','airplane',1,'2023-09-08 11:55:50','2023-09-08 11:55:50'),(2,6,'By Train','Lorem ipsum dolor sit amet, consectetur adipiscing elit. Suspendisse pretium mattis quam, at commodo purus. Integer non lectus tincidunt, rutrum lorem vel, pretium nibh. Vestibulum gravida lectus eget est tincidunt tristique. Donec facilisis diam nec lectus pharetra hendrerit.','https://nationalrail.co.uk','train',1,'2023-09-08 11:56:12','2023-09-08 11:56:12'),(3,6,'By Taxi','Lorem ipsum dolor sit amet, consectetur adipiscing elit. Suspendisse pretium mattis quam, at commodo purus. Integer non lectus tincidunt, rutrum lorem vel, pretium nibh. Vestibulum gravida lectus eget est tincidunt tristique. Donec facilisis diam nec lectus pharetra hendrerit.',NULL,'taxi',1,'2023-09-08 11:56:57','2023-09-08 12:39:28');


